INSERT INTO `nttucloud2017_main` VALUES (706,'2017-10-25 15:54:02','2017-10-25 23:54:02',NULL,'2017-10-24 00:00:00','2038-01-01 00:00:00',45,59,NULL,NULL,NULL,NULL,NULL,1024,NULL,NULL,NULL,'眼睛杯 (守護與靈性)',NULL,'<p>\r\n	一圈一圈，關於無怨無悔的守候，用琉璃珠和陶杯說故事給你聽&hellip;</p>\r\n<p>\r\n	蜻蜓之珠，牽繫守護與靈性。</p>\r\n<p>\r\n	模仿蜻蜓一雙雙鬱綠的複眼，迷濛中帶著讓人猜不透的深邃。鑲嵌在台東釋迦或漂流木灰釉燒製的美麗陶杯上，始終靈巧專注地凝視著，成為排灣族文化裡最終誠的守護。</p>\r\n<p>\r\n	<img alt=\"\" src=\"/userUpload/images/%E7%9C%BC%E7%9D%9B%E6%9D%AF01(%E5%AE%88%E8%AD%B7%E8%88%87%E9%9D%88%E6%80%A7).jpg\" style=\"width: 188px; height: 141px;\" /></p>\r\n<p>\r\n	<img alt=\"\" src=\"/userUpload/images/%E7%9C%BC%E7%9D%9B%E6%9D%AF02(%E5%AE%88%E8%AD%B7%E8%88%87%E9%9D%88%E6%80%A7).jpg\" style=\"width: 360px; height: 269px;\" /></p>\r\n<p>\r\n	<img alt=\"\" src=\"/userUpload/images/%E7%9C%BC%E7%9D%9B%E6%9D%AF03(%E5%AE%88%E8%AD%B7%E8%88%87%E9%9D%88%E6%80%A7).jpg\" style=\"width: 276px; height: 198px;\" /></p>\r\n<p style=\"text-align: right;\">\r\n	尺寸</p>\r\n<p style=\"text-align: right;\">\r\n	杯：直徑65 mm、高80mm</p>\r\n<p style=\"text-align: right;\">\r\n	盤：直徑135mm</p>\r\n','會說故事的杯子系列','',0,'20171025眼睛杯02(守護與靈性).jpg',20877,NULL,NULL,NULL,NULL,NULL,1002,NULL,1,NULL,NULL,'111.242.191.11',NULL,NULL,NULL,NULL,NULL,NULL),(707,'2017-10-25 15:53:42','2017-10-25 23:53:42',NULL,'2017-10-24 00:00:00','2038-01-01 00:00:00',45,59,NULL,NULL,NULL,NULL,NULL,1024,NULL,NULL,NULL,'勇士杯 (英勇的榮耀)',NULL,'<p>\r\n	蓄勢迷人的勇氣，永存自我最榮譽的剎那，用琉璃珠和陶杯說故事給你聽&hellip;</p>\r\n<p>\r\n	勇士之珠，綻放英勇的榮耀。</p>\r\n<p>\r\n	排灣族階級制度分明，唯有凱旋歸來最勇敢果斷的部落戰士，才能佩戴那榮譽的記號。</p>\r\n<p>\r\n	這一仗，為誰而戰？</p>\r\n<p>\r\n	跨越困境、超越理想，在艷陽下迎接自我璀璨的凱旋。</p>\r\n<p>\r\n	<img alt=\"\" src=\"/userUpload/images/%E5%8B%87%E5%A3%AB%E6%9D%AF01(%E8%8B%B1%E5%8B%87%E7%9A%84%E6%A6%AE%E8%80%80).jpg\" style=\"width: 408px; height: 306px;\" /><img alt=\"\" src=\"/userUpload/images/%E5%8B%87%E5%A3%AB%E6%9D%AF02(%E8%8B%B1%E5%8B%87%E7%9A%84%E6%A6%AE%E8%80%80).jpg\" style=\"width: 276px; height: 198px;\" /></p>\r\n<p style=\"text-align: right;\">\r\n	尺寸</p>\r\n<p style=\"text-align: right;\">\r\n	杯：直徑65 mm、高80mm</p>\r\n<p style=\"text-align: right;\">\r\n	盤：直徑135mm</p>\r\n','會說故事的杯子系列','',0,'20171025勇士杯01(英勇的榮耀).jpg',19522,NULL,NULL,NULL,NULL,NULL,1005,NULL,1,NULL,NULL,'111.242.191.11',NULL,NULL,NULL,NULL,NULL,NULL),(708,'2017-10-25 15:53:56','2017-10-25 23:53:56',NULL,'2017-10-24 00:00:00','2038-01-01 00:00:00',45,59,NULL,NULL,NULL,NULL,NULL,1024,NULL,NULL,NULL,'土地杯 (財富與勢力)',NULL,'<p>\r\n	螞蟻搬運著珠子，滾動滾動，宣示擁有的家園與土壤，用琉璃珠和陶杯說故事給你聽&hellip;</p>\r\n<p>\r\n	土地之珠，奠定財富與勢力。</p>\r\n<p>\r\n	頭目循著螞蟻的行徑，意外發現許多美麗的珠子。於是協助螞蟻搬運，將珠子築落在蟻窩的兩頭。從此，頭目宣稱以珠子為記號的這段土地為其所有，土地之珠，也有了象徵土地所有權狀的功用。</p>\r\n<p>\r\n	<img alt=\"\" src=\"/userUpload/images/%E5%9C%9F%E5%9C%B0%E6%9D%AF01(%E8%B2%A1%E5%AF%8C%E8%88%87%E5%8B%A2%E5%8A%9B).jpg\" style=\"width: 408px; height: 306px;\" /><img alt=\"\" src=\"/userUpload/images/%E5%9C%9F%E5%9C%B0%E6%9D%AF02(%E8%B2%A1%E5%AF%8C%E8%88%87%E5%8B%A2%E5%8A%9B).jpg\" style=\"width: 274px; height: 190px;\" /></p>\r\n<p style=\"text-align: right;\">\r\n	尺寸</p>\r\n<p style=\"text-align: right;\">\r\n	杯：直徑65 mm、高80mm</p>\r\n<p style=\"text-align: right;\">\r\n	盤：直徑135mm</p>\r\n','會說故事的杯子系列','',0,'20171025土地杯01(財富與勢力).jpg',17240,NULL,NULL,NULL,NULL,NULL,1003,NULL,1,NULL,NULL,'111.242.191.11',NULL,NULL,NULL,NULL,NULL,NULL),(709,'2017-10-25 15:54:15','2017-10-25 23:54:15',NULL,'2017-10-24 00:00:00','2038-01-01 00:00:00',45,59,NULL,NULL,NULL,NULL,NULL,1024,NULL,NULL,NULL,'原味之鄉',NULL,'<p>\r\n	幾何的菱紋圖騰，兩種巧緻的把手，低調樸實的台東釋迦灰釉與漂流木灰釉色澤。</p>\r\n<p>\r\n	動與靜之間，每一樣細節中都流露著原住民血統裡潛伏的美感。</p>\r\n<p>\r\n	就讓我們用最特別的杯子品嘗初始的味道。</p>\r\n<p>\r\n	原來生活的美好，</p>\r\n<p>\r\n	就在原住民圖騰線條的動感與陶燒灰釉的寧靜之間。</p>\r\n<p>\r\n	<img alt=\"\" src=\"/userUpload/images/%E5%8E%9F%E5%91%B3%E4%B9%8B%E9%84%8901.jpg\" style=\"width: 408px; height: 306px;\" /><img alt=\"\" src=\"/userUpload/images/%E5%8E%9F%E5%91%B3%E4%B9%8B%E9%84%8902.jpg\" style=\"width: 276px; height: 198px;\" /></p>\r\n<p style=\"text-align: right;\">\r\n	尺寸</p>\r\n<p style=\"text-align: right;\">\r\n	直徑：75 mm</p>\r\n<p style=\"text-align: right;\">\r\n	高：60 mm</p>\r\n','幾何的菱紋圖騰，兩種巧緻的把手，低調樸實的台東釋迦灰釉與漂流木灰釉色澤。','',0,'20171025原味之鄉01.jpg',34960,NULL,NULL,NULL,NULL,NULL,1001,NULL,1,NULL,NULL,'111.242.191.11',NULL,NULL,NULL,NULL,NULL,NULL),(710,'2017-10-24 13:35:19','2017-10-24 21:31:39',NULL,NULL,NULL,45,684,NULL,1,NULL,NULL,NULL,1,4096,NULL,NULL,'平面媒體','','',NULL,NULL,NULL,NULL,NULL,NULL,NULL,NULL,NULL,NULL,10000,NULL,0,NULL,NULL,'1.175.15.36',NULL,0,NULL,NULL,NULL,NULL),(711,'2017-10-24 13:35:22','2017-10-24 21:28:02',NULL,NULL,NULL,45,684,NULL,1,NULL,NULL,NULL,1,16,NULL,NULL,'影音媒體','','',NULL,NULL,NULL,NULL,NULL,NULL,NULL,NULL,NULL,NULL,10000,NULL,0,NULL,NULL,'1.175.15.36',NULL,0,NULL,NULL,NULL,NULL),(712,'2017-10-24 13:35:12','2017-10-24 21:33:54',NULL,'2017-10-24 00:00:00','2038-01-01 00:00:00',45,710,NULL,NULL,NULL,NULL,NULL,1024,NULL,NULL,NULL,'1',NULL,'<p>\r\n	This is some sample text</p>\r\n','','',380709,'20171024plan20161312.JPG',380709,NULL,NULL,NULL,NULL,NULL,1000,NULL,0,NULL,NULL,'1.175.15.36',NULL,NULL,NULL,NULL,NULL,NULL),(713,'2017-10-24 14:14:18','2017-10-24 22:14:18',NULL,'2017-10-24 00:00:00','2038-01-01 00:00:00',45,684,NULL,NULL,NULL,NULL,NULL,1024,NULL,NULL,NULL,'',NULL,'    <div class=\"container\">\r\n        <div id=\"header\" class=\"row\">\r\n            <h2 style=\"text-align:center\">平面報導</h2>\r\n            <h3 style=\"text-align:center\">感謝各大媒體支持</h3>\r\n            <hr />\r\n        </div>\r\n        <div class=\"row\">\r\n            <div class=\"col-md-4\">\r\n                <a href=\"http://m.ltn.com.tw/news/local/paper/1140979\">\r\n                    <img src=\"http://210.240.164.114:8000/ninebird_beta/ninebird_web/shopping/600_185.jpg\"\r\n                         class=\"img-responsive img-thumbnail\" />\r\n                </a>\r\n                <p class=\"item_tilte\">〈南部〉捏陶找到新人生 布農勇士首展成遺作</p>\r\n            </div>\r\n            <div class=\"col-md-4\">\r\n                <a href=\"http://www.cna.com.tw/postwrite/Detail/221344.aspx#.We9HjWiCzIU\">\r\n                    <img src=\"http://210.240.164.114:8000/ninebird_beta/ninebird_web/shopping/S__3334439.jpg\"\r\n                         class=\"img-responsive img-thumbnail\" />\r\n                </a>\r\n                <p class=\"item_tilte\">陶遇─美麗的靈魂</p>\r\n            </div>\r\n            <div class=\"col-md-4\">\r\n                <a href=\"http://www.echotaitung.net/index.php/achievement/423-plan201613\">\r\n                    <img src=\"http://210.240.164.114:8000/ninebird_beta/ninebird_web/shopping/plan20161312.JPG\"\r\n                         class=\"img-responsive img-thumbnail\" />\r\n                </a>\r\n                <p class=\"item_tilte\">陶藝Ｘ山居生活-九鳥陶燒工作室</p>\r\n            </div>\r\n\r\n        </div>\r\n        <hr />\r\n    </div>\r\n    <div class=\"container\">\r\n        <div id=\"header\" class=\"row\">\r\n            <h2 style=\"text-align:center\">影音報導</h2>\r\n            <h3 style=\"text-align:center\">感謝各大媒體支持</h3>\r\n            <hr />\r\n        </div>\r\n        <div class=\"row\">\r\n            <div class=\"col-md-4\">\r\n                <iframe width=\"100%\" height=\"315px\" src=\"https://www.youtube.com/embed/geL3lCwbWBY\"\r\n                        frameborder=\"0\" allowfullscreen></iframe>\r\n                <p class=\"item_tilte\">20171008 九鳥陶燒聯展 創作人一離世一罹怪病</p>\r\n            </div>\r\n            <div class=\"col-md-4\">\r\n                <iframe src=\"https://www.facebook.com/plugins/video.php?href=https%3A%2F%2Fwww.facebook.com%2F100002671610062%2Fvideos%2F1026660364099674%2F&show_text=0&width=560\"\r\n                        width=\"100%\" height=\"315px\" style=\"border:none;overflow:hidden\" scrolling=\"no\" frameborder=\"0\" allowTransparency=\"true\" allowFullScreen=\"true\"></iframe>\r\n                <p class=\"item_tilte\">進擊的台灣 - 九鳥陶燒</p>\r\n            </div>\r\n        </div>\r\n    </div>\r\n    <style>\r\n        div>div>div>a>img{\r\n            width:720px;\r\n            height:250px !important; \r\n        }\r\n        .item_tilte {\r\n            text-align:center;\r\n            font-size:20px;\r\n        }\r\n    </style>\r\n','','',0,NULL,NULL,NULL,NULL,NULL,NULL,NULL,1000,NULL,1,NULL,NULL,'1.175.15.36',NULL,NULL,NULL,NULL,NULL,NULL),(714,'2017-10-25 15:50:20','2017-10-25 23:50:20',NULL,'2017-10-24 00:00:00','2038-01-01 00:00:00',254,263,NULL,NULL,NULL,NULL,NULL,1024,NULL,NULL,NULL,'好事日常愛心公益水餃(豬肉)',NULL,'<p>\r\n	<img align=\"top\" alt=\"愛心公益水餃\" hspace=\"20px\" src=\"/userUpload/images/%E7%81%B6%E5%92%96/%E6%B0%B4%E9%A4%832.jpg\" style=\"width: 450px; height: 337px; float: left; border：30px;\" vspace=\"20px\" /></p>\r\n<p>\r\n	&nbsp;</p>\r\n<p>\r\n	<span style=\"font-size:16px;\">肥嫩飽滿的水餃載著鮮甜的豬肉、高麗菜等食材，不僅滿足口腹之慾，亦品嘗到在地的美味。 </span></p>\r\n<p>\r\n	<span style=\"font-size:16px;\">每份水餃固定為10顆一份。</span></p>\r\n','','',0,NULL,NULL,NULL,NULL,NULL,NULL,NULL,2000,NULL,1,NULL,NULL,'110.28.136.243',NULL,NULL,NULL,NULL,NULL,NULL),(715,'2017-10-25 05:24:21','2017-10-25 13:24:21',NULL,'2017-10-25 00:00:00','2038-01-01 00:00:00',125,295,NULL,NULL,NULL,NULL,NULL,1024,NULL,NULL,NULL,'E.鳳梨饗宴',NULL,'<div>\r\n	<div style=\"text-align: center;\">\r\n		<font color=\"#008b8b\"><span style=\"font-size: 18px;\"><b>大武山下的有機農場，短暫走訪必選行程</b></span></font></div>\r\n	<div style=\"text-align: center;\">\r\n		<font color=\"#008b8b\"><span style=\"font-size: 18px;\"><b>聽聽農場故事與理念</b></span></font></div>\r\n	<div style=\"text-align: center;\">\r\n		<font color=\"#008b8b\"><span style=\"font-size: 18px;\"><b>品嘗手工限量鳳品嘗手工限量鳳藜酥</b></span></font></div>\r\n	<div style=\"text-align: center;\">\r\n		<font color=\"#008b8b\"><span style=\"font-size: 18px;\"><b>配上濃郁酸香的的有機鳳梨汁</b></span></font></div>\r\n	<div style=\"text-align: center;\">\r\n		<font color=\"#008b8b\"><span style=\"font-size: 18px;\"><b>100%低溫烘乾的ㄧ的天然鳳梨果乾</b></span></font></div>\r\n	<div style=\"text-align: center;\">\r\n		<font color=\"#008b8b\"><span style=\"font-size: 18px;\"><b>食材的天的天然與原味，才知農家的真心!</b></span></font></div>\r\n</div>\r\n<p style=\"text-align: center;\">\r\n	<img alt=\"\" src=\"/userUpload/images/pineeat.jpg\" style=\"width: 800px; height: 533px;\" /></p>\r\n<p style=\"text-align: center;\">\r\n	<strong><span style=\"color: rgb(0, 139, 139);\"><span style=\"font-size: 18px;\"><img alt=\"enlightened\" height=\"20\" src=\"http://ecloud.ewang.com.tw/Store/ckeditor/plugins/smiley/images/lightbulb.gif\" title=\"enlightened\" width=\"20\" />活動時間：約1小時</span></span></strong></p>\r\n<p style=\"text-align: center;\">\r\n	<strong><span style=\"color: rgb(0, 139, 139);\"><span style=\"font-size: 18px;\"><img alt=\"enlightened\" height=\"20\" src=\"http://ecloud.ewang.com.tw/Store/ckeditor/plugins/smiley/images/lightbulb.gif\" title=\"enlightened\" width=\"20\" />活動費用：150元 / 人</span></span></strong></p>\r\n<div style=\"text-align: center;\">\r\n	<strong><span style=\"color: rgb(0, 139, 139);\"><span style=\"font-size: 18px;\"><img alt=\"enlightened\" height=\"20\" src=\"http://ecloud.ewang.com.tw/Store/ckeditor/plugins/smiley/images/lightbulb.gif\" title=\"enlightened\" width=\"20\" />活動內容：</span></span></strong><font color=\"#008b8b\"><span style=\"font-size: 18px;\"><b>品嘗鳳梨自然原味</b></span></font></div>\r\n','','',0,'20171025pineeat.jpg',113615,NULL,NULL,NULL,NULL,NULL,4000,NULL,1,NULL,NULL,'180.217.221.37',NULL,NULL,NULL,NULL,NULL,NULL),(716,'2017-10-25 16:31:10','2017-10-26 00:31:10',NULL,'2017-10-25 00:00:00','2038-01-01 00:00:00',254,263,NULL,NULL,NULL,NULL,NULL,1024,NULL,NULL,NULL,'阿粨(豬肉)',NULL,'<p>\r\n	<img align=\"top\" alt=\"阿粨(豬肉)\" hspace=\"20px\" src=\"/userUpload/images/%E7%81%B6%E5%92%96/%E9%98%BF%E7%B2%A8.jpg\" style=\"width: 450px; height: 450px; float: left; border：30px;\" vspace=\"20px\" />&nbsp; &nbsp; &nbsp;</p>\r\n<p>\r\n	<span style=\"font-size: 16px;\">阿粨(音：a-bai，a- vay)是台灣原住民族在祭典或喜慶期間會製作的神聖食物，最外層用月桃葉包覆，內層是可食防脹氣的假酸漿葉包裹小米以及各種餡料。</span></p>\r\n<div>\r\n	<span style=\"font-size: 16px;\">常見的阿粨餡料包括豬肉、雞肉、以及各種素食餡，也有些人會包入蝸牛肉或鹹魚當餡。</span></div>\r\n<div>\r\n	<span style=\"font-size: 16px;\">咖空間販售的阿粨來自魯凱族的達魯瑪克部落，有月桃的清香以及小米Q彈的口感，是咖空間的人氣餐點。</span></div>\r\n','','',0,NULL,NULL,NULL,NULL,NULL,NULL,NULL,8000,NULL,1,NULL,NULL,'110.28.136.243',NULL,NULL,NULL,NULL,NULL,NULL),(717,'2017-10-25 16:24:20','2017-10-26 00:24:20',NULL,'2017-10-25 00:00:00','2038-01-01 00:00:00',254,263,NULL,NULL,NULL,NULL,NULL,1024,NULL,NULL,NULL,'阿粨(雞肉)',NULL,'<p>\r\n	<img align=\"top\" alt=\"阿粨(雞肉)\" hspace=\"20px\" src=\"/userUpload/images/%E7%81%B6%E5%92%96/%E9%98%BF%E7%B2%A82.jpg\" style=\"width: 500px; height: 375px; float: left; border：30px;\" vspace=\"20px\" /></p>\r\n<p>\r\n	&nbsp;</p>\r\n<p>\r\n	<span style=\"font-size: 16px;\">清爽的小米配上帶有嚼勁雞肉都是相當好入口的。</span></p>\r\n<p>\r\n	<span style=\"font-size: 16px;\">阿粨是原住民的傳統美食，類似於我們的粽子，可是少了花生等其他配料，僅有單純的米飯配上肉品，簡單的食材就能併出單純的美好。</span></p>\r\n','','',0,NULL,NULL,NULL,NULL,NULL,NULL,NULL,6000,NULL,1,NULL,NULL,'110.28.136.243',NULL,NULL,NULL,NULL,NULL,NULL),(718,'2017-10-25 16:31:47','2017-10-26 00:31:47',NULL,'2017-10-25 00:00:00','2038-01-01 00:00:00',254,263,NULL,NULL,NULL,NULL,NULL,1024,NULL,NULL,NULL,'阿粨(素食)',NULL,'<p style=\"text-align: center;\">\r\n	<img align=\"center\" alt=\"阿粨(素食)\" hspace=\"20px\" src=\"/userUpload/images/%E7%81%B6%E5%92%96/%E9%98%BF%E7%B2%A8_%E6%9C%AA%E9%96%8B%E5%B0%81.jpg\" style=\"width: 500px; height: 375px; float: center; border：30px;\" vspace=\"20px\" /></p>\r\n<p>\r\n	&nbsp;</p>\r\n','','',0,NULL,NULL,NULL,NULL,NULL,NULL,NULL,7000,NULL,1,NULL,NULL,'110.28.136.243',NULL,NULL,NULL,NULL,NULL,NULL),(719,'2017-10-25 16:08:49','2017-10-26 00:08:49',NULL,'2017-10-25 00:00:00','2038-01-01 00:00:00',254,263,NULL,NULL,NULL,NULL,NULL,1024,NULL,NULL,NULL,'肉燥飯',NULL,'<p>\r\n	<img align=\"top\" alt=\"肉燥飯\" hspace=\"20px\" src=\"/userUpload/images/%E7%81%B6%E5%92%96/%E8%82%89%E7%87%A5%E9%A3%AF.jpg\" style=\"width: 450px; height: 337px; float: left; border：30px;\" vspace=\"20px\" /></p>\r\n<div>\r\n	&nbsp;</div>\r\n<div>\r\n	<span style=\"font-size:16px;\">台南麻豆百豐傳牧場的無毒豬肉與南島秧滿田無毒米結合，一碗清爽鮮甜的肉燥飯就此誕生。</span></div>\r\n','','',0,NULL,NULL,NULL,NULL,NULL,NULL,NULL,5000,NULL,1,NULL,NULL,'110.28.136.243',NULL,NULL,NULL,NULL,NULL,NULL),(720,'2017-10-25 15:54:20','2017-10-25 23:54:20',NULL,'2017-10-25 00:00:00','2038-01-01 00:00:00',45,59,NULL,NULL,NULL,NULL,NULL,1024,NULL,NULL,NULL,'執耳之手',NULL,'<p>\r\n	｢爾｣在中文含意中為｢你｣的代稱，也取自｢耳｣的諧音。原住民族是喜愛熱鬧的民族，握著有大大耳朵的杯子，和親人、情人或朋友共飲敘舊，｢執爾之手｣，感受最深的情意。</p>\r\n<p>\r\n	「執爾之手」杯盤組大膽嘗試台東在地的特產&mdash;&mdash;釋迦做釉灰，與一般光鮮亮麗的咖啡杯截然不同，有著一股｢不說話，只作伴｣的美感。</p>\r\n<p>\r\n	<img alt=\"\" src=\"/userUpload/images/%E7%9B%B4%E8%80%B3%E4%B9%8B%E6%89%8B01.jpg\" style=\"width: 408px; height: 306px;\" /><img alt=\"\" src=\"/userUpload/images/%E5%9F%B7%E8%80%B3%E4%B9%8B%E6%89%8B02.jpg\" style=\"width: 274px; height: 190px;\" /></p>\r\n<p style=\"text-align: right;\">\r\n	尺寸</p>\r\n<p style=\"text-align: right;\">\r\n	杯口直徑：75mm</p>\r\n<p style=\"text-align: right;\">\r\n	高：57 mm</p>\r\n','','',0,'20171025直耳之手01.jpg',21470,NULL,NULL,NULL,NULL,NULL,999,NULL,1,NULL,NULL,'111.242.191.11',NULL,NULL,NULL,NULL,NULL,NULL),(721,'2017-10-25 15:54:30','2017-10-25 23:54:30',NULL,'2017-10-25 00:00:00','2038-01-01 00:00:00',45,59,NULL,NULL,NULL,NULL,NULL,1024,NULL,NULL,NULL,'祖靈的呼吸',NULL,'<p>\r\n	當捧著一杯水的時候，想念起千百年前的祖先，感受自己的呼吸，心跳也隨之同步。我從哪裡來，且該往哪裡去？祖靈的陶杯會給予最真切的指引。</p>\r\n<p>\r\n	素材是採用在地的釋迦灰釉所燒製而成，充滿古樸風味，接近心靈沉澱的茶杯。</p>\r\n<p>\r\n	<img alt=\"\" src=\"/userUpload/images/%E7%A5%96%E9%9D%88%E7%9A%84%E5%91%BC%E5%90%B8.jpg\" style=\"width: 408px; height: 317px;\" /></p>\r\n','當捧著一杯水的時候，想念起千百年前的祖先...','',0,'20171025祖靈的呼吸.jpg',27274,NULL,NULL,NULL,NULL,NULL,998,NULL,1,NULL,NULL,'111.242.191.11',NULL,NULL,NULL,NULL,NULL,NULL),(722,'2017-10-25 13:14:04','2017-10-25 21:13:50',NULL,'1999-11-30 00:00:00','1999-11-30 00:00:00',45,49,NULL,NULL,NULL,NULL,NULL,256,NULL,NULL,NULL,'test123',NULL,'<p>\r\n	This is some sample text</p>\r\n',NULL,'',0,NULL,NULL,NULL,NULL,NULL,NULL,NULL,1000,NULL,0,NULL,NULL,'111.242.191.11',NULL,NULL,NULL,NULL,NULL,NULL),(723,'2017-10-25 16:05:54','2017-10-26 00:05:54',NULL,'2017-10-25 00:00:00','2038-01-01 00:00:00',254,263,NULL,NULL,NULL,NULL,NULL,1024,NULL,NULL,NULL,'拿鐵',NULL,'<p style=\"text-align: center;\">\r\n	<img align=\"center\" alt=\"拿鐵\" hspace=\"20px\" src=\"/userUpload/images/%E7%81%B6%E5%92%96/%E6%8B%BF%E9%90%B5.jpg\" style=\"width: 739px; height: 554px; float: center;\" vspace=\"20px\" /></p>\r\n<p>\r\n	&nbsp;</p>\r\n','','',0,NULL,NULL,NULL,NULL,NULL,NULL,NULL,4000,NULL,1,NULL,NULL,'110.28.136.243',NULL,NULL,NULL,NULL,NULL,NULL),(724,'2017-10-25 15:55:43','2017-10-25 23:55:43',NULL,'2017-10-25 00:00:00','2038-01-01 00:00:00',254,263,NULL,NULL,NULL,NULL,NULL,1024,NULL,NULL,NULL,'好事日常愛心公益水餃(素食)',NULL,'<p>\r\n	<img align=\"top\" alt=\"愛心公益水餃(素食)\" hspace=\"20px\" src=\"/userUpload/images/%E7%81%B6%E5%92%96/%E6%B0%B4%E9%A4%83_%E9%A3%B2%E6%96%992.jpg\" style=\"width: 450px; height: 338px; float: left; border：30px;\" vspace=\"20px\" /></p>\r\n<p>\r\n	&nbsp;</p>\r\n<p>\r\n	<span style=\"font-size: 16px;\">來自好事日常的愛心公益水餃是由一群志工媽媽手工製作，每售出一顆水餃，便回捐1元給東海岸的慢飛天使園作為有早療需求孩子的療育經費。</span></p>\r\n<p>\r\n	<span style=\"font-size: 16px;\">也因為東大師生的熱情支持，有越來越多慢飛天使正用穩定的腳步慢慢起飛。</span></p>\r\n<p>\r\n	<span style=\"font-size: 16px;\">每份水餃固定10顆。</span></p>\r\n','','',0,NULL,NULL,NULL,NULL,NULL,NULL,NULL,3000,NULL,1,NULL,NULL,'110.28.136.243',NULL,NULL,NULL,NULL,NULL,NULL),(725,'2017-10-25 15:54:38','2017-10-25 23:54:38',NULL,'2017-10-25 00:00:00','2038-01-01 00:00:00',45,62,NULL,NULL,NULL,NULL,NULL,1024,NULL,NULL,NULL,'星河',NULL,'<p>\r\n	每個星星都有個故事，而人們反覆地傳誦著。千百年來，星星在人們的眼中沒有改變過，而人卻不斷生老病死地循環著。</p>\r\n<p>\r\n	&nbsp;&nbsp;&nbsp; 遠離城市到這風景優美的台東，晚上只要躺在屋頂，就可以看到滿天星斗，幻化成流動的長河。猶記得小時候阿嬤牽著手，帶你上山看星星的情景嗎？</p>\r\n<p>\r\n	<img alt=\"\" src=\"/userUpload/images/%E6%98%9F%E6%B2%B3.jpg\" style=\"width: 419px; height: 315px;\" /></p>\r\n<p style=\"text-align: right;\">\r\n	尺寸</p>\r\n<p style=\"text-align: right;\">\r\n	長：260mm</p>\r\n<p style=\"text-align: right;\">\r\n	寬：115 mm</p>\r\n','每個星星都有個故事，而人們反覆地傳誦著...','',0,'20171025星河.jpg',28075,NULL,NULL,NULL,NULL,NULL,1000,NULL,1,NULL,NULL,'111.242.191.11',NULL,NULL,NULL,NULL,NULL,NULL),(726,'2017-10-25 14:22:20','2017-10-25 22:22:20',NULL,'2017-10-25 00:00:00','2038-01-01 00:00:00',254,268,NULL,NULL,NULL,NULL,NULL,1024,NULL,NULL,NULL,'阿粨',NULL,'<div>\r\n	<img alt=\"\" src=\"/userUpload/images/%E7%81%B6%E5%92%96/%E9%98%BF%E7%B2%A8_%E6%9C%AA%E9%96%8B%E5%B0%81.jpg\" style=\"width: 500px; height: 375px;\" /></div>\r\n<div>\r\n	&nbsp;</div>\r\n<div>\r\n	阿粨 : 達魯瑪克部落</div>\r\n','','',0,NULL,NULL,NULL,NULL,NULL,NULL,NULL,1000,NULL,1,NULL,NULL,'210.240.156.165',NULL,NULL,NULL,NULL,NULL,NULL),(727,'2017-10-25 14:22:39','2017-10-25 22:22:39',NULL,'2017-10-25 00:00:00','2038-01-01 00:00:00',254,268,NULL,NULL,NULL,NULL,NULL,1024,NULL,NULL,NULL,'肉燥飯',NULL,'<div>\r\n	<img alt=\"\" src=\"/userUpload/images/%E7%81%B6%E5%92%96/%E8%82%89%E7%87%A5%E9%A3%AF(1).jpg\" style=\"width: 500px; height: 375px;\" /></div>\r\n<div>\r\n	&nbsp;</div>\r\n<div>\r\n	米飯 : 南島秧滿田無毒米</div>\r\n<div>\r\n	&nbsp;</div>\r\n<div>\r\n	不灑農藥不施肥自然生長的白米，為確保新鮮，有訂單才碾米，保持友善土地</div>\r\n<div>\r\n	的耕作精神，米粒小、風味佳。</div>\r\n<div>\r\n	&nbsp;</div>\r\n<div>\r\n	&nbsp;</div>\r\n<div>\r\n	肉燥 : 百豐傳牧場</div>\r\n<div>\r\n	&nbsp;</div>\r\n<div>\r\n	來自台南麻豆百豐傳牧場的無毒豬肉品，堅持不使用瘦肉精、生長激素、抗生</div>\r\n<div>\r\n	素...等藥物飼養，每一塊豬肉都會附上檢驗報告，無藥物殘留。每一隻豬都飼</div>\r\n<div>\r\n	養210天才會屠宰。</div>\r\n','','',0,NULL,NULL,NULL,NULL,NULL,NULL,NULL,1000,NULL,1,NULL,NULL,'210.240.156.165',NULL,NULL,NULL,NULL,NULL,NULL),(728,'0000-00-00 00:00:00','2017-10-25 22:22:05',NULL,'2017-10-25 00:00:00','2038-01-01 00:00:00',254,268,NULL,NULL,NULL,NULL,NULL,1024,NULL,NULL,NULL,'好事日常愛心公益水餃',NULL,'<div>\r\n	<img alt=\"\" src=\"/userUpload/images/%E7%81%B6%E5%92%96/%E6%B0%B4%E9%A4%833.jpg\" style=\"width: 500px; height: 375px;\" /></div>\r\n<div>\r\n	&nbsp;</div>\r\n<div>\r\n	好事日常手工水餃 : 台灣公益社會實踐協會</div>\r\n<div>\r\n	&nbsp;</div>\r\n<div>\r\n	台灣公益社會實踐協會由一群長期投入兒童工作的熱情夥伴發起，於102年11</div>\r\n<div>\r\n	月完成立案登記，我們主要服務兒童工作，也同時照護發展遲緩兒童，與家庭</div>\r\n<div>\r\n	共同關注兒童各階段的發展，一起守護兒童的身心健康。因為關心台東海岸線</div>\r\n<div>\r\n	鄉鎮有早療需求的家庭，台灣公益社會實踐協會於成功、長濱設立慢飛天使園</div>\r\n<div>\r\n	，作為有早期療育需求的孩子提供療育的場所。並於市區成立好市日常，每售</div>\r\n<div>\r\n	出一顆水餃，即回捐一塊錢給慢飛天使園，作為慢飛天使的療育費用。</div>\r\n','','',0,NULL,NULL,NULL,NULL,NULL,NULL,NULL,1000,NULL,1,NULL,NULL,'210.240.156.165',NULL,NULL,NULL,NULL,NULL,NULL),(729,'0000-00-00 00:00:00','2017-10-25 22:22:56',NULL,NULL,NULL,45,49,NULL,1,NULL,NULL,NULL,1,4096,NULL,NULL,'茶具','','',NULL,NULL,NULL,NULL,NULL,NULL,NULL,NULL,NULL,NULL,10000,NULL,1,NULL,NULL,'1.175.23.179',NULL,0,NULL,NULL,NULL,NULL),(730,'0000-00-00 00:00:00','2017-10-25 22:23:17',NULL,NULL,NULL,45,49,NULL,1,NULL,NULL,NULL,1,4096,NULL,NULL,'造型','','',NULL,NULL,NULL,NULL,NULL,NULL,NULL,NULL,NULL,NULL,10000,NULL,1,NULL,NULL,'1.175.23.179',NULL,0,NULL,NULL,NULL,NULL),(731,'0000-00-00 00:00:00','2017-10-25 22:24:08',NULL,NULL,NULL,45,49,NULL,1,NULL,NULL,NULL,1,4096,NULL,NULL,'陶壺','','',NULL,NULL,NULL,NULL,NULL,NULL,NULL,NULL,NULL,NULL,10000,NULL,1,NULL,NULL,'1.175.23.179',NULL,0,NULL,NULL,NULL,NULL),(732,'0000-00-00 00:00:00','2017-10-25 22:24:24',NULL,NULL,NULL,45,49,NULL,1,NULL,NULL,NULL,1,4096,NULL,NULL,'圖騰杯蓋','','',NULL,NULL,NULL,NULL,NULL,NULL,NULL,NULL,NULL,NULL,10000,NULL,1,NULL,NULL,'1.175.23.179',NULL,0,NULL,NULL,NULL,NULL),(733,'2017-10-25 14:25:25','2017-10-25 22:25:25',NULL,'2017-10-25 00:00:00','2038-01-01 00:00:00',254,268,NULL,NULL,NULL,NULL,NULL,1024,NULL,NULL,NULL,'公平貿易咖啡(拿鐵、美式)、公平貿易國寶茶',NULL,'<div>\r\n	<img alt=\"\" src=\"/userUpload/images/%E7%81%B6%E5%92%96/%E9%A3%B2%E6%96%99.jpg\" style=\"width: 500px; height: 666px;\" /></div>\r\n<div>\r\n	&nbsp;</div>\r\n<div>\r\n	生態綠：公平貿易咖啡(拿鐵、美式)、公平貿易國寶茶</div>\r\n<div>\r\n	&nbsp;</div>\r\n<div>\r\n	生態綠是華人地區首位取得國際公平貿易認證之企業，協助發展中國家以永續</div>\r\n<div>\r\n	有機方式農作，使其獲得穩定報酬，共創台灣永續公平的食品產業，扭轉黑心</div>\r\n<div>\r\n	食品文化，推動消費正義。</div>\r\n','','',0,NULL,NULL,NULL,NULL,NULL,NULL,NULL,1000,NULL,1,NULL,NULL,'210.240.156.165',NULL,NULL,NULL,NULL,NULL,NULL),(734,'0000-00-00 00:00:00','2017-10-25 22:26:44',NULL,'2017-10-25 00:00:00','2038-01-01 00:00:00',254,268,NULL,NULL,NULL,NULL,NULL,1024,NULL,NULL,NULL,'烤吐司',NULL,'<div>\r\n	法務部矯正署台東東成技能訓練所：風味吐司，麵包</div>\r\n<div>\r\n	&nbsp;</div>\r\n<div>\r\n	由指導老師帶領東成技訓所成員製作的麵包，收益部分回饋給受刑人，並鼓勵</div>\r\n<div>\r\n	受刑人在刑期屆滿後，能有一技之長，幫助受刑人能在社會上求生。</div>\r\n<div>\r\n	&nbsp;</div>\r\n<div>\r\n	&nbsp;</div>\r\n<div>\r\n	牧心智能發展中心：吐司</div>\r\n<div>\r\n	&nbsp;</div>\r\n<div>\r\n	服務性牧心烘焙工場讓中心身障者學習烘焙的一技之長，改變社會對身障者的</div>\r\n<div>\r\n	課本印象，經由訓練之後，習得一技之長，由被服務者成為服務者。為自己與</div>\r\n<div>\r\n	社會貢獻一份力量。</div>\r\n','','',0,NULL,NULL,NULL,NULL,NULL,NULL,NULL,1000,NULL,1,NULL,NULL,'210.240.156.165',NULL,NULL,NULL,NULL,NULL,NULL),(735,'2017-10-25 14:48:43','2017-10-25 22:48:43',NULL,'2017-10-25 00:00:00','2038-01-01 00:00:00',254,262,NULL,NULL,NULL,NULL,NULL,1024,NULL,NULL,NULL,'台東．家助叔叔．蔬果',NULL,'<h3 style=\"text-align: center;\">\r\n	<img alt=\"\" src=\"/userUpload/images/%E7%81%B6%E5%92%96/12645087_952240264852157_359884695638647799_n.jpg\" style=\"width: 350px; height: 350px;\" />&nbsp; &nbsp; &nbsp; &nbsp; &nbsp; &nbsp;<img alt=\"\" src=\"/userUpload/images/%E7%81%B6%E5%92%96/12494796_938946352848215_498644598771026130_n.jpg\" style=\"width: 350px; height: 350px;\" /></h3>\r\n<p style=\"text-align: center;\">\r\n	&nbsp;</p>\r\n<p style=\"text-align: center;\">\r\n	<span style=\"font-size:12px;\">由台東第三代青農趙家助帶起，提供咖空間小番茄</span></p>\r\n<p style=\"text-align: center;\">\r\n	<span style=\"font-size:12px;\"><span style=\"color: rgb(29, 33, 41); font-family: Helvetica, Arial, sans-serif;\">願景 : </span></span></p>\r\n<p style=\"text-align: center;\">\r\n	<span style=\"font-size:12px;\"><span style=\"color: rgb(29, 33, 41); font-family: Helvetica, Arial, sans-serif;\">種出大家吃的起的農產品&nbsp;</span></span></p>\r\n<p style=\"text-align: center;\">\r\n	<span style=\"font-size:12px;\"><span style=\"color: rgb(29, 33, 41); font-family: Helvetica, Arial, sans-serif;\">種出好吃的農產品</span></span></p>\r\n<p style=\"text-align: center;\">\r\n	<span style=\"font-size:12px;\"><span style=\"color: rgb(29, 33, 41); font-family: Helvetica, Arial, sans-serif;\">種出健康安全的農產品</span></span></p>\r\n<p style=\"text-align: center;\">\r\n	<span style=\"font-size:12px;\"><span style=\"color: rgb(29, 33, 41); font-family: Helvetica, Arial, sans-serif;\">創造互利共生的環境</span></span></p>\r\n<p style=\"text-align: center;\">\r\n	&nbsp;</p>\r\n<p style=\"text-align: center;\">\r\n	<span style=\"font-size:12px;\">商店網址 :</span></p>\r\n<div style=\"text-align: center;\">\r\n	<span style=\"font-size:12px;\">https://www.facebook.com/taitunguncleeddie/</span></div>\r\n<div style=\"text-align: center;\">\r\n	&nbsp;</div>\r\n<div style=\"text-align: center;\">\r\n	&nbsp;</div>\r\n','','',0,NULL,NULL,NULL,NULL,NULL,NULL,NULL,1000,NULL,1,NULL,NULL,'210.240.156.165',NULL,NULL,NULL,NULL,NULL,NULL),(736,'2017-10-25 14:55:08','2017-10-25 22:55:08',NULL,'2017-10-25 00:00:00','2038-01-01 00:00:00',254,262,NULL,NULL,NULL,NULL,NULL,1024,NULL,NULL,NULL,'後山農場 檸檬 紅龍果',NULL,'<div style=\"text-align: center;\">\r\n	<span style=\"color: rgb(29, 33, 41); font-family: Helvetica, Arial, sans-serif; font-size: 13px;\"><img alt=\"\" src=\"/userUpload/images/%E7%81%B6%E5%92%96/18034295_1872724466333052_3943206929297057759_n.jpg\" style=\"width: 400px; height: 399px;\" />&nbsp; &nbsp; &nbsp; &nbsp; &nbsp; &nbsp; &nbsp; &nbsp; &nbsp;&nbsp;<img alt=\"\" src=\"/userUpload/images/%E7%81%B6%E5%92%96/11351390_1590579397880895_3047718461798288167_n.jpg\" style=\"width: 300px; height: 400px;\" /></span></div>\r\n<div style=\"text-align: center;\">\r\n	&nbsp;</div>\r\n<div style=\"text-align: center;\">\r\n	提供咖空間紅龍果、檸檬</div>\r\n<div style=\"text-align: center;\">\r\n	&nbsp;</div>\r\n<div style=\"text-align: center;\">\r\n	<span style=\"color: rgb(29, 33, 41); font-family: Helvetica, Arial, sans-serif; font-size: 13px;\">後山農場，位於好山好水無汙染的台東，為了守護這片土地，</span></div>\r\n<div style=\"text-align: center;\">\r\n	<span style=\"color: rgb(29, 33, 41); font-family: Helvetica, Arial, sans-serif; font-size: 13px;\">我們的耕作方式以盡可能以不破壞大地的草生栽培，也減少了農藥與化肥的使用，</span></div>\r\n<div style=\"text-align: center;\">\r\n	<span style=\"color: rgb(29, 33, 41); font-family: Helvetica, Arial, sans-serif; font-size: 13px;\">盡最大所能生產出最天然安全的蔬果。</span></div>\r\n<div style=\"text-align: center;\">\r\n	&nbsp;</div>\r\n<div style=\"text-align: center;\">\r\n	<span style=\"color: rgb(29, 33, 41); font-family: Helvetica, Arial, sans-serif; font-size: 13px;\">商店網址 :</span></div>\r\n<div style=\"text-align: center;\">\r\n	&nbsp;</div>\r\n<div style=\"text-align: center;\">\r\n	https://www.facebook.com/Lemonsait/</div>\r\n<div style=\"text-align: center;\">\r\n	&nbsp;</div>\r\n<div style=\"text-align: center;\">\r\n	&nbsp;</div>\r\n','','',0,NULL,NULL,NULL,NULL,NULL,NULL,NULL,1000,NULL,1,NULL,NULL,'210.240.156.165',NULL,NULL,NULL,NULL,NULL,NULL),(737,'2017-10-25 15:55:02','2017-10-25 23:55:02',NULL,'2017-10-25 00:00:00','2038-01-01 00:00:00',45,729,NULL,NULL,NULL,NULL,NULL,1024,NULL,NULL,NULL,'藏香',NULL,'<p>\r\n	手工精緻的圖騰像是神祕的語言，呢喃著古老的神話。罐子是否塵封著祖靈的情懷與指引？壓抑忐忑不安的心信手打開，原來&hellip;&hellip;只殘留著耐人尋味的芬芳。</p>\r\n<p>\r\n	<img alt=\"\" src=\"/userUpload/images/%E8%97%8F%E9%A6%99.jpg\" style=\"width: 408px; height: 550px;\" /></p>\r\n<p style=\"text-align: right;\">\r\n	尺寸</p>\r\n<p style=\"text-align: right;\">\r\n	直徑：75 mm</p>\r\n<p style=\"text-align: right;\">\r\n	高：115mm</p>\r\n','(茶葉罐)\r\n手工精緻的圖騰像是神祕的語言...','',0,'20171025藏香.jpg',29694,NULL,NULL,NULL,NULL,NULL,1000,NULL,1,NULL,NULL,'111.242.191.11',NULL,NULL,NULL,NULL,NULL,NULL),(738,'2017-10-25 14:58:55','2017-10-25 22:58:55',NULL,'2017-10-25 00:00:00','2038-01-01 00:00:00',254,262,NULL,NULL,NULL,NULL,NULL,1024,NULL,NULL,NULL,'帝王芭樂',NULL,'<div style=\"text-align: center;\">\r\n	<img alt=\"\" src=\"/userUpload/images/%E7%81%B6%E5%92%96/image635803415673791262.jpg\" style=\"width: 350px; height: 407px;\" /></div>\r\n<div style=\"text-align: center;\">\r\n	&nbsp;</div>\r\n<div style=\"text-align: center;\">\r\n	東軒坊：提供咖空間帝王芭樂</div>\r\n<div style=\"text-align: center;\">\r\n	&nbsp;</div>\r\n<div style=\"text-align: center;\">\r\n	&nbsp;</div>\r\n<div style=\"text-align: center;\">\r\n	商店地址 :&nbsp;</div>\r\n<div style=\"text-align: center;\">\r\n	http://efarmer.taitung.gov.tw/zh-tw/CropExperts/Farmer/448/</div>\r\n<div style=\"text-align: center;\">\r\n	&nbsp;</div>\r\n<div style=\"text-align: center;\">\r\n	&nbsp;</div>\r\n','','',0,NULL,NULL,NULL,NULL,NULL,NULL,NULL,1000,NULL,1,NULL,NULL,'210.240.156.165',NULL,NULL,NULL,NULL,NULL,NULL),(739,'2017-10-25 15:59:49','2017-10-25 23:59:49',NULL,'2017-10-25 00:00:00','2038-01-01 00:00:00',45,730,NULL,NULL,NULL,NULL,NULL,1024,NULL,NULL,NULL,'巴蘭精靈系列 公仔',NULL,'<p>\r\n	在古老的部落文明裡，巫師是精靈的化身也是夢的詮釋者，更是人類靈魂的安慰者。我們需要夢來指引靈魂幽暗的角落，超脫繁瑣困頓的現實生活。精靈將夢化成露水，裝在三個陶壺裡，游走人間尋找需要獲得夢的智慧與祝福的需要者。這是對於古老部落與巫師信仰的另一種詮釋視野。</p>\r\n<p>\r\n	<img alt=\"\" src=\"/userUpload/images/%E5%85%AC%E4%BB%94001.jpg\" style=\"width: 304px; height: 226px;\" /><img alt=\"\" src=\"/userUpload/images/%E5%85%AC%E4%BB%94002.jpg\" style=\"width: 171px; height: 228px;\" /><img alt=\"\" src=\"/userUpload/images/%E5%85%AC%E4%BB%94003.jpg\" style=\"width: 171px; height: 228px;\" /><img alt=\"\" src=\"/userUpload/images/%E5%85%AC%E4%BB%94004.jpg\" style=\"width: 171px; height: 228px;\" /><img alt=\"\" src=\"/userUpload/images/%E5%85%AC%E4%BB%94005.jpg\" style=\"width: 171px; height: 228px;\" /><img alt=\"\" src=\"/userUpload/images/%E5%85%AC%E4%BB%94006.jpg\" style=\"width: 356px; height: 475px;\" /></p>\r\n<p style=\"text-align: right;\">\r\n	尺寸</p>\r\n<p style=\"text-align: right;\">\r\n	長60mm</p>\r\n<p style=\"text-align: right;\">\r\n	寬60mm</p>\r\n<p style=\"text-align: right;\">\r\n	高195mm</p>\r\n','在古老的部落文明裡...','',0,'20171025公仔001.jpg',23688,NULL,NULL,NULL,NULL,NULL,1000,NULL,1,NULL,NULL,'111.242.191.11',NULL,NULL,NULL,NULL,NULL,NULL),(740,'2017-10-25 15:59:09','2017-10-25 23:59:09',NULL,'2017-10-25 00:00:00','2038-01-01 00:00:00',45,730,NULL,NULL,NULL,NULL,NULL,1024,NULL,NULL,NULL,'逐鹿',NULL,'<p>\r\n	小鹿造型的名片插，一個又一個地擺著，像是彼此在相互追逐。自古｢鹿｣有象徵帝位、權勢的含義，各路英雄逐鹿中原；然而，不斷被現代潮流追逐的我們，此刻是否只想重回自然的懷抱，逐｢鹿｣天地之間？</p>\r\n<p>\r\n	九鳥陶燒工作室位於卑南鄉初鹿村，周圍地名包括初鹿、鹿野與鹿鳴橋，都顯示土地與鹿這種動物的親密性；因此設計了以鹿為形體的作品，刻劃上原住民的圖騰，來表達對自然環境與文化典故的崇敬。</p>\r\n<p>\r\n	<img alt=\"\" src=\"/userUpload/images/%E9%80%90%E9%B9%BF.jpg\" style=\"width: 396px; height: 527px;\" /></p>\r\n<p style=\"text-align: right;\">\r\n	尺寸</p>\r\n<p style=\"text-align: right;\">\r\n	長105mm</p>\r\n<p style=\"text-align: right;\">\r\n	寬30mm</p>\r\n<p style=\"text-align: right;\">\r\n	高135mm</p>\r\n','小鹿造型的名片插...','',0,'20171025逐鹿.jpg',25503,NULL,NULL,NULL,NULL,NULL,1001,NULL,1,NULL,NULL,'111.242.191.11',NULL,NULL,NULL,NULL,NULL,NULL),(741,'2017-10-25 15:55:09','2017-10-25 23:55:09',NULL,'2017-10-25 00:00:00','2038-01-01 00:00:00',45,731,NULL,NULL,NULL,NULL,NULL,1024,NULL,NULL,NULL,'小陶壺',NULL,'<p>\r\n	為實際陶壺的縮小典藏版。</p>\r\n<p>\r\n	<img alt=\"\" src=\"/userUpload/images/%E5%B0%8F%E9%99%B6%E5%A3%BA.jpg\" style=\"width: 631px; height: 467px;\" /></p>\r\n<p style=\"text-align: right;\">\r\n	尺寸</p>\r\n<p style=\"text-align: right;\">\r\n	最寬處</p>\r\n<p style=\"text-align: right;\">\r\n	直徑 110mm</p>\r\n<p style=\"text-align: right;\">\r\n	高110mm</p>\r\n','為實際陶壺的縮小典藏版','',0,'20171025小陶壺.jpg',41157,NULL,NULL,NULL,NULL,NULL,1000,NULL,1,NULL,NULL,'111.242.191.11',NULL,NULL,NULL,NULL,NULL,NULL),(742,'2017-10-25 15:55:18','2017-10-25 23:55:18',NULL,'2017-10-25 00:00:00','2038-01-01 00:00:00',45,732,NULL,NULL,NULL,NULL,NULL,1024,NULL,NULL,NULL,'圖騰杯蓋',NULL,'<p>\r\n	圖騰蓋杯，是能夠展現原住民文化的重要象徵，每一個杯子，都是由廖光廖老師以虔敬的心，融入各原住民族圖騰，如百步蛇、太陽、孔雀、勇士等，結合藝術設計，化成獨一無二的精品。所有杯子都是以灰釉經過很長時間燒製才得以成就。彌足珍貴，是值得珍藏的的特色陶杯。</p>\r\n<p>\r\n	<img alt=\"\" src=\"/userUpload/images/%E5%9C%96%E9%A8%B0%E6%9D%AF%E8%93%8B.jpg\" style=\"width: 360px; height: 481px;\" /></p>\r\n<p>\r\n	&nbsp;</p>\r\n','圖騰蓋杯，是能夠展現原住民文化的重要象徵...','',0,'20171025圖騰杯蓋.jpg',42129,NULL,NULL,NULL,NULL,NULL,1000,NULL,1,NULL,NULL,'111.242.191.11',NULL,NULL,NULL,NULL,NULL,NULL),(743,'2017-10-25 15:13:03','2017-10-25 23:13:03',NULL,'2017-10-25 00:00:00','2038-01-01 00:00:00',254,262,NULL,NULL,NULL,NULL,NULL,1024,NULL,NULL,NULL,'水果玉米',NULL,'<p>\r\n	&nbsp;</p>\r\n<p>\r\n	&nbsp;</p>\r\n<p>\r\n	&nbsp;</p>\r\n<p style=\"text-align: center;\">\r\n	<img alt=\"\" src=\"/userUpload/images/%E7%81%B6%E5%92%96/274063.jpg\" style=\"width: 300px; height: 400px;\" /></p>\r\n<p style=\"text-align: center;\">\r\n	&nbsp;</p>\r\n<p style=\"text-align: center;\">\r\n	張桓瑞、郭怡君：提供咖空間水果玉米</p>\r\n<p style=\"text-align: center;\">\r\n	飽滿的玉米只要簡單的蒸熟後就能品嘗到最天然的美味。</p>\r\n<p style=\"text-align: center;\">\r\n	&nbsp;</p>\r\n<p style=\"text-align: center;\">\r\n	&nbsp;</p>\r\n','','',0,NULL,NULL,NULL,NULL,NULL,NULL,NULL,1000,NULL,1,NULL,NULL,'210.240.156.165',NULL,NULL,NULL,NULL,NULL,NULL);

--
-- Table structure for table `nttucloud2017_mainfile`
--

CREATE TABLE `nttucloud2017_mainfile` (
  `prikey` int(10) unsigned NOT NULL AUTO_INCREMENT,
  `datechg` timestamp NOT NULL DEFAULT '0000-00-00 00:00:00' ON UPDATE CURRENT_TIMESTAMP COMMENT '最後修改的日期時間',
  `dateadd` datetime DEFAULT NULL COMMENT '新增的日期時間',
  `datedel` datetime DEFAULT NULL COMMENT '刪除的日期時間',
  `dateup` datetime DEFAULT NULL COMMENT '上架日期',
  `datedown` datetime DEFAULT NULL COMMENT '下架日期',
  `parentprikey` int(10) unsigned DEFAULT NULL COMMENT '關聯prikey, 0為主層，其餘為關聯主層的prikey',
  `fkey` int(10) unsigned DEFAULT NULL COMMENT '主要事件關聯',
  `admprikey` int(11) DEFAULT NULL COMMENT '管理員編號',
  `empprikey` int(11) DEFAULT NULL COMMENT '人員編號',
  `stoprikey` int(11) DEFAULT NULL COMMENT '店家編號',
  `memprikey` int(11) DEFAULT NULL COMMENT '會員關聯',
  `act` int(11) DEFAULT NULL COMMENT '主要事件關聯',
  `pk` int(11) DEFAULT NULL COMMENT '次要事件關聯',
  `mk` int(11) DEFAULT NULL COMMENT '次要事件關聯',
  `sk` int(11) DEFAULT NULL COMMENT '次要事件關聯',
  `tk` int(11) DEFAULT NULL COMMENT '次要事件關聯',
  `lk` int(11) DEFAULT NULL COMMENT '次要事件關聯',
  `item` char(255) DEFAULT NULL COMMENT '項目名稱，文章標題',
  `comment` text COMMENT '詳細說明',
  `textsimple` text COMMENT '簡單說明',
  `filename` char(255) DEFAULT NULL COMMENT '附加檔案名稱',
  `filesize` int(11) DEFAULT NULL COMMENT '附加檔案大小',
  `sort` int(11) DEFAULT NULL COMMENT '排序，數字大的在前面',
  `enabled` int(11) DEFAULT NULL COMMENT '啟用，1為啟用，0為禁用',
  `open` int(11) DEFAULT NULL COMMENT '1為開放或使用中，0為不開放或刪除',
  `status` int(11) DEFAULT NULL COMMENT '狀態',
  `ip` char(255) DEFAULT NULL COMMENT '來源IP位址',
  `ipv6` char(255) DEFAULT NULL,
  `backup` text COMMENT '修改資料備份',
  `ub1` char(255) DEFAULT NULL,
  `ub2` int(11) DEFAULT NULL,
  PRIMARY KEY (`prikey`)
) ENGINE=InnoDB DEFAULT CHARSET=utf8;

--
-- Dumping data for table `nttucloud2017_mainfile`
--


--
-- Table structure for table `nttucloud2017_maingoods`
--

CREATE TABLE `nttucloud2017_maingoods` (
  `prikey` int(10) unsigned NOT NULL AUTO_INCREMENT,
  `datechg` timestamp NOT NULL DEFAULT '0000-00-00 00:00:00' ON UPDATE CURRENT_TIMESTAMP COMMENT '最後修改的日期時間',
  `dateadd` datetime DEFAULT NULL COMMENT '新增的日期時間',
  `datedel` datetime DEFAULT NULL COMMENT '刪除的日期時間',
  `dateup` datetime DEFAULT NULL COMMENT '上架日期',
  `datedown` datetime DEFAULT NULL COMMENT '下架日期',
  `parentprikey` int(10) unsigned DEFAULT NULL COMMENT '商店的編號索引值',
  `fkey` int(10) unsigned DEFAULT NULL COMMENT '關聯prikey, 關聯 main 的prikey',
  `admprikey` int(11) DEFAULT NULL COMMENT '管理員編號',
  `empprikey` int(11) DEFAULT NULL COMMENT '人員編號',
  `stoprikey` int(11) DEFAULT NULL COMMENT '店家編號',
  `memprikey` int(11) DEFAULT NULL COMMENT '會員關聯',
  `item` char(255) DEFAULT NULL COMMENT '項目名稱，文章標題',
  `itemlink` char(255) DEFAULT NULL COMMENT '連外網址',
  `comment` text COMMENT '詳細說明',
  `textsimple` text COMMENT '簡單說明',
  `price01` int(11) DEFAULT NULL COMMENT '定價',
  `price02` int(11) DEFAULT NULL COMMENT '特價',
  `price03` int(11) DEFAULT NULL COMMENT '限時優惠價',
  `pricesent01a` int(11) DEFAULT NULL COMMENT '多少數量，例如 10',
  `pricesent01b` int(11) DEFAULT NULL COMMENT '運費',
  `pricesent02a` int(11) DEFAULT NULL COMMENT '多少數量，例如 20',
  `pricesent02b` int(11) DEFAULT NULL COMMENT '運費',
  `pricesent03a` int(11) DEFAULT NULL COMMENT '多少數量，例如 50',
  `pricesent03b` int(11) DEFAULT NULL COMMENT '運費',
  `pricesent04a` int(11) DEFAULT NULL COMMENT '多少數量，例如 100',
  `pricesent04b` int(11) DEFAULT NULL COMMENT '運費',
  `pricesent05a` int(11) DEFAULT NULL COMMENT '多少數量，例如 200',
  `pricesent05b` int(11) DEFAULT NULL COMMENT '運費',
  `pricesent06a` int(11) DEFAULT NULL COMMENT '多少數量，例如 200',
  `pricesent06b` int(11) DEFAULT NULL COMMENT '運費',
  `pricesent07a` int(11) DEFAULT NULL COMMENT '多少數量，例如 200',
  `pricesent07b` int(11) DEFAULT NULL COMMENT '運費',
  `pricesent08a` int(11) DEFAULT NULL COMMENT '多少數量，例如 200',
  `pricesent08b` int(11) DEFAULT NULL COMMENT '運費',
  `number01` int(11) DEFAULT NULL COMMENT '數量',
  `number02` int(11) DEFAULT NULL COMMENT '銷售數量',
  `number03` int(11) DEFAULT NULL COMMENT '剩餘數量',
  `sort` int(11) DEFAULT NULL COMMENT '排序，數字大的在前面',
  `enabled` int(11) DEFAULT NULL COMMENT '啟用，1為啟用，0為禁用',
  `open` int(11) DEFAULT NULL COMMENT '1為開放或使用中，0為不開放或刪除',
  `status` int(11) DEFAULT NULL COMMENT '狀態',
  `ip` char(255) DEFAULT NULL COMMENT '來源IP位址',
  `ipv6` char(255) DEFAULT NULL,
  `css` int(11) DEFAULT NULL COMMENT '顯示樣式',
  `backup` text COMMENT '修改資料備份',
  `ub1` char(255) DEFAULT NULL,
  `ub2` int(11) DEFAULT NULL,
  PRIMARY KEY (`prikey`)
) ENGINE=InnoDB AUTO_INCREMENT=216 DEFAULT CHARSET=utf8;

--
-- Dumping data for table `nttucloud2017_maingoods`
--

INSERT INTO `nttucloud2017_maingoods` VALUES (1,'0000-00-00 00:00:00','2017-09-05 17:18:39',NULL,NULL,NULL,3,0,NULL,NULL,NULL,NULL,NULL,NULL,NULL,NULL,NULL,NULL,NULL,NULL,NULL,NULL,NULL,NULL,NULL,NULL,NULL,NULL,NULL,NULL,NULL,NULL,NULL,NULL,NULL,NULL,NULL,NULL,NULL,NULL,1,NULL,NULL,NULL,NULL,NULL,NULL,NULL),(2,'0000-00-00 00:00:00','2017-09-05 17:19:17',NULL,NULL,NULL,3,0,NULL,NULL,NULL,NULL,NULL,NULL,NULL,NULL,NULL,NULL,NULL,NULL,NULL,NULL,NULL,NULL,NULL,NULL,NULL,NULL,NULL,NULL,NULL,NULL,NULL,NULL,NULL,NULL,NULL,NULL,NULL,NULL,1,NULL,NULL,NULL,NULL,NULL,NULL,NULL),(3,'2017-10-04 02:52:19','2017-09-06 12:42:02',NULL,NULL,NULL,3,37,NULL,NULL,1,NULL,NULL,NULL,NULL,NULL,200,160,NULL,0,0,0,0,0,0,0,0,NULL,NULL,NULL,NULL,NULL,NULL,NULL,NULL,0,NULL,NULL,NULL,NULL,1,NULL,'210.240.179.55',NULL,NULL,NULL,NULL,NULL),(4,'2017-10-04 02:52:27','2017-09-06 12:53:50',NULL,NULL,NULL,3,36,NULL,NULL,1,NULL,NULL,NULL,NULL,NULL,300,250,NULL,0,0,0,0,0,0,0,0,NULL,NULL,NULL,NULL,NULL,NULL,NULL,NULL,0,NULL,NULL,NULL,NULL,1,NULL,'210.240.179.55',NULL,NULL,NULL,NULL,NULL),(5,'0000-00-00 00:00:00','2017-09-13 16:21:30',NULL,NULL,NULL,3,0,NULL,NULL,NULL,NULL,NULL,NULL,NULL,NULL,NULL,NULL,NULL,NULL,NULL,NULL,NULL,NULL,NULL,NULL,NULL,NULL,NULL,NULL,NULL,NULL,NULL,NULL,NULL,NULL,NULL,NULL,NULL,NULL,1,NULL,NULL,NULL,NULL,NULL,NULL,NULL),(6,'2017-09-20 05:16:49',NULL,NULL,NULL,NULL,125,154,NULL,NULL,15,NULL,NULL,NULL,NULL,NULL,200,150,NULL,0,0,0,0,0,0,0,0,NULL,NULL,NULL,NULL,NULL,NULL,NULL,NULL,10,NULL,NULL,NULL,NULL,1,NULL,'210.240.156.87',NULL,NULL,NULL,NULL,NULL),(7,'2017-09-19 14:10:13',NULL,NULL,NULL,NULL,45,161,NULL,NULL,5,NULL,NULL,NULL,NULL,NULL,800,750,NULL,0,0,0,0,0,0,0,0,NULL,NULL,NULL,NULL,NULL,NULL,NULL,NULL,1,NULL,NULL,NULL,NULL,1,NULL,'1.175.23.133',NULL,NULL,NULL,NULL,NULL),(8,'2017-09-19 07:24:02',NULL,NULL,NULL,NULL,104,164,NULL,NULL,7,NULL,NULL,NULL,NULL,NULL,1000,988,NULL,0,0,0,0,0,0,0,0,NULL,NULL,NULL,NULL,NULL,NULL,NULL,NULL,1,NULL,NULL,NULL,NULL,1,NULL,'210.240.156.87',NULL,NULL,NULL,NULL,NULL),(9,'0000-00-00 00:00:00','2017-09-19 22:11:12',NULL,NULL,NULL,3,0,NULL,NULL,NULL,NULL,NULL,NULL,NULL,NULL,NULL,NULL,NULL,NULL,NULL,NULL,NULL,NULL,NULL,NULL,NULL,NULL,NULL,NULL,NULL,NULL,NULL,NULL,NULL,NULL,NULL,NULL,NULL,NULL,1,NULL,NULL,NULL,NULL,NULL,NULL,NULL),(10,'0000-00-00 00:00:00','2017-09-19 22:11:17',NULL,NULL,NULL,3,0,NULL,NULL,NULL,NULL,NULL,NULL,NULL,NULL,NULL,NULL,NULL,NULL,NULL,NULL,NULL,NULL,NULL,NULL,NULL,NULL,NULL,NULL,NULL,NULL,NULL,NULL,NULL,NULL,NULL,NULL,NULL,NULL,1,NULL,NULL,NULL,NULL,NULL,NULL,NULL),(11,'0000-00-00 00:00:00','2017-09-19 22:11:28',NULL,NULL,NULL,3,0,NULL,NULL,NULL,NULL,NULL,NULL,NULL,NULL,NULL,NULL,NULL,NULL,NULL,NULL,NULL,NULL,NULL,NULL,NULL,NULL,NULL,NULL,NULL,NULL,NULL,NULL,NULL,NULL,NULL,NULL,NULL,NULL,1,NULL,NULL,NULL,NULL,NULL,NULL,NULL),(12,'2017-09-20 05:18:11',NULL,NULL,NULL,NULL,125,171,NULL,NULL,15,NULL,NULL,NULL,NULL,NULL,100,99,NULL,0,0,0,0,0,0,0,0,NULL,NULL,NULL,NULL,NULL,NULL,NULL,NULL,2,NULL,NULL,NULL,NULL,1,NULL,'210.240.156.87',NULL,NULL,NULL,NULL,NULL),(13,'2017-09-20 14:27:11',NULL,NULL,NULL,NULL,45,178,NULL,NULL,5,NULL,NULL,NULL,NULL,NULL,0,0,NULL,0,0,0,0,0,0,0,0,NULL,NULL,NULL,NULL,NULL,NULL,NULL,NULL,0,NULL,NULL,NULL,NULL,1,NULL,'1.175.8.9',NULL,NULL,NULL,NULL,NULL),(14,'2017-09-20 19:31:21',NULL,NULL,NULL,NULL,125,188,NULL,NULL,15,NULL,NULL,NULL,NULL,NULL,0,0,NULL,0,0,0,0,0,0,0,0,NULL,NULL,NULL,NULL,NULL,NULL,NULL,NULL,0,NULL,NULL,NULL,NULL,1,NULL,'36.236.162.40',NULL,NULL,NULL,NULL,NULL),(15,'2017-09-20 19:37:09',NULL,NULL,NULL,NULL,125,189,NULL,NULL,15,NULL,NULL,NULL,NULL,NULL,130,130,NULL,0,0,0,0,0,0,0,0,NULL,NULL,NULL,NULL,NULL,NULL,NULL,NULL,0,NULL,NULL,NULL,NULL,1,NULL,'36.236.162.40',NULL,NULL,NULL,NULL,NULL),(16,'2017-09-27 17:35:29',NULL,NULL,NULL,NULL,125,190,NULL,NULL,15,NULL,NULL,NULL,NULL,NULL,240,0,NULL,0,0,0,0,0,0,0,0,NULL,NULL,NULL,NULL,NULL,NULL,NULL,NULL,0,NULL,NULL,NULL,NULL,1,NULL,'36.237.142.115',NULL,NULL,NULL,NULL,NULL),(17,'2017-09-27 17:35:09',NULL,NULL,NULL,NULL,125,191,NULL,NULL,15,NULL,NULL,NULL,NULL,NULL,240,0,NULL,0,0,0,0,0,0,0,0,NULL,NULL,NULL,NULL,NULL,NULL,NULL,NULL,0,NULL,NULL,NULL,NULL,1,NULL,'36.237.142.115',NULL,NULL,NULL,NULL,NULL),(18,'2017-09-27 17:34:17',NULL,NULL,NULL,NULL,125,192,NULL,NULL,15,NULL,NULL,NULL,NULL,NULL,200,0,NULL,0,0,0,0,0,0,0,0,NULL,NULL,NULL,NULL,NULL,NULL,NULL,NULL,0,NULL,NULL,NULL,NULL,1,NULL,'36.237.142.115',NULL,NULL,NULL,NULL,NULL),(19,'2017-09-20 20:00:18',NULL,NULL,NULL,NULL,125,193,NULL,NULL,15,NULL,NULL,NULL,NULL,NULL,300,0,NULL,0,0,0,0,0,0,0,0,NULL,NULL,NULL,NULL,NULL,NULL,NULL,NULL,0,NULL,NULL,NULL,NULL,1,NULL,'36.236.162.40',NULL,NULL,NULL,NULL,NULL),(20,'2017-09-27 17:31:38',NULL,NULL,NULL,NULL,125,194,NULL,NULL,15,NULL,NULL,NULL,NULL,NULL,300,0,NULL,0,0,0,0,0,0,0,0,NULL,NULL,NULL,NULL,NULL,NULL,NULL,NULL,0,NULL,NULL,NULL,NULL,1,NULL,'36.237.142.115',NULL,NULL,NULL,NULL,NULL),(21,'2017-09-24 07:46:18',NULL,NULL,NULL,NULL,125,195,NULL,NULL,15,NULL,NULL,NULL,NULL,NULL,130,0,NULL,0,0,0,0,0,0,0,0,NULL,NULL,NULL,NULL,NULL,NULL,NULL,NULL,0,NULL,NULL,NULL,NULL,1,NULL,'210.240.164.210',NULL,NULL,NULL,NULL,NULL),(22,'2017-09-21 11:49:56',NULL,NULL,NULL,NULL,125,197,NULL,NULL,15,NULL,NULL,NULL,NULL,NULL,0,0,NULL,0,0,0,0,0,0,0,0,NULL,NULL,NULL,NULL,NULL,NULL,NULL,NULL,0,NULL,NULL,NULL,NULL,1,NULL,'210.240.173.35',NULL,NULL,NULL,NULL,NULL),(23,'2017-09-24 08:42:10',NULL,NULL,NULL,NULL,125,201,NULL,NULL,15,NULL,NULL,NULL,NULL,NULL,770,0,NULL,0,0,0,0,0,0,0,0,NULL,NULL,NULL,NULL,NULL,NULL,NULL,NULL,0,NULL,NULL,NULL,NULL,1,NULL,'210.240.164.210',NULL,NULL,NULL,NULL,NULL),(24,'2017-09-24 08:45:58',NULL,NULL,NULL,NULL,125,202,NULL,NULL,15,NULL,NULL,NULL,NULL,NULL,630,0,NULL,0,0,0,0,0,0,0,0,NULL,NULL,NULL,NULL,NULL,NULL,NULL,NULL,0,NULL,NULL,NULL,NULL,1,NULL,'210.240.164.210',NULL,NULL,NULL,NULL,NULL),(25,'2017-09-24 19:16:44',NULL,NULL,NULL,NULL,125,203,NULL,NULL,15,NULL,NULL,NULL,NULL,NULL,480,0,NULL,0,0,0,0,0,0,0,0,NULL,NULL,NULL,NULL,NULL,NULL,NULL,NULL,0,NULL,NULL,NULL,NULL,1,NULL,'111.242.197.223',NULL,NULL,NULL,NULL,NULL),(26,'2017-09-24 19:19:01',NULL,NULL,NULL,NULL,125,204,NULL,NULL,15,NULL,NULL,NULL,NULL,NULL,540,0,NULL,0,0,0,0,0,0,0,0,NULL,NULL,NULL,NULL,NULL,NULL,NULL,NULL,0,NULL,NULL,NULL,NULL,1,NULL,'111.242.197.223',NULL,NULL,NULL,NULL,NULL),(27,'2017-09-24 19:22:38',NULL,NULL,NULL,NULL,125,205,NULL,NULL,15,NULL,NULL,NULL,NULL,NULL,510,0,NULL,0,0,0,0,0,0,0,0,NULL,NULL,NULL,NULL,NULL,NULL,NULL,NULL,0,NULL,NULL,NULL,NULL,1,NULL,'111.242.197.223',NULL,NULL,NULL,NULL,NULL),(28,'2017-09-24 19:24:25',NULL,NULL,NULL,NULL,125,207,NULL,NULL,15,NULL,NULL,NULL,NULL,NULL,550,0,NULL,0,0,0,0,0,0,0,0,NULL,NULL,NULL,NULL,NULL,NULL,NULL,NULL,0,NULL,NULL,NULL,NULL,1,NULL,'111.242.197.223',NULL,NULL,NULL,NULL,NULL),(29,'2017-09-24 19:29:38',NULL,NULL,NULL,NULL,125,208,NULL,NULL,15,NULL,NULL,NULL,NULL,NULL,650,0,NULL,0,0,0,0,0,0,0,0,NULL,NULL,NULL,NULL,NULL,NULL,NULL,NULL,0,NULL,NULL,NULL,NULL,1,NULL,'111.242.197.223',NULL,NULL,NULL,NULL,NULL),(30,'2017-09-24 19:31:34',NULL,NULL,NULL,NULL,125,209,NULL,NULL,15,NULL,NULL,NULL,NULL,NULL,750,0,NULL,0,0,0,0,0,0,0,0,NULL,NULL,NULL,NULL,NULL,NULL,NULL,NULL,0,NULL,NULL,NULL,NULL,1,NULL,'111.242.197.223',NULL,NULL,NULL,NULL,NULL),(31,'2017-10-04 02:52:36',NULL,NULL,NULL,NULL,3,211,NULL,NULL,1,NULL,NULL,NULL,NULL,NULL,0,0,NULL,0,0,0,0,0,0,0,0,NULL,NULL,NULL,NULL,NULL,NULL,NULL,NULL,0,NULL,NULL,NULL,NULL,1,NULL,'210.240.179.55',NULL,NULL,NULL,NULL,NULL),(32,'2017-09-27 17:32:37',NULL,NULL,NULL,NULL,125,212,NULL,NULL,15,NULL,NULL,NULL,NULL,NULL,130,0,NULL,0,0,0,0,0,0,0,0,NULL,NULL,NULL,NULL,NULL,NULL,NULL,NULL,0,NULL,NULL,NULL,NULL,1,NULL,'36.237.142.115',NULL,NULL,NULL,NULL,NULL),(33,'2017-09-27 01:57:06',NULL,NULL,NULL,NULL,104,279,NULL,NULL,7,NULL,NULL,NULL,NULL,NULL,1000,950,NULL,0,0,0,0,0,0,0,0,NULL,NULL,NULL,NULL,NULL,NULL,NULL,NULL,0,NULL,NULL,NULL,NULL,1,NULL,'210.240.156.207',NULL,NULL,NULL,NULL,NULL),(34,'2017-09-27 15:35:59',NULL,NULL,NULL,NULL,124,306,NULL,NULL,14,NULL,NULL,NULL,NULL,NULL,0,0,NULL,0,0,0,0,0,0,0,0,NULL,NULL,NULL,NULL,NULL,NULL,NULL,NULL,0,NULL,NULL,NULL,NULL,1,NULL,'218.173.89.27',NULL,NULL,NULL,NULL,NULL),(35,'0000-00-00 00:00:00','2017-09-28 21:30:56',NULL,NULL,NULL,125,308,NULL,NULL,NULL,NULL,NULL,NULL,NULL,NULL,NULL,NULL,NULL,NULL,NULL,NULL,NULL,NULL,NULL,NULL,NULL,NULL,NULL,NULL,NULL,NULL,NULL,NULL,NULL,NULL,NULL,NULL,NULL,NULL,1,NULL,NULL,NULL,NULL,NULL,NULL,NULL),(36,'2017-09-28 13:31:09',NULL,NULL,NULL,NULL,125,333,NULL,NULL,15,NULL,NULL,NULL,NULL,NULL,0,0,NULL,12,12,0,0,0,0,0,0,NULL,NULL,NULL,NULL,NULL,NULL,NULL,NULL,0,NULL,NULL,NULL,NULL,1,NULL,'210.240.156.90',NULL,NULL,NULL,NULL,NULL),(37,'0000-00-00 00:00:00','2017-09-28 21:36:08',NULL,NULL,NULL,3,0,NULL,NULL,NULL,NULL,NULL,NULL,NULL,NULL,NULL,NULL,NULL,NULL,NULL,NULL,NULL,NULL,NULL,NULL,NULL,NULL,NULL,NULL,NULL,NULL,NULL,NULL,NULL,NULL,NULL,NULL,NULL,NULL,1,NULL,NULL,NULL,NULL,NULL,NULL,NULL),(38,'2017-10-25 15:54:24',NULL,NULL,NULL,NULL,45,354,NULL,NULL,5,NULL,NULL,NULL,NULL,NULL,800,800,NULL,0,0,0,0,0,0,0,0,NULL,NULL,NULL,NULL,NULL,NULL,NULL,NULL,1,NULL,NULL,NULL,NULL,1,NULL,'111.242.191.11',NULL,NULL,NULL,NULL,NULL),(39,'2017-10-06 16:02:10',NULL,NULL,NULL,NULL,104,364,NULL,NULL,7,NULL,NULL,NULL,NULL,NULL,9800,0,NULL,0,0,0,0,0,0,0,0,NULL,NULL,NULL,NULL,NULL,NULL,NULL,NULL,0,NULL,NULL,NULL,NULL,1,NULL,'192.168.1.1',NULL,NULL,NULL,NULL,NULL),(40,'2017-10-06 13:56:30',NULL,NULL,NULL,NULL,104,365,NULL,NULL,7,NULL,NULL,NULL,NULL,NULL,6800,0,NULL,0,0,0,0,0,0,0,0,NULL,NULL,NULL,NULL,NULL,NULL,NULL,NULL,0,NULL,NULL,NULL,NULL,1,NULL,'210.240.156.155',NULL,NULL,NULL,NULL,NULL),(41,'2017-10-06 13:56:46',NULL,NULL,NULL,NULL,104,366,NULL,NULL,7,NULL,NULL,NULL,NULL,NULL,9800,0,NULL,0,0,0,0,0,0,0,0,NULL,NULL,NULL,NULL,NULL,NULL,NULL,NULL,0,NULL,NULL,NULL,NULL,1,NULL,'210.240.156.155',NULL,NULL,NULL,NULL,NULL),(42,'2017-10-06 13:57:10',NULL,NULL,NULL,NULL,104,367,NULL,NULL,7,NULL,NULL,NULL,NULL,NULL,9800,0,NULL,0,0,0,0,0,0,0,0,NULL,NULL,NULL,NULL,NULL,NULL,NULL,NULL,0,NULL,NULL,NULL,NULL,1,NULL,'210.240.156.155',NULL,NULL,NULL,NULL,NULL),(43,'2017-10-06 13:57:27',NULL,NULL,NULL,NULL,104,368,NULL,NULL,7,NULL,NULL,NULL,NULL,NULL,12800,0,NULL,0,0,0,0,0,0,0,0,NULL,NULL,NULL,NULL,NULL,NULL,NULL,NULL,0,NULL,NULL,NULL,NULL,1,NULL,'210.240.156.155',NULL,NULL,NULL,NULL,NULL),(44,'2017-10-06 13:57:47',NULL,NULL,NULL,NULL,104,369,NULL,NULL,7,NULL,NULL,NULL,NULL,NULL,3600,0,NULL,0,0,0,0,0,0,0,0,NULL,NULL,NULL,NULL,NULL,NULL,NULL,NULL,0,NULL,NULL,NULL,NULL,1,NULL,'210.240.156.155',NULL,NULL,NULL,NULL,NULL),(45,'2017-10-06 13:57:59',NULL,NULL,NULL,NULL,104,370,NULL,NULL,7,NULL,NULL,NULL,NULL,NULL,1800,0,NULL,0,0,0,0,0,0,0,0,NULL,NULL,NULL,NULL,NULL,NULL,NULL,NULL,0,NULL,NULL,NULL,NULL,1,NULL,'210.240.156.155',NULL,NULL,NULL,NULL,NULL),(46,'2017-10-06 13:58:12',NULL,NULL,NULL,NULL,104,371,NULL,NULL,7,NULL,NULL,NULL,NULL,NULL,1800,0,NULL,0,0,0,0,0,0,0,0,NULL,NULL,NULL,NULL,NULL,NULL,NULL,NULL,0,NULL,NULL,NULL,NULL,1,NULL,'210.240.156.155',NULL,NULL,NULL,NULL,NULL),(47,'2017-10-06 13:58:22',NULL,NULL,NULL,NULL,104,372,NULL,NULL,7,NULL,NULL,NULL,NULL,NULL,9800,0,NULL,0,0,0,0,0,0,0,0,NULL,NULL,NULL,NULL,NULL,NULL,NULL,NULL,0,NULL,NULL,NULL,NULL,1,NULL,'210.240.156.155',NULL,NULL,NULL,NULL,NULL),(48,'2017-10-06 14:00:48',NULL,NULL,NULL,NULL,104,373,NULL,NULL,7,NULL,NULL,NULL,NULL,NULL,6800,6800,NULL,1,0,0,0,0,0,0,0,NULL,NULL,NULL,NULL,NULL,NULL,NULL,NULL,1,NULL,NULL,NULL,NULL,1,NULL,'210.240.156.155',NULL,NULL,NULL,NULL,NULL),(49,'2017-10-05 02:51:08','2017-09-29 21:17:12',NULL,NULL,NULL,125,352,NULL,NULL,15,NULL,NULL,NULL,NULL,NULL,1000,1000,NULL,0,0,0,0,0,0,0,0,NULL,NULL,NULL,NULL,NULL,NULL,NULL,NULL,0,NULL,NULL,NULL,NULL,1,NULL,'36.236.164.60',NULL,NULL,NULL,NULL,NULL),(50,'0000-00-00 00:00:00','2017-09-29 21:17:41',NULL,NULL,NULL,125,0,NULL,NULL,NULL,NULL,NULL,NULL,NULL,NULL,NULL,NULL,NULL,NULL,NULL,NULL,NULL,NULL,NULL,NULL,NULL,NULL,NULL,NULL,NULL,NULL,NULL,NULL,NULL,NULL,NULL,NULL,NULL,NULL,1,NULL,NULL,NULL,NULL,NULL,NULL,NULL),(51,'0000-00-00 00:00:00','2017-09-29 21:25:55',NULL,NULL,NULL,125,0,NULL,NULL,NULL,NULL,NULL,NULL,NULL,NULL,NULL,NULL,NULL,NULL,NULL,NULL,NULL,NULL,NULL,NULL,NULL,NULL,NULL,NULL,NULL,NULL,NULL,NULL,NULL,NULL,NULL,NULL,NULL,NULL,1,NULL,NULL,NULL,NULL,NULL,NULL,NULL),(52,'0000-00-00 00:00:00','2017-09-29 21:26:04',NULL,NULL,NULL,125,0,NULL,NULL,NULL,NULL,NULL,NULL,NULL,NULL,NULL,NULL,NULL,NULL,NULL,NULL,NULL,NULL,NULL,NULL,NULL,NULL,NULL,NULL,NULL,NULL,NULL,NULL,NULL,NULL,NULL,NULL,NULL,NULL,1,NULL,NULL,NULL,NULL,NULL,NULL,NULL),(53,'0000-00-00 00:00:00','2017-09-29 21:26:25',NULL,NULL,NULL,125,0,NULL,NULL,NULL,NULL,NULL,NULL,NULL,NULL,NULL,NULL,NULL,NULL,NULL,NULL,NULL,NULL,NULL,NULL,NULL,NULL,NULL,NULL,NULL,NULL,NULL,NULL,NULL,NULL,NULL,NULL,NULL,NULL,1,NULL,NULL,NULL,NULL,NULL,NULL,NULL),(54,'0000-00-00 00:00:00','2017-09-29 22:05:32',NULL,NULL,NULL,125,0,NULL,NULL,NULL,NULL,NULL,NULL,NULL,NULL,NULL,NULL,NULL,NULL,NULL,NULL,NULL,NULL,NULL,NULL,NULL,NULL,NULL,NULL,NULL,NULL,NULL,NULL,NULL,NULL,NULL,NULL,NULL,NULL,1,NULL,NULL,NULL,NULL,NULL,NULL,NULL),(55,'0000-00-00 00:00:00','2017-09-29 23:35:31',NULL,NULL,NULL,125,0,NULL,NULL,NULL,NULL,NULL,NULL,NULL,NULL,NULL,NULL,NULL,NULL,NULL,NULL,NULL,NULL,NULL,NULL,NULL,NULL,NULL,NULL,NULL,NULL,NULL,NULL,NULL,NULL,NULL,NULL,NULL,NULL,1,NULL,NULL,NULL,NULL,NULL,NULL,NULL),(56,'0000-00-00 00:00:00','2017-09-30 00:25:23',NULL,NULL,NULL,125,0,NULL,NULL,NULL,NULL,NULL,NULL,NULL,NULL,NULL,NULL,NULL,NULL,NULL,NULL,NULL,NULL,NULL,NULL,NULL,NULL,NULL,NULL,NULL,NULL,NULL,NULL,NULL,NULL,NULL,NULL,NULL,NULL,1,NULL,NULL,NULL,NULL,NULL,NULL,NULL),(57,'0000-00-00 00:00:00','2017-09-30 00:25:33',NULL,NULL,NULL,125,0,NULL,NULL,NULL,NULL,NULL,NULL,NULL,NULL,NULL,NULL,NULL,NULL,NULL,NULL,NULL,NULL,NULL,NULL,NULL,NULL,NULL,NULL,NULL,NULL,NULL,NULL,NULL,NULL,NULL,NULL,NULL,NULL,1,NULL,NULL,NULL,NULL,NULL,NULL,NULL),(58,'0000-00-00 00:00:00','2017-09-30 01:34:52',NULL,NULL,NULL,125,0,NULL,NULL,NULL,NULL,NULL,NULL,NULL,NULL,NULL,NULL,NULL,NULL,NULL,NULL,NULL,NULL,NULL,NULL,NULL,NULL,NULL,NULL,NULL,NULL,NULL,NULL,NULL,NULL,NULL,NULL,NULL,NULL,1,NULL,NULL,NULL,NULL,NULL,NULL,NULL),(59,'0000-00-00 00:00:00','2017-09-30 01:35:30',NULL,NULL,NULL,125,0,NULL,NULL,NULL,NULL,NULL,NULL,NULL,NULL,NULL,NULL,NULL,NULL,NULL,NULL,NULL,NULL,NULL,NULL,NULL,NULL,NULL,NULL,NULL,NULL,NULL,NULL,NULL,NULL,NULL,NULL,NULL,NULL,1,NULL,NULL,NULL,NULL,NULL,NULL,NULL),(60,'0000-00-00 00:00:00','2017-09-30 11:12:21',NULL,NULL,NULL,125,0,NULL,NULL,NULL,NULL,NULL,NULL,NULL,NULL,NULL,NULL,NULL,NULL,NULL,NULL,NULL,NULL,NULL,NULL,NULL,NULL,NULL,NULL,NULL,NULL,NULL,NULL,NULL,NULL,NULL,NULL,NULL,NULL,1,NULL,NULL,NULL,NULL,NULL,NULL,NULL),(61,'0000-00-00 00:00:00','2017-09-30 11:16:28',NULL,NULL,NULL,125,0,NULL,NULL,NULL,NULL,NULL,NULL,NULL,NULL,NULL,NULL,NULL,NULL,NULL,NULL,NULL,NULL,NULL,NULL,NULL,NULL,NULL,NULL,NULL,NULL,NULL,NULL,NULL,NULL,NULL,NULL,NULL,NULL,1,NULL,NULL,NULL,NULL,NULL,NULL,NULL),(62,'2017-10-03 18:30:36',NULL,NULL,NULL,NULL,125,382,NULL,NULL,15,NULL,NULL,NULL,NULL,NULL,800,8000,NULL,0,0,0,0,0,0,0,0,NULL,NULL,NULL,NULL,NULL,NULL,NULL,NULL,0,NULL,NULL,NULL,NULL,1,NULL,'36.236.164.60',NULL,NULL,NULL,NULL,NULL),(63,'0000-00-00 00:00:00','2017-10-01 02:30:48',NULL,NULL,NULL,125,0,NULL,NULL,NULL,NULL,NULL,NULL,NULL,NULL,NULL,NULL,NULL,NULL,NULL,NULL,NULL,NULL,NULL,NULL,NULL,NULL,NULL,NULL,NULL,NULL,NULL,NULL,NULL,NULL,NULL,NULL,NULL,NULL,1,NULL,NULL,NULL,NULL,NULL,NULL,NULL),(64,'2017-09-30 18:51:49',NULL,NULL,NULL,NULL,125,384,NULL,NULL,15,NULL,NULL,NULL,NULL,NULL,0,0,NULL,0,0,0,0,0,0,0,0,NULL,NULL,NULL,NULL,NULL,NULL,NULL,NULL,0,NULL,NULL,NULL,NULL,1,NULL,'111.242.199.164',NULL,NULL,NULL,NULL,NULL),(65,'0000-00-00 00:00:00','2017-10-01 16:43:21',NULL,NULL,NULL,125,0,NULL,NULL,NULL,NULL,NULL,NULL,NULL,NULL,NULL,NULL,NULL,NULL,NULL,NULL,NULL,NULL,NULL,NULL,NULL,NULL,NULL,NULL,NULL,NULL,NULL,NULL,NULL,NULL,NULL,NULL,NULL,NULL,1,NULL,NULL,NULL,NULL,NULL,NULL,NULL),(66,'0000-00-00 00:00:00','2017-10-01 16:43:33',NULL,NULL,NULL,125,0,NULL,NULL,NULL,NULL,NULL,NULL,NULL,NULL,NULL,NULL,NULL,NULL,NULL,NULL,NULL,NULL,NULL,NULL,NULL,NULL,NULL,NULL,NULL,NULL,NULL,NULL,NULL,NULL,NULL,NULL,NULL,NULL,1,NULL,NULL,NULL,NULL,NULL,NULL,NULL),(67,'2017-10-01 09:02:01',NULL,NULL,NULL,NULL,125,393,NULL,NULL,15,NULL,NULL,NULL,NULL,NULL,200,0,NULL,0,0,0,0,0,0,0,0,NULL,NULL,NULL,NULL,NULL,NULL,NULL,NULL,0,NULL,NULL,NULL,NULL,1,NULL,'36.237.141.175',NULL,NULL,NULL,NULL,NULL),(68,'2017-10-01 09:02:57',NULL,NULL,NULL,NULL,125,394,NULL,NULL,15,NULL,NULL,NULL,NULL,NULL,770,0,NULL,0,0,0,0,0,0,0,0,NULL,NULL,NULL,NULL,NULL,NULL,NULL,NULL,0,NULL,NULL,NULL,NULL,1,NULL,'36.237.141.175',NULL,NULL,NULL,NULL,NULL),(69,'2017-10-01 09:04:40',NULL,NULL,NULL,NULL,125,395,NULL,NULL,15,NULL,NULL,NULL,NULL,NULL,630,0,NULL,0,0,0,0,0,0,0,0,NULL,NULL,NULL,NULL,NULL,NULL,NULL,NULL,0,NULL,NULL,NULL,NULL,1,NULL,'36.237.141.175',NULL,NULL,NULL,NULL,NULL),(70,'2017-10-01 09:05:36',NULL,NULL,NULL,NULL,125,396,NULL,NULL,15,NULL,NULL,NULL,NULL,NULL,480,0,NULL,0,0,0,0,0,0,0,0,NULL,NULL,NULL,NULL,NULL,NULL,NULL,NULL,0,NULL,NULL,NULL,NULL,1,NULL,'36.237.141.175',NULL,NULL,NULL,NULL,NULL),(71,'2017-10-01 09:06:00',NULL,NULL,NULL,NULL,125,397,NULL,NULL,15,NULL,NULL,NULL,NULL,NULL,540,0,NULL,0,0,0,0,0,0,0,0,NULL,NULL,NULL,NULL,NULL,NULL,NULL,NULL,0,NULL,NULL,NULL,NULL,1,NULL,'36.237.141.175',NULL,NULL,NULL,NULL,NULL),(72,'2017-10-01 09:06:48',NULL,NULL,NULL,NULL,125,398,NULL,NULL,15,NULL,NULL,NULL,NULL,NULL,200,0,NULL,0,0,0,0,0,0,0,0,NULL,NULL,NULL,NULL,NULL,NULL,NULL,NULL,0,NULL,NULL,NULL,NULL,1,NULL,'36.237.141.175',NULL,NULL,NULL,NULL,NULL),(73,'0000-00-00 00:00:00','2017-10-01 17:08:15',NULL,NULL,NULL,125,0,NULL,NULL,NULL,NULL,NULL,NULL,NULL,NULL,NULL,NULL,NULL,NULL,NULL,NULL,NULL,NULL,NULL,NULL,NULL,NULL,NULL,NULL,NULL,NULL,NULL,NULL,NULL,NULL,NULL,NULL,NULL,NULL,1,NULL,NULL,NULL,NULL,NULL,NULL,NULL),(74,'2017-10-01 15:00:35',NULL,NULL,NULL,NULL,125,399,NULL,NULL,15,NULL,NULL,NULL,NULL,NULL,240,0,NULL,0,0,0,0,0,0,0,0,NULL,NULL,NULL,NULL,NULL,NULL,NULL,NULL,0,NULL,NULL,NULL,NULL,1,NULL,'111.242.199.164',NULL,NULL,NULL,NULL,NULL),(75,'2017-10-01 09:11:19',NULL,NULL,NULL,NULL,125,400,NULL,NULL,15,NULL,NULL,NULL,NULL,NULL,240,0,NULL,0,0,0,0,0,0,0,0,NULL,NULL,NULL,NULL,NULL,NULL,NULL,NULL,0,NULL,NULL,NULL,NULL,1,NULL,'36.237.141.175',NULL,NULL,NULL,NULL,NULL),(76,'2017-10-01 09:12:22',NULL,NULL,NULL,NULL,125,401,NULL,NULL,15,NULL,NULL,NULL,NULL,NULL,130,0,NULL,0,0,0,0,0,0,0,0,NULL,NULL,NULL,NULL,NULL,NULL,NULL,NULL,0,NULL,NULL,NULL,NULL,1,NULL,'36.237.141.175',NULL,NULL,NULL,NULL,NULL),(77,'2017-10-01 09:12:59',NULL,NULL,NULL,NULL,125,402,NULL,NULL,15,NULL,NULL,NULL,NULL,NULL,300,0,NULL,0,0,0,0,0,0,0,0,NULL,NULL,NULL,NULL,NULL,NULL,NULL,NULL,0,NULL,NULL,NULL,NULL,1,NULL,'36.237.141.175',NULL,NULL,NULL,NULL,NULL),(78,'2017-10-01 09:13:31',NULL,NULL,NULL,NULL,125,403,NULL,NULL,15,NULL,NULL,NULL,NULL,NULL,550,0,NULL,0,0,0,0,0,0,0,0,NULL,NULL,NULL,NULL,NULL,NULL,NULL,NULL,0,NULL,NULL,NULL,NULL,1,NULL,'36.237.141.175',NULL,NULL,NULL,NULL,NULL),(79,'2017-10-01 09:14:06',NULL,NULL,NULL,NULL,125,404,NULL,NULL,15,NULL,NULL,NULL,NULL,NULL,650,0,NULL,0,0,0,0,0,0,0,0,NULL,NULL,NULL,NULL,NULL,NULL,NULL,NULL,0,NULL,NULL,NULL,NULL,1,NULL,'36.237.141.175',NULL,NULL,NULL,NULL,NULL),(80,'2017-10-01 09:16:40',NULL,NULL,NULL,NULL,125,405,NULL,NULL,15,NULL,NULL,NULL,NULL,NULL,750,0,NULL,0,0,0,0,0,0,0,0,NULL,NULL,NULL,NULL,NULL,NULL,NULL,NULL,0,NULL,NULL,NULL,NULL,1,NULL,'36.237.141.175',NULL,NULL,NULL,NULL,NULL),(81,'2017-10-05 15:36:16',NULL,NULL,NULL,NULL,125,426,NULL,NULL,15,NULL,NULL,NULL,NULL,NULL,800,770,NULL,0,0,0,0,0,0,0,0,NULL,NULL,NULL,NULL,NULL,NULL,NULL,NULL,10,NULL,NULL,NULL,NULL,1,NULL,'36.236.164.60',NULL,NULL,NULL,NULL,NULL),(82,'2017-10-05 15:36:27',NULL,NULL,NULL,NULL,125,427,NULL,NULL,15,NULL,NULL,NULL,NULL,NULL,700,630,NULL,0,0,0,0,0,0,0,0,NULL,NULL,NULL,NULL,NULL,NULL,NULL,NULL,10,NULL,NULL,NULL,NULL,1,NULL,'36.236.164.60',NULL,NULL,NULL,NULL,NULL),(83,'2017-10-05 15:37:05',NULL,NULL,NULL,NULL,125,428,NULL,NULL,15,NULL,NULL,NULL,NULL,NULL,600,480,NULL,0,0,0,0,0,0,0,0,NULL,NULL,NULL,NULL,NULL,NULL,NULL,NULL,0,NULL,NULL,NULL,NULL,1,NULL,'36.236.164.60',NULL,NULL,NULL,NULL,NULL),(84,'2017-10-01 16:35:47',NULL,NULL,NULL,NULL,125,429,NULL,NULL,15,NULL,NULL,NULL,NULL,NULL,0,0,NULL,0,0,0,0,0,0,0,0,NULL,NULL,NULL,NULL,NULL,NULL,NULL,NULL,0,NULL,NULL,NULL,NULL,1,NULL,'101.8.133.87',NULL,NULL,NULL,NULL,NULL),(85,'2017-10-01 16:35:48',NULL,NULL,NULL,NULL,125,430,NULL,NULL,15,NULL,NULL,NULL,NULL,NULL,0,0,NULL,0,0,0,0,0,0,0,0,NULL,NULL,NULL,NULL,NULL,NULL,NULL,NULL,0,NULL,NULL,NULL,NULL,1,NULL,'101.8.133.87',NULL,NULL,NULL,NULL,NULL),(86,'2017-10-01 16:35:48',NULL,NULL,NULL,NULL,125,431,NULL,NULL,15,NULL,NULL,NULL,NULL,NULL,0,0,NULL,0,0,0,0,0,0,0,0,NULL,NULL,NULL,NULL,NULL,NULL,NULL,NULL,0,NULL,NULL,NULL,NULL,1,NULL,'101.8.133.87',NULL,NULL,NULL,NULL,NULL),(87,'2017-10-05 15:36:04',NULL,NULL,NULL,NULL,125,432,NULL,NULL,15,NULL,NULL,NULL,NULL,NULL,200,200,NULL,0,0,0,0,0,0,0,0,NULL,NULL,NULL,NULL,NULL,NULL,NULL,NULL,0,NULL,NULL,NULL,NULL,1,NULL,'36.236.164.60',NULL,NULL,NULL,NULL,NULL),(88,'2017-10-01 16:50:33',NULL,NULL,NULL,NULL,125,433,NULL,NULL,15,NULL,NULL,NULL,NULL,NULL,0,0,NULL,0,0,0,0,0,0,0,0,NULL,NULL,NULL,NULL,NULL,NULL,NULL,NULL,0,NULL,NULL,NULL,NULL,1,NULL,'101.8.133.87',NULL,NULL,NULL,NULL,NULL),(89,'2017-10-01 20:20:37',NULL,NULL,NULL,NULL,125,434,NULL,NULL,15,NULL,NULL,NULL,NULL,NULL,800,750,NULL,0,0,0,0,0,0,0,0,NULL,NULL,NULL,NULL,NULL,NULL,NULL,NULL,10,NULL,NULL,NULL,NULL,1,NULL,'111.242.199.164',NULL,NULL,NULL,NULL,NULL),(90,'2017-10-05 14:54:52',NULL,NULL,NULL,NULL,125,435,NULL,NULL,15,NULL,NULL,NULL,NULL,NULL,550,550,NULL,0,0,0,0,0,0,0,0,NULL,NULL,NULL,NULL,NULL,NULL,NULL,NULL,0,NULL,NULL,NULL,NULL,1,NULL,'36.236.164.60',NULL,NULL,NULL,NULL,NULL),(91,'2017-10-05 14:58:11',NULL,NULL,NULL,NULL,125,436,NULL,NULL,15,NULL,NULL,NULL,NULL,NULL,800,750,NULL,0,0,0,0,0,0,0,0,NULL,NULL,NULL,NULL,NULL,NULL,NULL,NULL,10,NULL,NULL,NULL,NULL,1,NULL,'36.236.164.60',NULL,NULL,NULL,NULL,NULL),(92,'2017-10-01 21:01:06',NULL,NULL,NULL,NULL,125,437,NULL,NULL,15,NULL,NULL,NULL,NULL,NULL,130,130,NULL,0,0,0,0,0,0,0,0,NULL,NULL,NULL,NULL,NULL,NULL,NULL,NULL,10,NULL,NULL,NULL,NULL,1,NULL,'111.242.199.164',NULL,NULL,NULL,NULL,NULL),(93,'0000-00-00 00:00:00','2017-10-02 04:56:34',NULL,NULL,NULL,125,0,NULL,NULL,NULL,NULL,NULL,NULL,NULL,NULL,NULL,NULL,NULL,NULL,NULL,NULL,NULL,NULL,NULL,NULL,NULL,NULL,NULL,NULL,NULL,NULL,NULL,NULL,NULL,NULL,NULL,NULL,NULL,NULL,1,NULL,NULL,NULL,NULL,NULL,NULL,NULL),(94,'0000-00-00 00:00:00','2017-10-02 05:00:51',NULL,NULL,NULL,125,0,NULL,NULL,NULL,NULL,NULL,NULL,NULL,NULL,NULL,NULL,NULL,NULL,NULL,NULL,NULL,NULL,NULL,NULL,NULL,NULL,NULL,NULL,NULL,NULL,NULL,NULL,NULL,NULL,NULL,NULL,NULL,NULL,1,NULL,NULL,NULL,NULL,NULL,NULL,NULL),(95,'0000-00-00 00:00:00','2017-10-02 05:01:20',NULL,NULL,NULL,125,0,NULL,NULL,NULL,NULL,NULL,NULL,NULL,NULL,NULL,NULL,NULL,NULL,NULL,NULL,NULL,NULL,NULL,NULL,NULL,NULL,NULL,NULL,NULL,NULL,NULL,NULL,NULL,NULL,NULL,NULL,NULL,NULL,1,NULL,NULL,NULL,NULL,NULL,NULL,NULL),(96,'2017-10-17 05:44:39',NULL,NULL,NULL,NULL,122,445,NULL,NULL,12,NULL,NULL,NULL,NULL,NULL,550,0,NULL,0,0,0,0,0,0,0,0,NULL,NULL,NULL,NULL,NULL,NULL,NULL,NULL,0,NULL,NULL,NULL,NULL,1,NULL,'210.240.156.82',NULL,NULL,NULL,NULL,NULL),(97,'2017-10-17 05:26:14',NULL,NULL,NULL,NULL,122,446,NULL,NULL,12,NULL,NULL,NULL,NULL,NULL,450,0,NULL,0,0,0,0,0,0,0,0,NULL,NULL,NULL,NULL,NULL,NULL,NULL,NULL,0,NULL,NULL,NULL,NULL,1,NULL,'210.240.156.82',NULL,NULL,NULL,NULL,NULL),(98,'2017-10-17 05:26:27',NULL,NULL,NULL,NULL,122,447,NULL,NULL,12,NULL,NULL,NULL,NULL,NULL,800,0,NULL,0,0,0,0,0,0,0,0,NULL,NULL,NULL,NULL,NULL,NULL,NULL,NULL,0,NULL,NULL,NULL,NULL,1,NULL,'210.240.156.82',NULL,NULL,NULL,NULL,NULL),(99,'2017-10-17 05:26:40',NULL,NULL,NULL,NULL,122,448,NULL,NULL,12,NULL,NULL,NULL,NULL,NULL,650,0,NULL,0,0,0,0,0,0,0,0,NULL,NULL,NULL,NULL,NULL,NULL,NULL,NULL,0,NULL,NULL,NULL,NULL,1,NULL,'210.240.156.82',NULL,NULL,NULL,NULL,NULL),(100,'2017-10-17 05:27:05',NULL,NULL,NULL,NULL,122,449,NULL,NULL,12,NULL,NULL,NULL,NULL,NULL,0,0,NULL,0,0,0,0,0,0,0,0,NULL,NULL,NULL,NULL,NULL,NULL,NULL,NULL,350,NULL,NULL,NULL,NULL,1,NULL,'210.240.156.82',NULL,NULL,NULL,NULL,NULL),(101,'2017-10-12 03:47:12',NULL,NULL,NULL,NULL,122,450,NULL,NULL,12,NULL,NULL,NULL,NULL,NULL,970,0,NULL,0,0,0,0,0,0,0,0,NULL,NULL,NULL,NULL,NULL,NULL,NULL,NULL,0,NULL,NULL,NULL,NULL,1,NULL,'210.240.156.82',NULL,NULL,NULL,NULL,NULL),(102,'2017-10-17 05:28:31',NULL,NULL,NULL,NULL,122,451,NULL,NULL,12,NULL,NULL,NULL,NULL,NULL,620,0,NULL,0,0,0,0,0,0,0,0,NULL,NULL,NULL,NULL,NULL,NULL,NULL,NULL,0,NULL,NULL,NULL,NULL,1,NULL,'210.240.156.82',NULL,NULL,NULL,NULL,NULL),(103,'2017-10-17 05:28:05',NULL,NULL,NULL,NULL,122,452,NULL,NULL,12,NULL,NULL,NULL,NULL,NULL,860,0,NULL,0,0,0,0,0,0,0,0,NULL,NULL,NULL,NULL,NULL,NULL,NULL,NULL,0,NULL,NULL,NULL,NULL,1,NULL,'210.240.156.82',NULL,NULL,NULL,NULL,NULL),(104,'2017-10-17 05:28:18',NULL,NULL,NULL,NULL,122,453,NULL,NULL,12,NULL,NULL,NULL,NULL,NULL,800,0,NULL,0,0,0,0,0,0,0,0,NULL,NULL,NULL,NULL,NULL,NULL,NULL,NULL,0,NULL,NULL,NULL,NULL,1,NULL,'210.240.156.82',NULL,NULL,NULL,NULL,NULL),(105,'2017-10-17 05:26:54',NULL,NULL,NULL,NULL,122,454,NULL,NULL,12,NULL,NULL,NULL,NULL,NULL,300,0,NULL,0,0,0,0,0,0,0,0,NULL,NULL,NULL,NULL,NULL,NULL,NULL,NULL,0,NULL,NULL,NULL,NULL,1,NULL,'210.240.156.82',NULL,NULL,NULL,NULL,NULL),(106,'0000-00-00 00:00:00','2017-10-04 01:17:35',NULL,NULL,NULL,122,443,NULL,NULL,NULL,NULL,NULL,NULL,NULL,NULL,NULL,NULL,NULL,NULL,NULL,NULL,NULL,NULL,NULL,NULL,NULL,NULL,NULL,NULL,NULL,NULL,NULL,NULL,NULL,NULL,NULL,NULL,NULL,NULL,1,NULL,NULL,NULL,NULL,NULL,NULL,NULL),(107,'2017-10-17 05:28:54',NULL,NULL,NULL,NULL,122,456,NULL,NULL,12,NULL,NULL,NULL,NULL,NULL,180,0,NULL,0,0,0,0,0,0,0,0,NULL,NULL,NULL,NULL,NULL,NULL,NULL,NULL,0,NULL,NULL,NULL,NULL,1,NULL,'210.240.156.82',NULL,NULL,NULL,NULL,NULL),(108,'2017-10-17 05:29:15',NULL,NULL,NULL,NULL,122,457,NULL,NULL,12,NULL,NULL,NULL,NULL,NULL,180,0,NULL,0,0,0,0,0,0,0,0,NULL,NULL,NULL,NULL,NULL,NULL,NULL,NULL,0,NULL,NULL,NULL,NULL,1,NULL,'210.240.156.82',NULL,NULL,NULL,NULL,NULL),(109,'2017-10-17 05:29:25',NULL,NULL,NULL,NULL,122,458,NULL,NULL,12,NULL,NULL,NULL,NULL,NULL,180,0,NULL,0,0,0,0,0,0,0,0,NULL,NULL,NULL,NULL,NULL,NULL,NULL,NULL,0,NULL,NULL,NULL,NULL,1,NULL,'210.240.156.82',NULL,NULL,NULL,NULL,NULL),(110,'2017-10-17 05:29:38',NULL,NULL,NULL,NULL,122,459,NULL,NULL,12,NULL,NULL,NULL,NULL,NULL,180,0,NULL,0,0,0,0,0,0,0,0,NULL,NULL,NULL,NULL,NULL,NULL,NULL,NULL,0,NULL,NULL,NULL,NULL,1,NULL,'210.240.156.82',NULL,NULL,NULL,NULL,NULL),(111,'2017-10-17 05:29:50',NULL,NULL,NULL,NULL,122,460,NULL,NULL,12,NULL,NULL,NULL,NULL,NULL,180,0,NULL,0,0,0,0,0,0,0,0,NULL,NULL,NULL,NULL,NULL,NULL,NULL,NULL,0,NULL,NULL,NULL,NULL,1,NULL,'210.240.156.82',NULL,NULL,NULL,NULL,NULL),(112,'2017-10-17 05:30:00',NULL,NULL,NULL,NULL,122,461,NULL,NULL,12,NULL,NULL,NULL,NULL,NULL,0,0,NULL,0,0,0,0,0,0,0,0,NULL,NULL,NULL,NULL,NULL,NULL,NULL,NULL,0,NULL,NULL,NULL,NULL,1,NULL,'210.240.156.82',NULL,NULL,NULL,NULL,NULL),(113,'2017-10-04 02:52:10','2017-10-04 10:23:41',NULL,NULL,NULL,3,99,NULL,NULL,1,NULL,NULL,NULL,NULL,NULL,0,0,NULL,0,0,0,0,0,0,0,0,NULL,NULL,NULL,NULL,NULL,NULL,NULL,NULL,0,NULL,NULL,NULL,NULL,1,NULL,'210.240.179.55',NULL,NULL,NULL,NULL,NULL),(114,'2017-10-04 02:51:58','2017-10-04 10:23:50',NULL,NULL,NULL,3,35,NULL,NULL,1,NULL,NULL,NULL,NULL,NULL,0,0,NULL,0,0,0,0,0,0,0,0,NULL,NULL,NULL,NULL,NULL,NULL,NULL,NULL,0,NULL,NULL,NULL,NULL,1,NULL,'210.240.179.55',NULL,NULL,NULL,NULL,NULL),(115,'2017-10-04 02:51:32','2017-10-04 10:23:58',NULL,NULL,NULL,3,34,NULL,NULL,1,NULL,NULL,NULL,NULL,NULL,0,0,NULL,0,0,0,0,0,0,0,0,NULL,NULL,NULL,NULL,NULL,NULL,NULL,NULL,0,NULL,NULL,NULL,NULL,1,NULL,'210.240.179.55',NULL,NULL,NULL,NULL,NULL),(116,'2017-10-08 17:50:01',NULL,NULL,NULL,NULL,122,489,NULL,NULL,12,NULL,NULL,NULL,NULL,NULL,0,0,NULL,0,0,0,0,0,0,0,0,NULL,NULL,NULL,NULL,NULL,NULL,NULL,NULL,0,NULL,NULL,NULL,NULL,1,NULL,'111.242.195.7',NULL,NULL,NULL,NULL,NULL),(117,'2017-10-10 03:27:26',NULL,NULL,NULL,NULL,124,494,NULL,NULL,14,NULL,NULL,NULL,NULL,NULL,0,0,NULL,0,0,0,0,0,0,0,0,NULL,NULL,NULL,NULL,NULL,NULL,NULL,NULL,0,NULL,NULL,NULL,NULL,1,NULL,'36.237.155.43',NULL,NULL,NULL,NULL,NULL),(118,'2017-10-11 07:11:21',NULL,NULL,NULL,NULL,125,507,NULL,NULL,15,NULL,NULL,NULL,NULL,NULL,0,0,NULL,0,0,0,0,0,0,0,0,NULL,NULL,NULL,NULL,NULL,NULL,NULL,NULL,0,NULL,NULL,NULL,NULL,1,NULL,'210.240.156.72',NULL,NULL,NULL,NULL,NULL),(119,'2017-10-11 14:26:17',NULL,NULL,NULL,NULL,122,527,NULL,NULL,12,NULL,NULL,NULL,NULL,NULL,0,0,NULL,0,0,0,0,0,0,0,0,NULL,NULL,NULL,NULL,NULL,NULL,NULL,NULL,0,NULL,NULL,NULL,NULL,1,NULL,'36.237.144.125',NULL,NULL,NULL,NULL,NULL),(120,'2017-10-11 16:12:06',NULL,NULL,NULL,NULL,122,528,NULL,NULL,12,NULL,NULL,NULL,NULL,NULL,0,0,NULL,0,0,0,0,0,0,0,0,NULL,NULL,NULL,NULL,NULL,NULL,NULL,NULL,0,NULL,NULL,NULL,NULL,1,NULL,'36.237.144.125',NULL,NULL,NULL,NULL,NULL),(121,'2017-10-11 18:46:21',NULL,NULL,NULL,NULL,125,531,NULL,NULL,15,NULL,NULL,NULL,NULL,NULL,150,0,NULL,0,0,0,0,0,0,0,0,NULL,NULL,NULL,NULL,NULL,NULL,NULL,NULL,0,NULL,NULL,NULL,NULL,1,NULL,'111.242.171.152',NULL,NULL,NULL,NULL,NULL),(122,'2017-10-11 19:02:45',NULL,NULL,NULL,NULL,125,541,NULL,NULL,15,NULL,NULL,NULL,NULL,NULL,300,0,NULL,0,0,0,0,0,0,0,0,NULL,NULL,NULL,NULL,NULL,NULL,NULL,NULL,0,NULL,NULL,NULL,NULL,1,NULL,'111.242.171.152',NULL,NULL,NULL,NULL,NULL),(123,'2017-10-11 19:07:04',NULL,NULL,NULL,NULL,125,542,NULL,NULL,15,NULL,NULL,NULL,NULL,NULL,250,0,NULL,0,0,0,0,0,0,0,0,NULL,NULL,NULL,NULL,NULL,NULL,NULL,NULL,0,NULL,NULL,NULL,NULL,1,NULL,'111.242.171.152',NULL,NULL,NULL,NULL,NULL),(124,'2017-10-11 19:14:15',NULL,NULL,NULL,NULL,125,543,NULL,NULL,15,NULL,NULL,NULL,NULL,NULL,400,0,NULL,0,0,0,0,0,0,0,0,NULL,NULL,NULL,NULL,NULL,NULL,NULL,NULL,0,NULL,NULL,NULL,NULL,1,NULL,'111.242.171.152',NULL,NULL,NULL,NULL,NULL),(125,'2017-10-11 19:22:33',NULL,NULL,NULL,NULL,125,544,NULL,NULL,15,NULL,NULL,NULL,NULL,NULL,200,0,NULL,0,0,0,0,0,0,0,0,NULL,NULL,NULL,NULL,NULL,NULL,NULL,NULL,0,NULL,NULL,NULL,NULL,1,NULL,'36.236.164.131',NULL,NULL,NULL,NULL,NULL),(126,'2017-10-11 19:44:10',NULL,NULL,NULL,NULL,125,545,NULL,NULL,15,NULL,NULL,NULL,NULL,NULL,0,0,NULL,0,0,0,0,0,0,0,0,NULL,NULL,NULL,NULL,NULL,NULL,NULL,NULL,0,NULL,NULL,NULL,NULL,1,NULL,'36.236.164.131',NULL,NULL,NULL,NULL,NULL),(127,'2017-10-11 19:27:56',NULL,NULL,NULL,NULL,125,546,NULL,NULL,15,NULL,NULL,NULL,NULL,NULL,200,0,NULL,0,0,0,0,0,0,0,0,NULL,NULL,NULL,NULL,NULL,NULL,NULL,NULL,0,NULL,NULL,NULL,NULL,1,NULL,'36.236.164.131',NULL,NULL,NULL,NULL,NULL),(128,'2017-10-11 19:29:21',NULL,NULL,NULL,NULL,125,547,NULL,NULL,15,NULL,NULL,NULL,NULL,NULL,100,0,NULL,0,0,0,0,0,0,0,0,NULL,NULL,NULL,NULL,NULL,NULL,NULL,NULL,0,NULL,NULL,NULL,NULL,1,NULL,'111.242.171.152',NULL,NULL,NULL,NULL,NULL),(129,'2017-10-11 22:31:06',NULL,NULL,NULL,NULL,125,548,NULL,NULL,15,NULL,NULL,NULL,NULL,NULL,200,200,NULL,0,0,0,0,0,0,0,0,NULL,NULL,NULL,NULL,NULL,NULL,NULL,NULL,0,NULL,NULL,NULL,NULL,1,NULL,'36.236.164.131',NULL,NULL,NULL,NULL,NULL),(130,'2017-10-11 19:58:20',NULL,NULL,NULL,NULL,125,549,NULL,NULL,15,NULL,NULL,NULL,NULL,NULL,50,0,NULL,0,0,0,0,0,0,0,0,NULL,NULL,NULL,NULL,NULL,NULL,NULL,NULL,0,NULL,NULL,NULL,NULL,1,NULL,'111.242.171.152',NULL,NULL,NULL,NULL,NULL),(131,'2017-10-11 22:31:42',NULL,NULL,NULL,NULL,125,550,NULL,NULL,15,NULL,NULL,NULL,NULL,NULL,600,600,NULL,0,0,0,0,0,0,0,0,NULL,NULL,NULL,NULL,NULL,NULL,NULL,NULL,0,NULL,NULL,NULL,NULL,1,NULL,'36.236.164.131',NULL,NULL,NULL,NULL,NULL),(132,'2017-10-11 20:33:28',NULL,NULL,NULL,NULL,125,551,NULL,NULL,15,NULL,NULL,NULL,NULL,NULL,0,0,NULL,0,0,0,0,0,0,0,0,NULL,NULL,NULL,NULL,NULL,NULL,NULL,NULL,0,NULL,NULL,NULL,NULL,1,NULL,'111.242.171.152',NULL,NULL,NULL,NULL,NULL),(133,'2017-10-11 20:08:03',NULL,NULL,NULL,NULL,125,552,NULL,NULL,15,NULL,NULL,NULL,NULL,NULL,0,0,NULL,0,0,0,0,0,0,0,0,NULL,NULL,NULL,NULL,NULL,NULL,NULL,NULL,0,NULL,NULL,NULL,NULL,1,NULL,'111.242.171.152',NULL,NULL,NULL,NULL,NULL),(134,'2017-10-24 18:55:34',NULL,NULL,NULL,NULL,125,554,NULL,NULL,15,NULL,NULL,NULL,NULL,NULL,630,630,NULL,0,0,0,0,0,0,0,0,NULL,NULL,NULL,NULL,NULL,NULL,NULL,NULL,0,NULL,NULL,NULL,NULL,1,NULL,'36.237.143.243',NULL,NULL,NULL,NULL,NULL),(135,'2017-10-24 18:53:39',NULL,NULL,NULL,NULL,125,556,NULL,NULL,15,NULL,NULL,NULL,NULL,NULL,770,770,NULL,0,0,0,0,0,0,0,0,NULL,NULL,NULL,NULL,NULL,NULL,NULL,NULL,0,NULL,NULL,NULL,NULL,1,NULL,'36.237.143.243',NULL,NULL,NULL,NULL,NULL),(136,'2017-10-24 18:39:41',NULL,NULL,NULL,NULL,125,557,NULL,NULL,15,NULL,NULL,NULL,NULL,NULL,240,240,NULL,0,0,0,0,0,0,0,0,NULL,NULL,NULL,NULL,NULL,NULL,NULL,NULL,0,NULL,NULL,NULL,NULL,1,NULL,'36.237.143.243',NULL,NULL,NULL,NULL,NULL),(137,'2017-10-24 18:41:17',NULL,NULL,NULL,NULL,125,558,NULL,NULL,15,NULL,NULL,NULL,NULL,NULL,480,480,NULL,0,0,0,0,0,0,0,0,NULL,NULL,NULL,NULL,NULL,NULL,NULL,NULL,0,NULL,NULL,NULL,NULL,1,NULL,'36.237.143.243',NULL,NULL,NULL,NULL,NULL),(138,'2017-10-24 18:43:49',NULL,NULL,NULL,NULL,125,559,NULL,NULL,15,NULL,NULL,NULL,NULL,NULL,270,270,NULL,0,0,0,0,0,0,0,0,NULL,NULL,NULL,NULL,NULL,NULL,NULL,NULL,0,NULL,NULL,NULL,NULL,1,NULL,'36.237.143.243',NULL,NULL,NULL,NULL,NULL),(139,'2017-10-24 18:44:25',NULL,NULL,NULL,NULL,125,560,NULL,NULL,15,NULL,NULL,NULL,NULL,NULL,540,540,NULL,0,0,0,0,0,0,0,0,NULL,NULL,NULL,NULL,NULL,NULL,NULL,NULL,0,NULL,NULL,NULL,NULL,1,NULL,'36.237.143.243',NULL,NULL,NULL,NULL,NULL),(140,'2017-10-24 18:46:06',NULL,NULL,NULL,NULL,125,561,NULL,NULL,15,NULL,NULL,NULL,NULL,NULL,510,510,NULL,0,0,0,0,0,0,0,0,NULL,NULL,NULL,NULL,NULL,NULL,NULL,NULL,0,NULL,NULL,NULL,NULL,1,NULL,'36.237.143.243',NULL,NULL,NULL,NULL,NULL),(141,'2017-10-24 18:49:21',NULL,NULL,NULL,NULL,125,562,NULL,NULL,15,NULL,NULL,NULL,NULL,NULL,200,200,NULL,0,0,0,0,0,0,0,0,NULL,NULL,NULL,NULL,NULL,NULL,NULL,NULL,0,NULL,NULL,NULL,NULL,1,NULL,'36.237.143.243',NULL,NULL,NULL,NULL,NULL),(142,'2017-10-24 18:50:18',NULL,NULL,NULL,NULL,125,563,NULL,NULL,15,NULL,NULL,NULL,NULL,NULL,250,250,NULL,0,0,0,0,0,0,0,0,NULL,NULL,NULL,NULL,NULL,NULL,NULL,NULL,0,NULL,NULL,NULL,NULL,1,NULL,'36.237.143.243',NULL,NULL,NULL,NULL,NULL),(143,'2017-10-24 18:50:34',NULL,NULL,NULL,NULL,125,564,NULL,NULL,15,NULL,NULL,NULL,NULL,NULL,250,250,NULL,0,0,0,0,0,0,0,0,NULL,NULL,NULL,NULL,NULL,NULL,NULL,NULL,0,NULL,NULL,NULL,NULL,1,NULL,'36.237.143.243',NULL,NULL,NULL,NULL,NULL),(144,'2017-10-24 18:58:26',NULL,NULL,NULL,NULL,125,565,NULL,NULL,15,NULL,NULL,NULL,NULL,NULL,399,399,NULL,0,0,0,0,0,0,0,0,NULL,NULL,NULL,NULL,NULL,NULL,NULL,NULL,0,NULL,NULL,NULL,NULL,1,NULL,'36.237.143.243',NULL,NULL,NULL,NULL,NULL),(145,'2017-10-24 18:59:57',NULL,NULL,NULL,NULL,125,566,NULL,NULL,15,NULL,NULL,NULL,NULL,NULL,300,300,NULL,0,0,0,0,0,0,0,0,NULL,NULL,NULL,NULL,NULL,NULL,NULL,NULL,0,NULL,NULL,NULL,NULL,1,NULL,'36.237.143.243',NULL,NULL,NULL,NULL,NULL),(146,'2017-10-11 22:00:06',NULL,NULL,NULL,NULL,125,567,NULL,NULL,15,NULL,NULL,NULL,NULL,NULL,130,0,NULL,0,0,0,0,0,0,0,0,NULL,NULL,NULL,NULL,NULL,NULL,NULL,NULL,0,NULL,NULL,NULL,NULL,1,NULL,'36.236.164.131',NULL,NULL,NULL,NULL,NULL),(147,'2017-10-11 22:01:52',NULL,NULL,NULL,NULL,125,568,NULL,NULL,15,NULL,NULL,NULL,NULL,NULL,130,0,NULL,0,0,0,0,0,0,0,0,NULL,NULL,NULL,NULL,NULL,NULL,NULL,NULL,0,NULL,NULL,NULL,NULL,1,NULL,'36.236.164.131',NULL,NULL,NULL,NULL,NULL),(148,'2017-10-11 22:02:39',NULL,NULL,NULL,NULL,125,569,NULL,NULL,15,NULL,NULL,NULL,NULL,NULL,130,0,NULL,0,0,0,0,0,0,0,0,NULL,NULL,NULL,NULL,NULL,NULL,NULL,NULL,0,NULL,NULL,NULL,NULL,1,NULL,'36.236.164.131',NULL,NULL,NULL,NULL,NULL),(149,'2017-10-24 19:04:18',NULL,NULL,NULL,NULL,125,570,NULL,NULL,15,NULL,NULL,NULL,NULL,NULL,699,650,NULL,0,0,0,0,0,0,0,0,NULL,NULL,NULL,NULL,NULL,NULL,NULL,NULL,0,NULL,NULL,NULL,NULL,1,NULL,'36.237.143.243',NULL,NULL,NULL,NULL,NULL),(150,'2017-10-11 22:15:36',NULL,NULL,NULL,NULL,125,571,NULL,NULL,15,NULL,NULL,NULL,NULL,NULL,130,0,NULL,0,0,0,0,0,0,0,0,NULL,NULL,NULL,NULL,NULL,NULL,NULL,NULL,0,NULL,NULL,NULL,NULL,1,NULL,'36.236.164.131',NULL,NULL,NULL,NULL,NULL),(151,'2017-10-24 19:03:13',NULL,NULL,NULL,NULL,125,572,NULL,NULL,15,NULL,NULL,NULL,NULL,NULL,600,550,NULL,0,0,0,0,0,0,0,0,NULL,NULL,NULL,NULL,NULL,NULL,NULL,NULL,0,NULL,NULL,NULL,NULL,1,NULL,'36.237.143.243',NULL,NULL,NULL,NULL,NULL),(152,'2017-10-24 19:05:01',NULL,NULL,NULL,NULL,125,573,NULL,NULL,15,NULL,NULL,NULL,NULL,NULL,798,750,NULL,0,0,0,0,0,0,0,0,NULL,NULL,NULL,NULL,NULL,NULL,NULL,NULL,0,NULL,NULL,NULL,NULL,1,NULL,'36.237.143.243',NULL,NULL,NULL,NULL,NULL),(153,'2017-10-24 19:01:30',NULL,NULL,NULL,NULL,125,574,NULL,NULL,15,NULL,NULL,NULL,NULL,NULL,130,130,NULL,0,0,0,0,0,0,0,0,NULL,NULL,NULL,NULL,NULL,NULL,NULL,NULL,0,NULL,NULL,NULL,NULL,1,NULL,'36.237.143.243',NULL,NULL,NULL,NULL,NULL),(154,'2017-10-11 22:28:28',NULL,NULL,NULL,NULL,125,575,NULL,NULL,15,NULL,NULL,NULL,NULL,NULL,0,0,NULL,0,0,0,0,0,0,0,0,NULL,NULL,NULL,NULL,NULL,NULL,NULL,NULL,0,NULL,NULL,NULL,NULL,1,NULL,'36.236.164.131',NULL,NULL,NULL,NULL,NULL),(155,'0000-00-00 00:00:00','2017-10-14 20:44:45',NULL,NULL,NULL,0,0,NULL,NULL,NULL,NULL,NULL,NULL,NULL,NULL,NULL,NULL,NULL,NULL,NULL,NULL,NULL,NULL,NULL,NULL,NULL,NULL,NULL,NULL,NULL,NULL,NULL,NULL,NULL,NULL,NULL,NULL,NULL,NULL,1,NULL,NULL,NULL,NULL,NULL,NULL,NULL),(156,'0000-00-00 00:00:00','2017-10-14 20:44:53',NULL,NULL,NULL,0,0,NULL,NULL,NULL,NULL,NULL,NULL,NULL,NULL,NULL,NULL,NULL,NULL,NULL,NULL,NULL,NULL,NULL,NULL,NULL,NULL,NULL,NULL,NULL,NULL,NULL,NULL,NULL,NULL,NULL,NULL,NULL,NULL,1,NULL,NULL,NULL,NULL,NULL,NULL,NULL),(157,'2017-10-18 16:41:54',NULL,NULL,NULL,NULL,254,663,NULL,NULL,17,NULL,NULL,NULL,NULL,NULL,10,0,NULL,0,0,0,0,0,0,0,0,NULL,NULL,NULL,NULL,NULL,NULL,NULL,NULL,0,NULL,NULL,NULL,NULL,1,NULL,'210.240.156.163',NULL,NULL,NULL,NULL,NULL),(158,'2017-10-17 06:23:04',NULL,NULL,NULL,NULL,185,666,NULL,NULL,16,NULL,NULL,NULL,NULL,NULL,0,0,NULL,0,0,0,0,0,0,0,0,NULL,NULL,NULL,NULL,NULL,NULL,NULL,NULL,0,NULL,NULL,NULL,NULL,1,NULL,'210.240.156.72',NULL,NULL,NULL,NULL,NULL),(159,'2017-10-23 14:33:06',NULL,NULL,NULL,NULL,125,669,NULL,NULL,15,NULL,NULL,NULL,NULL,NULL,200,200,NULL,0,0,0,0,0,0,0,0,NULL,NULL,NULL,NULL,NULL,NULL,NULL,NULL,0,NULL,NULL,NULL,NULL,1,NULL,'111.242.186.197',NULL,NULL,NULL,NULL,NULL),(160,'2017-10-23 14:34:41',NULL,NULL,NULL,NULL,125,670,NULL,NULL,15,NULL,NULL,NULL,NULL,NULL,80,80,NULL,0,0,0,0,0,0,0,0,NULL,NULL,NULL,NULL,NULL,NULL,NULL,NULL,0,NULL,NULL,NULL,NULL,1,NULL,'111.242.186.197',NULL,NULL,NULL,NULL,NULL),(161,'2017-10-24 18:26:35',NULL,NULL,NULL,NULL,125,671,NULL,NULL,15,NULL,NULL,NULL,NULL,NULL,500,500,NULL,0,0,0,0,0,0,0,0,NULL,NULL,NULL,NULL,NULL,NULL,NULL,NULL,0,NULL,NULL,NULL,NULL,1,NULL,'36.237.143.243',NULL,NULL,NULL,NULL,NULL),(162,'2017-10-24 18:32:04',NULL,NULL,NULL,NULL,125,672,NULL,NULL,15,NULL,NULL,NULL,NULL,NULL,1000,1000,NULL,0,0,0,0,0,0,0,0,NULL,NULL,NULL,NULL,NULL,NULL,NULL,NULL,0,NULL,NULL,NULL,NULL,1,NULL,'36.237.143.243',NULL,NULL,NULL,NULL,NULL),(163,'2017-10-24 18:34:06',NULL,NULL,NULL,NULL,125,673,NULL,NULL,15,NULL,NULL,NULL,NULL,NULL,1000,1000,NULL,0,0,0,0,0,0,0,0,NULL,NULL,NULL,NULL,NULL,NULL,NULL,NULL,0,NULL,NULL,NULL,NULL,1,NULL,'36.237.143.243',NULL,NULL,NULL,NULL,NULL),(164,'2017-10-17 19:05:37',NULL,NULL,NULL,NULL,125,679,NULL,NULL,15,NULL,NULL,NULL,NULL,NULL,0,0,NULL,0,0,0,0,0,0,0,0,NULL,NULL,NULL,NULL,NULL,NULL,NULL,NULL,0,NULL,NULL,NULL,NULL,1,NULL,'111.242.169.196',NULL,NULL,NULL,NULL,NULL),(165,'2017-10-17 19:05:32',NULL,NULL,NULL,NULL,125,680,NULL,NULL,15,NULL,NULL,NULL,NULL,NULL,0,0,NULL,0,0,0,0,0,0,0,0,NULL,NULL,NULL,NULL,NULL,NULL,NULL,NULL,0,NULL,NULL,NULL,NULL,1,NULL,'111.242.169.196',NULL,NULL,NULL,NULL,NULL),(166,'2017-10-17 19:05:26',NULL,NULL,NULL,NULL,125,681,NULL,NULL,15,NULL,NULL,NULL,NULL,NULL,0,0,NULL,0,0,0,0,0,0,0,0,NULL,NULL,NULL,NULL,NULL,NULL,NULL,NULL,0,NULL,NULL,NULL,NULL,1,NULL,'111.242.169.196',NULL,NULL,NULL,NULL,NULL),(167,'2017-10-25 15:49:40',NULL,NULL,NULL,NULL,254,682,NULL,NULL,17,NULL,NULL,NULL,NULL,NULL,10,0,NULL,0,0,0,0,0,0,0,0,NULL,NULL,NULL,NULL,NULL,NULL,NULL,NULL,0,NULL,NULL,NULL,NULL,1,NULL,'110.28.136.243',NULL,NULL,NULL,NULL,NULL),(168,'0000-00-00 00:00:00','2017-10-21 20:16:25',NULL,NULL,NULL,0,0,NULL,NULL,NULL,NULL,NULL,NULL,NULL,NULL,NULL,NULL,NULL,NULL,NULL,NULL,NULL,NULL,NULL,NULL,NULL,NULL,NULL,NULL,NULL,NULL,NULL,NULL,NULL,NULL,NULL,NULL,NULL,NULL,1,NULL,NULL,NULL,NULL,NULL,NULL,NULL),(169,'0000-00-00 00:00:00','2017-10-21 20:16:32',NULL,NULL,NULL,0,0,NULL,NULL,NULL,NULL,NULL,NULL,NULL,NULL,NULL,NULL,NULL,NULL,NULL,NULL,NULL,NULL,NULL,NULL,NULL,NULL,NULL,NULL,NULL,NULL,NULL,NULL,NULL,NULL,NULL,NULL,NULL,NULL,1,NULL,NULL,NULL,NULL,NULL,NULL,NULL),(170,'0000-00-00 00:00:00','2017-10-21 20:18:10',NULL,NULL,NULL,0,0,NULL,NULL,NULL,NULL,NULL,NULL,NULL,NULL,NULL,NULL,NULL,NULL,NULL,NULL,NULL,NULL,NULL,NULL,NULL,NULL,NULL,NULL,NULL,NULL,NULL,NULL,NULL,NULL,NULL,NULL,NULL,NULL,1,NULL,NULL,NULL,NULL,NULL,NULL,NULL),(171,'2017-10-22 05:20:59',NULL,NULL,NULL,NULL,185,687,NULL,NULL,16,NULL,NULL,NULL,NULL,NULL,0,0,NULL,0,0,0,0,0,0,0,0,NULL,NULL,NULL,NULL,NULL,NULL,NULL,NULL,0,NULL,NULL,NULL,NULL,1,NULL,'180.217.207.49',NULL,NULL,NULL,NULL,NULL),(172,'2017-10-22 06:08:20',NULL,NULL,NULL,NULL,185,688,NULL,NULL,16,NULL,NULL,NULL,NULL,NULL,0,0,NULL,0,0,0,0,0,0,0,0,NULL,NULL,NULL,NULL,NULL,NULL,NULL,NULL,0,NULL,NULL,NULL,NULL,1,NULL,'180.217.207.49',NULL,NULL,NULL,NULL,NULL),(173,'2017-10-22 06:30:50',NULL,NULL,NULL,NULL,124,692,NULL,NULL,14,NULL,NULL,NULL,NULL,NULL,0,0,NULL,0,0,0,0,0,0,0,0,NULL,NULL,NULL,NULL,NULL,NULL,NULL,NULL,0,NULL,NULL,NULL,NULL,1,NULL,'210.240.156.82',NULL,NULL,NULL,NULL,NULL),(174,'2017-10-25 15:54:45',NULL,NULL,NULL,NULL,45,703,NULL,NULL,5,NULL,NULL,NULL,NULL,NULL,490,490,NULL,0,0,0,0,0,0,0,0,NULL,NULL,NULL,NULL,NULL,NULL,NULL,NULL,1,NULL,NULL,NULL,NULL,1,NULL,'111.242.191.11',NULL,NULL,NULL,NULL,NULL),(175,'2017-10-25 15:54:51',NULL,NULL,NULL,NULL,45,704,NULL,NULL,5,NULL,NULL,NULL,NULL,NULL,1500,1500,NULL,0,0,0,0,0,0,0,0,NULL,NULL,NULL,NULL,NULL,NULL,NULL,NULL,1,NULL,NULL,NULL,NULL,1,NULL,'111.242.191.11',NULL,NULL,NULL,NULL,NULL),(176,'2017-10-25 15:53:50',NULL,NULL,NULL,NULL,45,705,NULL,NULL,5,NULL,NULL,NULL,NULL,NULL,800,800,NULL,0,0,0,0,0,0,0,0,NULL,NULL,NULL,NULL,NULL,NULL,NULL,NULL,1,NULL,NULL,NULL,NULL,1,NULL,'111.242.191.11',NULL,NULL,NULL,NULL,NULL),(177,'2017-10-25 15:54:02',NULL,NULL,NULL,NULL,45,706,NULL,NULL,5,NULL,NULL,NULL,NULL,NULL,800,800,NULL,0,0,0,0,0,0,0,0,NULL,NULL,NULL,NULL,NULL,NULL,NULL,NULL,1,NULL,NULL,NULL,NULL,1,NULL,'111.242.191.11',NULL,NULL,NULL,NULL,NULL),(178,'2017-10-25 15:53:42',NULL,NULL,NULL,NULL,45,707,NULL,NULL,5,NULL,NULL,NULL,NULL,NULL,800,800,NULL,0,0,0,0,0,0,0,0,NULL,NULL,NULL,NULL,NULL,NULL,NULL,NULL,1,NULL,NULL,NULL,NULL,1,NULL,'111.242.191.11',NULL,NULL,NULL,NULL,NULL),(179,'2017-10-25 15:53:56',NULL,NULL,NULL,NULL,45,708,NULL,NULL,5,NULL,NULL,NULL,NULL,NULL,800,800,NULL,0,0,0,0,0,0,0,0,NULL,NULL,NULL,NULL,NULL,NULL,NULL,NULL,1,NULL,NULL,NULL,NULL,1,NULL,'111.242.191.11',NULL,NULL,NULL,NULL,NULL),(180,'2017-10-25 15:54:15',NULL,NULL,NULL,NULL,45,709,NULL,NULL,5,NULL,NULL,NULL,NULL,NULL,800,800,NULL,0,0,0,0,0,0,0,0,NULL,NULL,NULL,NULL,NULL,NULL,NULL,NULL,1,NULL,NULL,NULL,NULL,1,NULL,'111.242.191.11',NULL,NULL,NULL,NULL,NULL),(181,'2017-10-24 13:33:54',NULL,NULL,NULL,NULL,45,712,NULL,NULL,5,NULL,NULL,NULL,NULL,NULL,0,0,NULL,0,0,0,0,0,0,0,0,NULL,NULL,NULL,NULL,NULL,NULL,NULL,NULL,0,NULL,NULL,NULL,NULL,1,NULL,'1.175.15.36',NULL,NULL,NULL,NULL,NULL),(182,'2017-10-25 15:50:20',NULL,NULL,NULL,NULL,254,714,NULL,NULL,17,NULL,NULL,NULL,NULL,NULL,50,50,NULL,0,0,0,0,0,0,0,0,NULL,NULL,NULL,NULL,NULL,NULL,NULL,NULL,0,NULL,NULL,NULL,NULL,1,NULL,'110.28.136.243',NULL,NULL,NULL,NULL,NULL),(183,'0000-00-00 00:00:00','2017-10-25 05:37:15',NULL,NULL,NULL,0,0,NULL,NULL,NULL,NULL,NULL,NULL,NULL,NULL,NULL,NULL,NULL,NULL,NULL,NULL,NULL,NULL,NULL,NULL,NULL,NULL,NULL,NULL,NULL,NULL,NULL,NULL,NULL,NULL,NULL,NULL,NULL,NULL,1,NULL,NULL,NULL,NULL,NULL,NULL,NULL),(184,'0000-00-00 00:00:00','2017-10-25 08:08:21',NULL,NULL,NULL,0,0,NULL,NULL,NULL,NULL,NULL,NULL,NULL,NULL,NULL,NULL,NULL,NULL,NULL,NULL,NULL,NULL,NULL,NULL,NULL,NULL,NULL,NULL,NULL,NULL,NULL,NULL,NULL,NULL,NULL,NULL,NULL,NULL,1,NULL,NULL,NULL,NULL,NULL,NULL,NULL),(185,'0000-00-00 00:00:00','2017-10-25 08:10:23',NULL,NULL,NULL,0,0,NULL,NULL,NULL,NULL,NULL,NULL,NULL,NULL,NULL,NULL,NULL,NULL,NULL,NULL,NULL,NULL,NULL,NULL,NULL,NULL,NULL,NULL,NULL,NULL,NULL,NULL,NULL,NULL,NULL,NULL,NULL,NULL,1,NULL,NULL,NULL,NULL,NULL,NULL,NULL),(186,'0000-00-00 00:00:00','2017-10-25 08:10:29',NULL,NULL,NULL,0,0,NULL,NULL,NULL,NULL,NULL,NULL,NULL,NULL,NULL,NULL,NULL,NULL,NULL,NULL,NULL,NULL,NULL,NULL,NULL,NULL,NULL,NULL,NULL,NULL,NULL,NULL,NULL,NULL,NULL,NULL,NULL,NULL,1,NULL,NULL,NULL,NULL,NULL,NULL,NULL),(187,'2017-10-25 16:31:10',NULL,NULL,NULL,NULL,254,716,NULL,NULL,17,NULL,NULL,NULL,NULL,NULL,40,40,NULL,0,0,0,0,0,0,0,0,NULL,NULL,NULL,NULL,NULL,NULL,NULL,NULL,0,NULL,NULL,NULL,NULL,1,NULL,'110.28.136.243',NULL,NULL,NULL,NULL,NULL),(188,'2017-10-25 16:24:20',NULL,NULL,NULL,NULL,254,717,NULL,NULL,17,NULL,NULL,NULL,NULL,NULL,45,45,NULL,0,0,0,0,0,0,0,0,NULL,NULL,NULL,NULL,NULL,NULL,NULL,NULL,0,NULL,NULL,NULL,NULL,1,NULL,'110.28.136.243',NULL,NULL,NULL,NULL,NULL),(189,'2017-10-25 16:31:47',NULL,NULL,NULL,NULL,254,718,NULL,NULL,17,NULL,NULL,NULL,NULL,NULL,40,40,NULL,0,0,0,0,0,0,0,0,NULL,NULL,NULL,NULL,NULL,NULL,NULL,NULL,0,NULL,NULL,NULL,NULL,1,NULL,'110.28.136.243',NULL,NULL,NULL,NULL,NULL),(190,'2017-10-25 16:08:49',NULL,NULL,NULL,NULL,254,719,NULL,NULL,17,NULL,NULL,NULL,NULL,NULL,40,40,NULL,0,0,0,0,0,0,0,0,NULL,NULL,NULL,NULL,NULL,NULL,NULL,NULL,0,NULL,NULL,NULL,NULL,1,NULL,'110.28.136.243',NULL,NULL,NULL,NULL,NULL),(191,'2017-10-25 15:54:20',NULL,NULL,NULL,NULL,45,720,NULL,NULL,5,NULL,NULL,NULL,NULL,NULL,800,800,NULL,0,0,0,0,0,0,0,0,NULL,NULL,NULL,NULL,NULL,NULL,NULL,NULL,1,NULL,NULL,NULL,NULL,1,NULL,'111.242.191.11',NULL,NULL,NULL,NULL,NULL),(192,'2017-10-25 15:54:30',NULL,NULL,NULL,NULL,45,721,NULL,NULL,5,NULL,NULL,NULL,NULL,NULL,390,390,NULL,0,0,0,0,0,0,0,0,NULL,NULL,NULL,NULL,NULL,NULL,NULL,NULL,1,NULL,NULL,NULL,NULL,1,NULL,'111.242.191.11',NULL,NULL,NULL,NULL,NULL),(193,'2017-10-25 16:05:54',NULL,NULL,NULL,NULL,254,723,NULL,NULL,17,NULL,NULL,NULL,NULL,NULL,60,60,NULL,0,0,0,0,0,0,0,0,NULL,NULL,NULL,NULL,NULL,NULL,NULL,NULL,0,NULL,NULL,NULL,NULL,1,NULL,'110.28.136.243',NULL,NULL,NULL,NULL,NULL),(194,'2017-10-25 15:55:43',NULL,NULL,NULL,NULL,254,724,NULL,NULL,17,NULL,NULL,NULL,NULL,NULL,0,0,NULL,0,0,0,0,0,0,0,0,NULL,NULL,NULL,NULL,NULL,NULL,NULL,NULL,0,NULL,NULL,NULL,NULL,1,NULL,'110.28.136.243',NULL,NULL,NULL,NULL,NULL),(195,'2017-10-25 15:54:38',NULL,NULL,NULL,NULL,45,725,NULL,NULL,5,NULL,NULL,NULL,NULL,NULL,1800,1800,NULL,0,0,0,0,0,0,0,0,NULL,NULL,NULL,NULL,NULL,NULL,NULL,NULL,1,NULL,NULL,NULL,NULL,1,NULL,'111.242.191.11',NULL,NULL,NULL,NULL,NULL),(196,'2017-10-25 15:55:02',NULL,NULL,NULL,NULL,45,737,NULL,NULL,5,NULL,NULL,NULL,NULL,NULL,1000,1000,NULL,0,0,0,0,0,0,0,0,NULL,NULL,NULL,NULL,NULL,NULL,NULL,NULL,1,NULL,NULL,NULL,NULL,1,NULL,'111.242.191.11',NULL,NULL,NULL,NULL,NULL),(197,'2017-10-25 15:59:49',NULL,NULL,NULL,NULL,45,739,NULL,NULL,5,NULL,NULL,NULL,NULL,NULL,1200,1200,NULL,0,0,0,0,0,0,0,0,NULL,NULL,NULL,NULL,NULL,NULL,NULL,NULL,1,NULL,NULL,NULL,NULL,1,NULL,'111.242.191.11',NULL,NULL,NULL,NULL,NULL),(198,'2017-10-25 15:59:09',NULL,NULL,NULL,NULL,45,740,NULL,NULL,5,NULL,NULL,NULL,NULL,NULL,800,800,NULL,0,0,0,0,0,0,0,0,NULL,NULL,NULL,NULL,NULL,NULL,NULL,NULL,1,NULL,NULL,NULL,NULL,1,NULL,'111.242.191.11',NULL,NULL,NULL,NULL,NULL),(199,'2017-10-25 15:55:09',NULL,NULL,NULL,NULL,45,741,NULL,NULL,5,NULL,NULL,NULL,NULL,NULL,1000,1000,NULL,0,0,0,0,0,0,0,0,NULL,NULL,NULL,NULL,NULL,NULL,NULL,NULL,1,NULL,NULL,NULL,NULL,1,NULL,'111.242.191.11',NULL,NULL,NULL,NULL,NULL),(200,'2017-10-25 15:55:18',NULL,NULL,NULL,NULL,45,742,NULL,NULL,5,NULL,NULL,NULL,NULL,NULL,800,800,NULL,0,0,0,0,0,0,0,0,NULL,NULL,NULL,NULL,NULL,NULL,NULL,NULL,1,NULL,NULL,NULL,NULL,1,NULL,'111.242.191.11',NULL,NULL,NULL,NULL,NULL),(201,'0000-00-00 00:00:00','2017-10-26 01:22:53',NULL,NULL,NULL,0,0,NULL,NULL,NULL,NULL,NULL,NULL,NULL,NULL,NULL,NULL,NULL,NULL,NULL,NULL,NULL,NULL,NULL,NULL,NULL,NULL,NULL,NULL,NULL,NULL,NULL,NULL,NULL,NULL,NULL,NULL,NULL,NULL,1,NULL,NULL,NULL,NULL,NULL,NULL,NULL),(202,'0000-00-00 00:00:00','2017-10-26 04:32:06',NULL,NULL,NULL,0,0,NULL,NULL,NULL,NULL,NULL,NULL,NULL,NULL,NULL,NULL,NULL,NULL,NULL,NULL,NULL,NULL,NULL,NULL,NULL,NULL,NULL,NULL,NULL,NULL,NULL,NULL,NULL,NULL,NULL,NULL,NULL,NULL,1,NULL,NULL,NULL,NULL,NULL,NULL,NULL),(203,'0000-00-00 00:00:00','2017-10-26 04:32:11',NULL,NULL,NULL,0,0,NULL,NULL,NULL,NULL,NULL,NULL,NULL,NULL,NULL,NULL,NULL,NULL,NULL,NULL,NULL,NULL,NULL,NULL,NULL,NULL,NULL,NULL,NULL,NULL,NULL,NULL,NULL,NULL,NULL,NULL,NULL,NULL,1,NULL,NULL,NULL,NULL,NULL,NULL,NULL),(204,'0000-00-00 00:00:00','2017-10-26 04:32:17',NULL,NULL,NULL,0,0,NULL,NULL,NULL,NULL,NULL,NULL,NULL,NULL,NULL,NULL,NULL,NULL,NULL,NULL,NULL,NULL,NULL,NULL,NULL,NULL,NULL,NULL,NULL,NULL,NULL,NULL,NULL,NULL,NULL,NULL,NULL,NULL,1,NULL,NULL,NULL,NULL,NULL,NULL,NULL),(205,'0000-00-00 00:00:00','2017-10-26 04:32:45',NULL,NULL,NULL,0,0,NULL,NULL,NULL,NULL,NULL,NULL,NULL,NULL,NULL,NULL,NULL,NULL,NULL,NULL,NULL,NULL,NULL,NULL,NULL,NULL,NULL,NULL,NULL,NULL,NULL,NULL,NULL,NULL,NULL,NULL,NULL,NULL,1,NULL,NULL,NULL,NULL,NULL,NULL,NULL),(206,'0000-00-00 00:00:00','2017-10-26 04:32:56',NULL,NULL,NULL,0,0,NULL,NULL,NULL,NULL,NULL,NULL,NULL,NULL,NULL,NULL,NULL,NULL,NULL,NULL,NULL,NULL,NULL,NULL,NULL,NULL,NULL,NULL,NULL,NULL,NULL,NULL,NULL,NULL,NULL,NULL,NULL,NULL,1,NULL,NULL,NULL,NULL,NULL,NULL,NULL),(207,'0000-00-00 00:00:00','2017-10-26 13:58:07',NULL,NULL,NULL,0,0,NULL,NULL,NULL,NULL,NULL,NULL,NULL,NULL,NULL,NULL,NULL,NULL,NULL,NULL,NULL,NULL,NULL,NULL,NULL,NULL,NULL,NULL,NULL,NULL,NULL,NULL,NULL,NULL,NULL,NULL,NULL,NULL,1,NULL,NULL,NULL,NULL,NULL,NULL,NULL),(208,'0000-00-00 00:00:00','2017-10-26 13:58:11',NULL,NULL,NULL,0,0,NULL,NULL,NULL,NULL,NULL,NULL,NULL,NULL,NULL,NULL,NULL,NULL,NULL,NULL,NULL,NULL,NULL,NULL,NULL,NULL,NULL,NULL,NULL,NULL,NULL,NULL,NULL,NULL,NULL,NULL,NULL,NULL,1,NULL,NULL,NULL,NULL,NULL,NULL,NULL),(209,'0000-00-00 00:00:00','2017-10-26 13:58:19',NULL,NULL,NULL,0,0,NULL,NULL,NULL,NULL,NULL,NULL,NULL,NULL,NULL,NULL,NULL,NULL,NULL,NULL,NULL,NULL,NULL,NULL,NULL,NULL,NULL,NULL,NULL,NULL,NULL,NULL,NULL,NULL,NULL,NULL,NULL,NULL,1,NULL,NULL,NULL,NULL,NULL,NULL,NULL),(210,'0000-00-00 00:00:00','2017-10-26 13:58:30',NULL,NULL,NULL,0,0,NULL,NULL,NULL,NULL,NULL,NULL,NULL,NULL,NULL,NULL,NULL,NULL,NULL,NULL,NULL,NULL,NULL,NULL,NULL,NULL,NULL,NULL,NULL,NULL,NULL,NULL,NULL,NULL,NULL,NULL,NULL,NULL,1,NULL,NULL,NULL,NULL,NULL,NULL,NULL),(211,'0000-00-00 00:00:00','2017-10-26 13:58:37',NULL,NULL,NULL,0,0,NULL,NULL,NULL,NULL,NULL,NULL,NULL,NULL,NULL,NULL,NULL,NULL,NULL,NULL,NULL,NULL,NULL,NULL,NULL,NULL,NULL,NULL,NULL,NULL,NULL,NULL,NULL,NULL,NULL,NULL,NULL,NULL,1,NULL,NULL,NULL,NULL,NULL,NULL,NULL),(212,'0000-00-00 00:00:00','2017-10-26 13:58:48',NULL,NULL,NULL,0,0,NULL,NULL,NULL,NULL,NULL,NULL,NULL,NULL,NULL,NULL,NULL,NULL,NULL,NULL,NULL,NULL,NULL,NULL,NULL,NULL,NULL,NULL,NULL,NULL,NULL,NULL,NULL,NULL,NULL,NULL,NULL,NULL,1,NULL,NULL,NULL,NULL,NULL,NULL,NULL),(213,'0000-00-00 00:00:00','2017-10-26 13:59:38',NULL,NULL,NULL,0,0,NULL,NULL,NULL,NULL,NULL,NULL,NULL,NULL,NULL,NULL,NULL,NULL,NULL,NULL,NULL,NULL,NULL,NULL,NULL,NULL,NULL,NULL,NULL,NULL,NULL,NULL,NULL,NULL,NULL,NULL,NULL,NULL,1,NULL,NULL,NULL,NULL,NULL,NULL,NULL),(214,'0000-00-00 00:00:00','2017-10-26 14:00:25',NULL,NULL,NULL,0,0,NULL,NULL,NULL,NULL,NULL,NULL,NULL,NULL,NULL,NULL,NULL,NULL,NULL,NULL,NULL,NULL,NULL,NULL,NULL,NULL,NULL,NULL,NULL,NULL,NULL,NULL,NULL,NULL,NULL,NULL,NULL,NULL,1,NULL,NULL,NULL,NULL,NULL,NULL,NULL),(215,'0000-00-00 00:00:00','2017-10-26 14:01:21',NULL,NULL,NULL,0,0,NULL,NULL,NULL,NULL,NULL,NULL,NULL,NULL,NULL,NULL,NULL,NULL,NULL,NULL,NULL,NULL,NULL,NULL,NULL,NULL,NULL,NULL,NULL,NULL,NULL,NULL,NULL,NULL,NULL,NULL,NULL,NULL,1,NULL,NULL,NULL,NULL,NULL,NULL,NULL);

--
-- Table structure for table `nttucloud2017_mainlike`
--

CREATE TABLE `nttucloud2017_mainlike` (
  `prikey` int(10) unsigned NOT NULL AUTO_INCREMENT,
  `datechg` timestamp NOT NULL DEFAULT '0000-00-00 00:00:00' ON UPDATE CURRENT_TIMESTAMP COMMENT '最後修改的日期時間',
  `dateadd` datetime DEFAULT NULL COMMENT '新增的日期時間',
  `datedel` datetime DEFAULT NULL COMMENT '刪除的日期時間',
  `dateup` datetime DEFAULT NULL COMMENT '上架日期',
  `datedown` datetime DEFAULT NULL COMMENT '下架日期',
  `parentprikey` int(10) unsigned DEFAULT NULL COMMENT '關聯prikey, 0為主層，其餘為關聯主層的prikey',
  `fkey` int(10) unsigned DEFAULT NULL COMMENT '主要事件關聯',
  `admprikey` int(11) DEFAULT NULL COMMENT '管理員編號',
  `empprikey` int(11) DEFAULT NULL COMMENT '人員編號',
  `stoprikey` int(11) DEFAULT NULL COMMENT '店家編號',
  `memprikey` int(11) DEFAULT NULL COMMENT '會員關聯',
  `act` int(11) DEFAULT NULL COMMENT '主要事件關聯',
  `pk` int(11) DEFAULT NULL COMMENT '次要事件關聯',
  `mk` int(11) DEFAULT NULL COMMENT '次要事件關聯',
  `sk` int(11) DEFAULT NULL COMMENT '次要事件關聯',
  `tk` int(11) DEFAULT NULL COMMENT '次要事件關聯',
  `lk` int(11) DEFAULT NULL COMMENT '次要事件關聯',
  `liked` int(11) DEFAULT NULL COMMENT '喜好的程度',
  `latitude` int(11) DEFAULT NULL COMMENT '緯度',
  `longitude` int(11) DEFAULT NULL COMMENT '經度',
  `accuracy` int(11) DEFAULT NULL COMMENT '精確度',
  `sort` int(11) DEFAULT NULL COMMENT '排序，數字大的在前面',
  `enabled` int(11) DEFAULT NULL COMMENT '啟用，1為啟用，0為禁用',
  `open` int(11) DEFAULT NULL COMMENT '1為開放或使用中，0為不開放或刪除',
  `status` int(11) DEFAULT NULL COMMENT '狀態',
  `ip` char(255) DEFAULT NULL COMMENT '來源IP位址',
  `ipv6` char(255) DEFAULT NULL,
  `backup` text COMMENT '修改資料備份',
  `ub1` char(255) DEFAULT NULL,
  `ub2` int(11) DEFAULT NULL,
  PRIMARY KEY (`prikey`)
) ENGINE=InnoDB DEFAULT CHARSET=utf8;

--
-- Dumping data for table `nttucloud2017_mainlike`
--


--
-- Table structure for table `nttucloud2017_mainreturn`
--

CREATE TABLE `nttucloud2017_mainreturn` (
  `prikey` int(10) unsigned NOT NULL AUTO_INCREMENT,
  `datechg` timestamp NOT NULL DEFAULT '0000-00-00 00:00:00' ON UPDATE CURRENT_TIMESTAMP COMMENT '最後修改的日期時間',
  `dateadd` datetime DEFAULT NULL COMMENT '新增的日期時間',
  `datedel` datetime DEFAULT NULL COMMENT '刪除的日期時間',
  `dateup` datetime DEFAULT NULL COMMENT '上架日期',
  `datedown` datetime DEFAULT NULL COMMENT '下架日期',
  `parentprikey` int(10) unsigned DEFAULT NULL COMMENT '關聯prikey, 0為主層，其餘為關聯主層的prikey',
  `fkey` int(10) unsigned DEFAULT NULL COMMENT '主要事件關聯',
  `admprikey` int(11) DEFAULT NULL COMMENT '管理員編號',
  `empprikey` int(11) DEFAULT NULL COMMENT '人員編號',
  `stoprikey` int(11) DEFAULT NULL COMMENT '店家編號',
  `memprikey` int(11) DEFAULT NULL COMMENT '會員關聯',
  `act` int(11) DEFAULT NULL COMMENT '主要事件關聯',
  `pk` int(11) DEFAULT NULL COMMENT '次要事件關聯',
  `mk` int(11) DEFAULT NULL COMMENT '次要事件關聯',
  `sk` int(11) DEFAULT NULL COMMENT '次要事件關聯',
  `tk` int(11) DEFAULT NULL COMMENT '次要事件關聯',
  `lk` int(11) DEFAULT NULL COMMENT '次要事件關聯',
  `item` char(255) DEFAULT NULL COMMENT '項目名稱，文章標題',
  `itempw` char(255) DEFAULT NULL COMMENT '閱讀文章的密碼',
  `comment` text COMMENT '詳細說明',
  `textsimple` text COMMENT '簡單說明',
  `filename` char(255) DEFAULT NULL COMMENT '附加檔案名稱',
  `filesize` int(11) DEFAULT NULL COMMENT '附加檔案大小',
  `latitude` int(11) DEFAULT NULL COMMENT '緯度',
  `longitude` int(11) DEFAULT NULL COMMENT '經度',
  `accuracy` int(11) DEFAULT NULL COMMENT '精確度',
  `sort` int(11) DEFAULT NULL COMMENT '排序，數字大的在前面',
  `enabled` int(11) DEFAULT NULL COMMENT '啟用，1為啟用，0為禁用',
  `open` int(11) DEFAULT NULL COMMENT '1為開放或使用中，0為不開放或刪除',
  `status` int(11) DEFAULT NULL COMMENT '狀態',
  `ip` char(255) DEFAULT NULL COMMENT '來源IP位址',
  `ipv6` char(255) DEFAULT NULL,
  `backup` text COMMENT '修改資料備份',
  `ub1` char(255) DEFAULT NULL,
  `ub2` int(11) DEFAULT NULL,
  PRIMARY KEY (`prikey`)
) ENGINE=InnoDB DEFAULT CHARSET=utf8;

--
-- Dumping data for table `nttucloud2017_mainreturn`
--


--
-- Table structure for table `nttucloud2017_member`
--

CREATE TABLE `nttucloud2017_member` (
  `prikey` int(10) unsigned NOT NULL AUTO_INCREMENT,
  `datechg` timestamp NOT NULL DEFAULT '0000-00-00 00:00:00' ON UPDATE CURRENT_TIMESTAMP COMMENT '最後修改的日期時間',
  `dateadd` datetime DEFAULT NULL COMMENT '新增的日期時間',
  `datedel` datetime DEFAULT NULL COMMENT '刪除的日期時間',
  `parentprikey` int(10) unsigned DEFAULT NULL COMMENT '帳號類別 selUserType',
  `fkey` int(11) DEFAULT NULL COMMENT '主要事件關聯',
  `admprikey` int(11) DEFAULT NULL COMMENT '管理員編號',
  `empprikey` int(11) DEFAULT NULL COMMENT '關聯管理員',
  `id` char(255) DEFAULT NULL COMMENT '帳號＝電子郵件',
  `pw` char(255) DEFAULT NULL COMMENT 'md5加密',
  `name` char(255) DEFAULT NULL COMMENT '姓名',
  `socialID` char(255) DEFAULT NULL COMMENT '身份證字號',
  `officeName` char(255) DEFAULT NULL COMMENT '單位名稱',
  `officeRank` char(255) DEFAULT NULL COMMENT '職級',
  `phone` char(255) DEFAULT NULL COMMENT '電話',
  `phonem` char(255) DEFAULT NULL COMMENT '行動電話',
  `address` char(255) DEFAULT NULL COMMENT '地址',
  `line` char(255) DEFAULT NULL COMMENT 'Line ID',
  `fb` char(255) DEFAULT NULL COMMENT 'facebook ID',
  `twitter` char(255) DEFAULT NULL,
  `comment` text COMMENT '個人介紹',
  `latitude` int(11) DEFAULT NULL COMMENT '緯度',
  `longitude` int(11) DEFAULT NULL COMMENT '經度',
  `accuracy` int(11) DEFAULT NULL COMMENT '精確度',
  `sort` int(11) DEFAULT NULL COMMENT '排序',
  `enabled` int(11) DEFAULT NULL COMMENT '啟用，1為啟用，0為禁用',
  `open` int(11) DEFAULT NULL COMMENT '1為開放或使用中，0為不開放或刪除',
  `status` int(11) DEFAULT NULL COMMENT '狀態',
  `ip` char(255) DEFAULT NULL,
  `ipv6` char(255) DEFAULT NULL,
  `css` int(11) DEFAULT NULL,
  `backup` text COMMENT '修改資料備份欄位',
  `ub1` char(255) DEFAULT NULL COMMENT '做為認證8碼的記錄',
  `ub2` int(11) DEFAULT NULL,
  PRIMARY KEY (`prikey`)
) ENGINE=InnoDB AUTO_INCREMENT=21 DEFAULT CHARSET=utf8;

--
-- Dumping data for table `nttucloud2017_member`
--

INSERT INTO `nttucloud2017_member` VALUES (1,'2017-09-06 04:47:01','2017-09-06 12:39:24',NULL,45,NULL,NULL,NULL,'wangjenmin@gmail.com','abee3c7fc719f430dcb5c42a65bb34f9','wangjenmin',NULL,NULL,NULL,NULL,'0933589847',NULL,NULL,NULL,NULL,NULL,NULL,NULL,NULL,NULL,1,1,NULL,'210.240.156.87',NULL,NULL,NULL,'',NULL),(2,'2017-09-17 14:56:42','2017-09-17 22:54:19',NULL,125,NULL,NULL,NULL,'s1965030973@gmail.com','bf9f4cf362957f659c96c1ef43bf0943','盧三智',NULL,NULL,NULL,NULL,'0905337774',NULL,NULL,NULL,NULL,NULL,NULL,NULL,NULL,NULL,1,1,NULL,'36.237.158.9',NULL,NULL,NULL,'',NULL),(3,'2017-10-25 15:01:53','2017-09-18 21:56:35',NULL,45,NULL,NULL,NULL,'alexlin429@gmail.com','55c10c7cde7821bb318273c1f61d3e7f','alexlin',NULL,NULL,NULL,'0905635500','0905635500','台東市中華路一段865巷15弄2之1號',NULL,NULL,NULL,NULL,NULL,NULL,NULL,NULL,0,1,NULL,'1.175.27.152',NULL,NULL,NULL,'',NULL),(4,'2017-10-20 14:56:16','2017-09-19 22:06:47',NULL,45,NULL,NULL,NULL,'posua93@yahoo.com.vn','55c10c7cde7821bb318273c1f61d3e7f','alexlin',NULL,NULL,NULL,'0905635500','0905635500','台東市中華路一段865巷15弄2之1號',NULL,NULL,NULL,NULL,NULL,NULL,NULL,NULL,1,1,NULL,'1.175.23.133',NULL,NULL,NULL,'',NULL),(5,'0000-00-00 00:00:00','2017-09-25 10:04:49',NULL,125,NULL,NULL,NULL,'pp41120@mail.nsysu.edu.tw','299c0b0244f5990f36e79083a43bf1a3','pp41120',NULL,NULL,NULL,NULL,'0937121768',NULL,NULL,NULL,NULL,NULL,NULL,NULL,NULL,NULL,NULL,1,NULL,'140.117.77.34',NULL,NULL,NULL,'ICA@CR@E',NULL),(6,'2017-09-25 13:42:43','2017-09-25 21:39:26',NULL,125,NULL,NULL,NULL,'mcfmaggie @gmail.com','30f53d3d7495f5115528cbcd5730f27e','謝美蓮',NULL,NULL,NULL,'0926006330','0926006330','屏東縣瑪家鄉佳義村114之6號',NULL,NULL,NULL,NULL,NULL,NULL,NULL,NULL,NULL,1,NULL,'27.52.36.0',NULL,NULL,NULL,'IGGSRUBD',NULL),(7,'2017-09-28 13:40:03','2017-09-28 21:38:52',NULL,125,NULL,NULL,NULL,'pyjpo309@gmail.com','ec5514c455cfba447aa2a28e601008af','pyjpo',NULL,NULL,NULL,NULL,'',NULL,NULL,NULL,NULL,NULL,NULL,NULL,NULL,NULL,1,1,NULL,'210.240.156.90',NULL,NULL,NULL,'',NULL),(8,'2017-10-05 14:40:06','2017-09-29 19:38:31',NULL,104,NULL,NULL,NULL,'sheng961002@hotmail.com','e10adc3949ba59abbe56e057f20f883e','sheng',NULL,NULL,NULL,'0905363554','0905363554','asdasdadad',NULL,NULL,NULL,NULL,NULL,NULL,NULL,NULL,NULL,1,NULL,'210.240.156.155',NULL,NULL,NULL,'EDPSZYEX',NULL),(9,'0000-00-00 00:00:00','2017-09-29 22:48:42',NULL,125,NULL,NULL,NULL,'kcaj5115312345230@gmail.com','bc8adca8f0a2f9b2b964552ed9a858ee','10412117',NULL,NULL,NULL,NULL,'',NULL,NULL,NULL,NULL,NULL,NULL,NULL,NULL,NULL,NULL,1,NULL,'111.242.199.164',NULL,NULL,NULL,'VRIGY@MT',NULL),(10,'2017-10-01 14:48:35','2017-10-01 22:46:53',NULL,125,NULL,NULL,NULL,'handsome11730@gmail.com','4ca799c55a3fdd546b3af2c615df2e1d','123',NULL,NULL,NULL,NULL,'09391622222',NULL,NULL,NULL,NULL,NULL,NULL,NULL,NULL,NULL,1,1,NULL,'111.242.199.164',NULL,NULL,NULL,'',NULL),(11,'0000-00-00 00:00:00','2017-10-01 22:47:34',NULL,125,NULL,NULL,NULL,'handsome11730@gmail.com','4ca799c55a3fdd546b3af2c615df2e1d','123',NULL,NULL,NULL,NULL,'09391622222',NULL,NULL,NULL,NULL,NULL,NULL,NULL,NULL,NULL,NULL,1,NULL,'111.242.199.164',NULL,NULL,NULL,'AJA@OICX',NULL),(12,'0000-00-00 00:00:00','2017-10-02 06:46:58',NULL,125,NULL,NULL,NULL,'milerhsieh@gmail.com','5c53b664fded6c8855314cbb603de9db','milerhsieh@gmail.com',NULL,NULL,NULL,NULL,'0937340568',NULL,NULL,NULL,NULL,NULL,NULL,NULL,NULL,NULL,NULL,1,NULL,'42.77.45.23',NULL,NULL,NULL,'DHPHURFG',NULL),(13,'0000-00-00 00:00:00','2017-10-02 10:05:15',NULL,125,NULL,NULL,NULL,'abcd123@gmail.com','e10adc3949ba59abbe56e057f20f883e','test123',NULL,NULL,NULL,NULL,'012344567',NULL,NULL,NULL,NULL,NULL,NULL,NULL,NULL,NULL,NULL,1,NULL,'1.172.110.166',NULL,NULL,NULL,'VX[TQYRJ',NULL),(14,'2017-10-24 05:29:18','2017-10-02 14:19:13',NULL,125,NULL,NULL,NULL,'mcfmaggie@gmail.com','b81f2b996eb5024aff38a5c2c2421c9c','謝美蓮',NULL,NULL,NULL,'0926226330','0926226330','屏東縣瑪家鄉佳義村114-6號',NULL,NULL,NULL,NULL,NULL,NULL,NULL,NULL,1,1,NULL,'36.239.190.155',NULL,NULL,NULL,'',NULL),(15,'2017-10-24 09:17:25','2017-10-03 23:01:42',NULL,125,NULL,NULL,NULL,'as86778026@yahoo.com.tw','f6c65667c1b7f780ea31287b6cd7c03f','NSYUtest37',NULL,NULL,NULL,'0912345678','0912345678','21312345646',NULL,NULL,NULL,NULL,NULL,NULL,NULL,NULL,NULL,1,NULL,'114.40.176.67',NULL,NULL,NULL,'HZHQI[ZL',NULL),(16,'2017-10-05 02:07:41','2017-10-05 10:07:02',NULL,125,NULL,NULL,NULL,'0726ruby@gmail.com','ce0956b21fae0c832b45ea16478a5e56','夏',NULL,NULL,NULL,NULL,'0975933130',NULL,NULL,NULL,NULL,NULL,NULL,NULL,NULL,NULL,1,1,NULL,'223.138.225.221',NULL,NULL,NULL,'',NULL),(17,'2017-10-05 03:30:11','2017-10-05 11:29:13',NULL,122,NULL,NULL,NULL,'love86817tily@gmail.com','e10adc3949ba59abbe56e057f20f883e','Ting',NULL,NULL,NULL,NULL,'',NULL,NULL,NULL,NULL,NULL,NULL,NULL,NULL,NULL,1,1,NULL,'210.240.156.71',NULL,NULL,NULL,'',NULL),(18,'2017-10-05 09:12:44','2017-10-05 17:11:20',NULL,125,NULL,NULL,NULL,'yilienliao@gmail.com','e390c415960a473073d7d86c7272f66a','yitinaliao',NULL,NULL,NULL,NULL,'0937847945',NULL,NULL,NULL,NULL,NULL,NULL,NULL,NULL,NULL,1,1,NULL,'140.117.78.13',NULL,NULL,NULL,'',NULL),(19,'2017-10-23 01:37:37','2017-10-13 11:12:07',NULL,125,NULL,NULL,NULL,'fang@g-mail.nsysu.edu.tw','50e400319e1bc5d92b66f98c6603ab52','陳好好',NULL,NULL,NULL,NULL,'',NULL,NULL,NULL,NULL,NULL,NULL,NULL,NULL,NULL,1,1,NULL,'124.219.38.10',NULL,NULL,NULL,'',NULL),(20,'0000-00-00 00:00:00','2017-10-24 18:11:09',NULL,125,NULL,NULL,NULL,'jyun840104@yahoo.com.tw','b4221a965bf406552faef302d99d67bb','jyun',NULL,NULL,NULL,NULL,'0976755826',NULL,NULL,NULL,NULL,NULL,NULL,NULL,NULL,NULL,NULL,1,NULL,'27.52.0.2',NULL,NULL,NULL,'XIMORQGI',NULL);

--
-- Table structure for table `nttucloud2017_office`
--

CREATE TABLE `nttucloud2017_office` (
  `prikey` int(10) unsigned NOT NULL AUTO_INCREMENT,
  `datechg` timestamp NOT NULL DEFAULT '0000-00-00 00:00:00' ON UPDATE CURRENT_TIMESTAMP COMMENT '最後修改的日期時間',
  `dateadd` datetime DEFAULT NULL COMMENT '新增的日期時間',
  `datedel` datetime DEFAULT NULL COMMENT '刪除的日期時間',
  `parentprikey` int(10) unsigned DEFAULT NULL COMMENT '關聯id',
  `fkey` int(11) DEFAULT NULL COMMENT '主要事件關聯',
  `name` char(255) DEFAULT NULL,
  `dep` char(255) DEFAULT NULL,
  `type` int(11) DEFAULT NULL,
  `phone` char(255) DEFAULT NULL,
  `phonem` char(20) DEFAULT NULL,
  `address` char(255) DEFAULT NULL,
  `email` char(255) DEFAULT NULL,
  `web` char(255) DEFAULT NULL,
  `comment` text,
  `sort` int(11) DEFAULT NULL,
  `limited` int(11) DEFAULT NULL,
  `enabled` int(11) DEFAULT NULL COMMENT '啟用，1為啟用，0為禁用',
  `open` int(11) DEFAULT NULL COMMENT '1為開放或使用中，0為不開放或刪除',
  `status` int(11) DEFAULT NULL COMMENT '狀態',
  `ip` char(255) DEFAULT NULL,
  `ipv6` char(255) DEFAULT NULL,
  `ub1` text,
  `ub2` int(11) DEFAULT NULL,
  PRIMARY KEY (`prikey`)
) ENGINE=InnoDB DEFAULT CHARSET=utf8;

--
-- Dumping data for table `nttucloud2017_office`
--


--
-- Table structure for table `nttucloud2017_order`
--

CREATE TABLE `nttucloud2017_order` (
  `prikey` int(10) unsigned NOT NULL AUTO_INCREMENT,
  `datechg` timestamp NOT NULL DEFAULT '0000-00-00 00:00:00' ON UPDATE CURRENT_TIMESTAMP COMMENT '最後修改的日期時間',
  `dateadd` datetime DEFAULT NULL COMMENT '新增的日期時間',
  `datedel` datetime DEFAULT NULL COMMENT '刪除的日期時間',
  `parentprikey` int(10) unsigned DEFAULT NULL COMMENT '關聯店家',
  `pkey` int(11) DEFAULT NULL COMMENT '關聯 prikey',
  `fkey` int(11) DEFAULT NULL COMMENT '關聯 fkey',
  `memprikey` int(11) DEFAULT NULL COMMENT '會員關聯',
  `dateTo` date DEFAULT NULL COMMENT '到貨日期',
  `payment` int(11) DEFAULT NULL COMMENT '付款方式，現金、轉帳、刷卡、貨到付款',
  `sent` int(11) DEFAULT NULL COMMENT '物流方式, 郵局、黑貓',
  `sentprice` int(11) DEFAULT NULL COMMENT '運費',
  `price` int(11) DEFAULT NULL COMMENT '總金額',
  `name` char(255) DEFAULT NULL COMMENT '收件人姓名',
  `phone` char(255) DEFAULT NULL COMMENT '收件人電話',
  `address` char(255) DEFAULT NULL COMMENT '收件地址',
  `timediv` int(11) DEFAULT NULL COMMENT '適合收件時間',
  `flow` int(11) DEFAULT NULL COMMENT '訂單處理狀態',
  `status` int(11) DEFAULT NULL COMMENT '收件、退貨...狀態	15	, 1 收件， 2 撿貨， 4 出貨， 8 配送中， 16 XX， 32， XX， 64 己送達',
  `srcip` char(40) DEFAULT NULL COMMENT '來源IP',
  `sessionID` char(255) DEFAULT NULL COMMENT 'SessionID',
  `content` text COMMENT '內容',
  `content2` text COMMENT '內容2',
  `comment` text COMMENT '詳細說明',
  `textsimple` text COMMENT '簡單說明',
  `ub1` int(11) DEFAULT NULL,
  `ub2` int(11) DEFAULT NULL,
  `ub3` int(11) DEFAULT NULL,
  PRIMARY KEY (`prikey`)
) ENGINE=InnoDB AUTO_INCREMENT=55 DEFAULT CHARSET=utf8;

--
-- Dumping data for table `nttucloud2017_order`
--

INSERT INTO `nttucloud2017_order` VALUES (1,'0000-00-00 00:00:00','2017-09-06 12:56:32',NULL,NULL,NULL,NULL,1,'2017-09-07',4,0,NULL,1300,'王大','0933589847 ,','950 台東市中華路一段684號',NULL,NULL,1,'210.240.156.87',NULL,NULL,NULL,NULL,NULL,1,NULL,NULL),(2,'0000-00-00 00:00:00','2017-09-20 13:25:50',NULL,NULL,NULL,NULL,2,'2017-09-21',2,0,NULL,594,'盧三智',' ,','854 dgdhdhgd',NULL,NULL,1,'210.240.156.87',NULL,NULL,NULL,NULL,NULL,1,NULL,NULL),(3,'0000-00-00 00:00:00','2017-09-25 10:08:45',NULL,NULL,NULL,NULL,5,'2017-09-26',4,0,NULL,0,'宋心賢','0937121768 ,','83154 高雄市大寮區山頂里山頂路120號',NULL,NULL,1,'140.117.77.34',NULL,NULL,NULL,NULL,NULL,1,NULL,NULL),(4,'0000-00-00 00:00:00','2017-10-01 22:53:24',NULL,NULL,NULL,NULL,10,'2017-10-02',2,0,NULL,40000,'123','0939162222 ,','231 新北市新店區碧安街15巷28號',NULL,NULL,1,'111.242.199.164',NULL,NULL,NULL,NULL,NULL,1,NULL,NULL),(5,'0000-00-00 00:00:00','2017-10-02 10:07:01',NULL,NULL,NULL,NULL,13,'2017-10-03',2,0,NULL,16000,'test123',' ,','',NULL,NULL,1,'1.172.110.166',NULL,NULL,NULL,NULL,NULL,1,NULL,NULL),(6,'0000-00-00 00:00:00','2017-10-02 19:14:50',NULL,NULL,NULL,NULL,1,'2017-10-03',4,0,NULL,2850,'wangjenmin',' ,','950 台東市中華路一段684號',NULL,NULL,1,'120.127.215.183',NULL,NULL,NULL,NULL,NULL,1,NULL,NULL),(7,'0000-00-00 00:00:00','2017-10-02 20:32:11',NULL,3,NULL,NULL,1,'2017-10-03',4,0,NULL,480,'wangjenmin','0933589847 ,','950 台東市中華路2',NULL,NULL,1,'120.127.215.183',NULL,NULL,NULL,NULL,NULL,1,NULL,NULL),(8,'0000-00-00 00:00:00','2017-10-03 23:19:04',NULL,125,NULL,NULL,15,'2017-10-04',2,0,NULL,34740,'NSYUtest37','0912345678 ,','424 123456',NULL,NULL,1,'114.40.176.67',NULL,NULL,NULL,NULL,NULL,1,NULL,NULL),(9,'0000-00-00 00:00:00','2017-10-03 23:20:16',NULL,125,NULL,NULL,15,'2017-10-04',4,0,NULL,0,'NSYUtest37','0987654325466545645465 ,','432 123456789',NULL,NULL,1,'114.40.176.67',NULL,NULL,NULL,NULL,NULL,1,NULL,NULL),(10,'0000-00-00 00:00:00','2017-10-03 23:22:27',NULL,125,NULL,NULL,15,'2017-10-04',2,0,NULL,6000,'NSYUtest37',' ,','',NULL,NULL,1,'114.40.176.67',NULL,NULL,NULL,NULL,NULL,1,NULL,NULL),(11,'0000-00-00 00:00:00','2017-10-05 10:10:34',NULL,125,NULL,NULL,16,'2017-10-06',1,0,NULL,0,'夏',' ,','',NULL,NULL,1,'223.138.225.221',NULL,NULL,NULL,NULL,NULL,1,NULL,NULL),(12,'0000-00-00 00:00:00','2017-10-05 10:33:07',NULL,125,NULL,NULL,14,'2017-10-06',1,0,NULL,630,'謝美蓮',' ,','',NULL,NULL,1,'39.9.194.75',NULL,NULL,NULL,NULL,NULL,1,NULL,NULL),(13,'0000-00-00 00:00:00','2017-10-05 11:32:35',NULL,122,NULL,NULL,17,'2017-10-06',1,0,NULL,0,'Ting',' ,','',NULL,NULL,1,'210.240.156.71',NULL,NULL,NULL,NULL,NULL,1,NULL,NULL),(14,'0000-00-00 00:00:00','2017-10-05 22:40:41',NULL,104,NULL,NULL,8,'2017-10-06',1,0,NULL,0,'sheng','0905363554 ,','950 asdasdadad',NULL,NULL,1,'210.240.156.155',NULL,NULL,NULL,NULL,NULL,1,NULL,NULL),(15,'0000-00-00 00:00:00','2017-10-05 22:40:58',NULL,104,NULL,NULL,8,'0000-00-00',0,0,NULL,0,'',' ,','',NULL,NULL,1,'210.240.156.155',NULL,NULL,NULL,NULL,NULL,1,NULL,NULL),(16,'0000-00-00 00:00:00','2017-10-06 01:09:44',NULL,125,NULL,NULL,7,'2017-10-07',2,0,NULL,80000,'pyjpo','0912345678 ,','950 台東市大學路二段369號',NULL,NULL,1,'36.236.164.60',NULL,NULL,NULL,NULL,NULL,1,NULL,NULL),(17,'0000-00-00 00:00:00','2017-10-08 10:49:54',NULL,45,NULL,NULL,4,'2017-10-09',1,0,0,0,'alexlin','0905635500 ,','950 台東縣台東市中華路一段865巷',NULL,NULL,1,'1.175.11.51',NULL,NULL,NULL,NULL,NULL,1,NULL,NULL),(18,'0000-00-00 00:00:00','2017-10-13 10:58:08',NULL,125,NULL,NULL,14,'2017-10-14',2,0,0,3820,'謝美蓮',' ,','',NULL,NULL,1,'39.9.34.99',NULL,NULL,NULL,NULL,NULL,1,NULL,NULL),(19,'0000-00-00 00:00:00','2017-10-13 11:26:06',NULL,125,NULL,NULL,14,'2017-10-14',4,0,0,1000,'謝美蓮','0926226330 ,','',NULL,NULL,1,'39.9.34.99',NULL,NULL,NULL,NULL,NULL,1,NULL,NULL),(20,'0000-00-00 00:00:00','2017-10-13 11:31:20',NULL,125,NULL,NULL,14,'2017-10-14',2,0,0,600,'謝美蓮','0926226330 ,','',NULL,NULL,1,'39.9.34.99',NULL,NULL,NULL,NULL,NULL,1,NULL,NULL),(21,'0000-00-00 00:00:00','2017-10-13 11:31:38',NULL,125,NULL,NULL,16,'2017-10-14',2,0,0,1200,'夏',' ,','',NULL,NULL,1,'114.27.118.95',NULL,NULL,NULL,NULL,NULL,1,NULL,NULL),(22,'0000-00-00 00:00:00','2017-10-13 11:32:22',NULL,125,NULL,NULL,16,'2017-10-14',1,0,0,500,'夏',' ,','',NULL,NULL,1,'114.27.118.95',NULL,NULL,NULL,NULL,NULL,1,NULL,NULL),(23,'0000-00-00 00:00:00','2017-10-13 11:34:58',NULL,125,NULL,NULL,14,'2017-10-14',1,0,0,3591,'謝美蓮','0926226330 ,','',NULL,NULL,1,'39.9.34.99',NULL,NULL,NULL,NULL,NULL,1,NULL,NULL),(24,'0000-00-00 00:00:00','2017-10-13 11:42:46',NULL,125,NULL,NULL,14,'2017-10-14',4,0,0,1260,'謝美蓮','0926226330 ,','',NULL,NULL,1,'39.9.34.99',NULL,NULL,NULL,NULL,NULL,1,NULL,NULL),(25,'0000-00-00 00:00:00','2017-10-13 12:40:50',NULL,125,NULL,NULL,7,'2017-10-14',2,0,0,0,'pyjpo','091234567 ,','950 台東市大學路二段369號',NULL,NULL,1,'210.240.156.87',NULL,NULL,NULL,NULL,NULL,1,NULL,NULL),(26,'0000-00-00 00:00:00','2017-10-13 13:10:17',NULL,125,NULL,NULL,7,'2017-10-14',4,0,0,40299,'pyjpo','091234567 ,','950 台東市大學路二段369號',NULL,NULL,1,'210.240.156.87',NULL,NULL,NULL,NULL,NULL,1,NULL,NULL),(27,'0000-00-00 00:00:00','2017-10-13 20:23:06',NULL,125,NULL,NULL,7,'2017-10-14',4,0,0,140000,'pyjpo',' ,','',NULL,NULL,1,'210.240.156.90',NULL,NULL,NULL,NULL,NULL,1,NULL,NULL),(28,'0000-00-00 00:00:00','2017-10-13 23:38:58',NULL,125,NULL,NULL,14,'2017-10-14',2,0,150,920,'謝美蓮','0926226330 ,','',NULL,NULL,1,'110.28.160.122',NULL,NULL,NULL,NULL,NULL,1,NULL,NULL),(29,'0000-00-00 00:00:00','2017-10-14 20:45:39',NULL,3,NULL,NULL,1,'2017-10-15',4,0,0,4900,'wangjenmin','0933589847 ,','950 台東市中華路一段684號',NULL,NULL,1,'192.168.1.1',NULL,NULL,NULL,NULL,NULL,1,NULL,NULL),(30,'0000-00-00 00:00:00','2017-10-14 20:47:17',NULL,3,NULL,NULL,1,'2017-10-15',4,0,0,2500,'wangjenmin','093322 ,','950 台東市中華路一段684號',NULL,NULL,1,'192.168.1.1',NULL,NULL,NULL,NULL,NULL,1,NULL,NULL),(31,'0000-00-00 00:00:00','2017-10-14 20:50:46',NULL,3,NULL,NULL,1,'2017-10-15',4,0,0,2000,'wangjenmin','0933589847 ,','950 台東市中華路一段684號',NULL,NULL,1,'192.168.1.1',NULL,NULL,NULL,NULL,NULL,1,NULL,NULL),(32,'0000-00-00 00:00:00','2017-10-14 20:53:40',NULL,3,NULL,NULL,1,'2017-10-15',4,0,0,1500,'wangjenmin','0933589847 ,','950 台東市中華路一段684號',NULL,NULL,1,'192.168.1.1',NULL,NULL,NULL,NULL,NULL,1,NULL,NULL),(33,'0000-00-00 00:00:00','2017-10-15 14:24:14',NULL,104,NULL,NULL,8,'2017-10-16',4,0,0,6800,'sheng','0905363554 ,',' asdasdadad',NULL,NULL,1,'210.240.156.88',NULL,NULL,NULL,NULL,NULL,1,NULL,NULL),(34,'0000-00-00 00:00:00','2017-10-17 12:36:04',NULL,125,NULL,NULL,5,'2017-10-20',4,0,0,3600,'宋心賢做測試','0937121768 ,','83154 高雄市大寮區山頂里山頂路120號大寮區1樓',NULL,NULL,1,'140.117.77.34',NULL,NULL,NULL,NULL,NULL,1,NULL,NULL),(35,'0000-00-00 00:00:00','2017-10-18 14:02:21',NULL,125,NULL,NULL,5,'2017-10-19',4,0,150,350,'pp41120',' ,','',NULL,NULL,1,'140.117.77.34',NULL,NULL,NULL,NULL,NULL,1,NULL,NULL),(36,'0000-00-00 00:00:00','2017-10-18 14:03:42',NULL,125,NULL,NULL,5,'2017-10-19',1,0,150,350,'pp41120',' ,','',NULL,NULL,1,'140.117.77.34',NULL,NULL,NULL,NULL,NULL,1,NULL,NULL),(37,'0000-00-00 00:00:00','2017-10-20 00:24:11',NULL,125,NULL,NULL,14,'2017-10-21',2,0,150,780,'謝美蓮','0926226330 ,','',NULL,NULL,1,'27.247.14.15',NULL,NULL,NULL,NULL,NULL,1,NULL,NULL),(38,'0000-00-00 00:00:00','2017-10-20 22:52:10',NULL,45,NULL,NULL,4,'2017-10-21',1,0,0,0,'alexlin','0905635500 ,','095 台東縣',NULL,NULL,1,'1.175.21.148',NULL,NULL,NULL,NULL,NULL,1,NULL,NULL),(39,'0000-00-00 00:00:00','2017-10-24 09:08:20',NULL,125,NULL,NULL,15,'2017-10-25',4,0,150,1150,'NSYUtest37','09123456789 ,','666',NULL,NULL,1,'39.9.68.164',NULL,NULL,NULL,NULL,NULL,1,NULL,NULL),(40,'0000-00-00 00:00:00','2017-10-24 09:10:10',NULL,125,NULL,NULL,15,'2017-10-25',2,0,100,2410,'NSYUtest37',' ,','',NULL,NULL,1,'39.9.68.164',NULL,NULL,NULL,NULL,NULL,1,NULL,NULL),(41,'0000-00-00 00:00:00','2017-10-24 09:14:38',NULL,125,NULL,NULL,15,'2017-10-25',1,0,0,3727,'NSYUtest37',' ,','',NULL,NULL,1,'39.9.68.164',NULL,NULL,NULL,NULL,NULL,1,NULL,NULL),(42,'0000-00-00 00:00:00','2017-10-24 17:17:59',NULL,125,NULL,NULL,15,'2017-10-25',4,0,100,2600,'NSYUtest37','0912345678 ,','',NULL,NULL,1,'1.174.91.153',NULL,NULL,NULL,NULL,NULL,1,NULL,NULL),(43,'0000-00-00 00:00:00','2017-10-24 17:19:21',NULL,125,NULL,NULL,15,'2017-10-25',2,0,0,3850,'',' ,','',NULL,NULL,1,'1.174.91.153',NULL,NULL,NULL,NULL,NULL,1,NULL,NULL),(44,'0000-00-00 00:00:00','2017-10-24 19:21:34',NULL,125,NULL,NULL,10,'2017-10-25',2,0,150,8130,'123',' ,','',NULL,NULL,1,'210.240.156.90',NULL,NULL,NULL,NULL,NULL,1,NULL,NULL),(45,'0000-00-00 00:00:00','2017-10-25 09:40:50',NULL,125,NULL,NULL,16,'2017-10-26',4,0,150,3650,'夏佳如','0975933130 ,','',NULL,NULL,1,'114.39.14.108',NULL,NULL,NULL,NULL,NULL,1,NULL,NULL),(46,'0000-00-00 00:00:00','2017-10-25 09:41:10',NULL,125,NULL,NULL,16,'2017-10-26',2,0,150,150,'夏佳如','0975933130 ,','',NULL,NULL,1,'114.39.14.108',NULL,NULL,NULL,NULL,NULL,1,NULL,NULL),(47,'0000-00-00 00:00:00','2017-10-25 10:35:45',NULL,125,NULL,NULL,14,'2017-10-27',2,0,150,7810,'謝美蓮','0926226330 ,',' 屏東縣瑪家鄉佳義村114-6號',NULL,NULL,1,'114.39.14.108',NULL,NULL,NULL,NULL,NULL,1,NULL,NULL),(48,'0000-00-00 00:00:00','2017-10-25 10:35:50',NULL,125,NULL,NULL,14,'2017-10-27',2,0,150,150,'謝美蓮','0926226330 ,',' 屏東縣瑪家鄉佳義村114-6號',NULL,NULL,1,'114.39.14.108',NULL,NULL,NULL,NULL,NULL,1,NULL,NULL),(49,'0000-00-00 00:00:00','2017-10-25 10:35:54',NULL,125,NULL,NULL,14,'2017-10-27',2,0,150,150,'謝美蓮','0926226330 ,',' 屏東縣瑪家鄉佳義村114-6號',NULL,NULL,1,'114.39.14.108',NULL,NULL,NULL,NULL,NULL,1,NULL,NULL),(50,'0000-00-00 00:00:00','2017-10-25 10:40:19',NULL,125,NULL,NULL,14,'2017-10-26',4,0,150,2920,'謝美蓮','0926226330 ,',' 屏東縣瑪家鄉佳義村114-6號',NULL,NULL,1,'114.39.14.108',NULL,NULL,NULL,NULL,NULL,1,NULL,NULL),(51,'0000-00-00 00:00:00','2017-10-25 10:47:25',NULL,125,NULL,NULL,14,'2017-10-26',1,0,150,7850,'謝美蓮','0926226330 ,',' 屏東縣瑪家鄉佳義村114-6號',NULL,NULL,1,'114.39.14.108',NULL,NULL,NULL,NULL,NULL,1,NULL,NULL),(52,'0000-00-00 00:00:00','2017-10-25 12:48:16',NULL,125,NULL,NULL,10,'2017-10-26',1,0,150,4150,'123',' ,','',NULL,NULL,1,'210.240.156.87',NULL,NULL,NULL,NULL,NULL,1,NULL,NULL),(53,'0000-00-00 00:00:00','2017-10-25 13:22:17',NULL,125,NULL,NULL,13,'0000-00-00',0,0,150,1830,'',' ,','',NULL,NULL,1,'140.117.247.196',NULL,NULL,NULL,NULL,NULL,1,NULL,NULL),(54,'0000-00-00 00:00:00','2017-10-25 22:21:05',NULL,45,NULL,NULL,4,'2017-10-26',2,0,0,0,'alexlin','0905635500 ,',' 台東市中華路一段865巷15弄2之1號',NULL,NULL,1,'1.175.23.179',NULL,NULL,NULL,NULL,NULL,1,NULL,NULL);

--
-- Table structure for table `nttucloud2017_order2`
--

CREATE TABLE `nttucloud2017_order2` (
  `prikey` int(10) unsigned NOT NULL AUTO_INCREMENT,
  `datechg` timestamp NOT NULL DEFAULT '0000-00-00 00:00:00' ON UPDATE CURRENT_TIMESTAMP COMMENT '最後修改的日期時間',
  `dateadd` datetime DEFAULT NULL COMMENT '新增的日期時間',
  `datedel` datetime DEFAULT NULL COMMENT '刪除的日期時間',
  `parentprikey` int(10) unsigned DEFAULT NULL COMMENT '關聯店家',
  `pkey` int(11) DEFAULT NULL COMMENT '關聯 prikey',
  `fkey` int(11) DEFAULT NULL COMMENT '關聯 fkey',
  `memprikey` int(11) DEFAULT NULL COMMENT '會員關聯',
  `goodsID` int(11) DEFAULT NULL COMMENT '關聯產品項目',
  `goodsName` char(255) DEFAULT NULL COMMENT '產品名稱',
  `number` int(11) DEFAULT NULL COMMENT '數量',
  `price` int(11) DEFAULT NULL COMMENT '單價金額',
  `flow` int(11) DEFAULT NULL COMMENT '訂單處理狀態',
  `status` int(11) DEFAULT NULL COMMENT '收件、退貨...狀態	15	, 1 收件， 2 撿貨， 4 出貨， 8 配送中， 16 XX， 32， XX， 64 己送達',
  `srcip` char(40) DEFAULT NULL COMMENT '來源IP',
  `sessionID` char(255) DEFAULT NULL COMMENT 'SessionID',
  `content` text COMMENT '內容',
  `content2` text COMMENT '內容2',
  `comment` text COMMENT '詳細說明',
  `textsimple` text COMMENT '簡單說明',
  `ub1` int(11) DEFAULT NULL,
  `ub2` int(11) DEFAULT NULL,
  `ub3` int(11) DEFAULT NULL,
  PRIMARY KEY (`prikey`)
) ENGINE=InnoDB AUTO_INCREMENT=67 DEFAULT CHARSET=utf8;

--
-- Dumping data for table `nttucloud2017_order2`
--

INSERT INTO `nttucloud2017_order2` VALUES (1,'0000-00-00 00:00:00','2017-09-06 12:56:32',NULL,3,1,1,1,37,'Xfce',5,160,0,1,'210.240.156.87',NULL,NULL,NULL,NULL,NULL,1,NULL,NULL),(2,'0000-00-00 00:00:00','2017-09-06 12:56:32',NULL,3,2,1,1,36,'MATE',2,250,0,1,'210.240.156.87',NULL,NULL,NULL,NULL,NULL,1,NULL,NULL),(3,'0000-00-00 00:00:00','2017-09-20 13:25:50',NULL,125,4,2,2,171,'cgfgd',6,99,0,1,'210.240.156.87',NULL,NULL,NULL,NULL,NULL,1,NULL,NULL),(4,'0000-00-00 00:00:00','2017-09-25 10:08:45',NULL,125,5,3,5,208,'銘泉鳳梨醬油醋禮盒',1,0,0,1,'140.117.77.34',NULL,NULL,NULL,NULL,NULL,1,NULL,NULL),(5,'0000-00-00 00:00:00','2017-10-01 22:53:24',NULL,125,9,4,10,382,'有機鳳梨鮮果',5,8000,0,1,'111.242.199.164',NULL,NULL,NULL,NULL,NULL,1,NULL,NULL),(6,'0000-00-00 00:00:00','2017-10-02 10:07:01',NULL,125,10,5,13,382,'有機鳳梨鮮果',2,8000,0,1,'1.172.110.166',NULL,NULL,NULL,NULL,NULL,1,NULL,NULL),(7,'0000-00-00 00:00:00','2017-10-02 19:14:50',NULL,3,11,6,1,37,'Xfce',10,160,0,1,'120.127.215.183',NULL,NULL,NULL,NULL,NULL,1,NULL,NULL),(8,'0000-00-00 00:00:00','2017-10-02 19:14:50',NULL,3,12,6,1,36,'MATE',5,250,0,1,'120.127.215.183',NULL,NULL,NULL,NULL,NULL,1,NULL,NULL),(9,'0000-00-00 00:00:00','2017-10-02 20:32:11',NULL,3,13,7,1,37,'Xfce',3,160,0,1,'120.127.215.183',NULL,NULL,NULL,NULL,NULL,1,NULL,NULL),(10,'0000-00-00 00:00:00','2017-10-03 23:19:04',NULL,125,14,8,15,382,'有機鳳梨鮮果',4,8000,0,1,'114.40.176.67',NULL,NULL,NULL,NULL,NULL,1,NULL,NULL),(11,'0000-00-00 00:00:00','2017-10-03 23:19:04',NULL,125,15,8,15,400,'原味鳳梨酥',6,0,0,1,'114.40.176.67',NULL,NULL,NULL,NULL,NULL,1,NULL,NULL),(12,'0000-00-00 00:00:00','2017-10-03 23:19:04',NULL,125,16,8,15,428,'銘泉鳳梨酥12入禮盒',3,480,0,1,'114.40.176.67',NULL,NULL,NULL,NULL,NULL,1,NULL,NULL),(13,'0000-00-00 00:00:00','2017-10-03 23:19:04',NULL,125,17,8,15,437,'鳳梨果醬 Pineapple Passion  Fruit Jam',10,130,0,1,'114.40.176.67',NULL,NULL,NULL,NULL,NULL,1,NULL,NULL),(14,'0000-00-00 00:00:00','2017-10-03 23:20:16',NULL,125,18,9,15,432,'鳳梨果乾 Organic Dried Pineapple',20,0,0,1,'114.40.176.67',NULL,NULL,NULL,NULL,NULL,1,NULL,NULL),(15,'0000-00-00 00:00:00','2017-10-03 23:22:27',NULL,125,19,10,15,436,'有機鳳梨活醋禮盒',8,750,0,1,'114.40.176.67',NULL,NULL,NULL,NULL,NULL,1,NULL,NULL),(16,'0000-00-00 00:00:00','2017-10-05 10:10:34',NULL,125,22,11,16,428,'銘泉鳳梨酥12入禮盒',0,480,0,1,'223.138.225.221',NULL,NULL,NULL,NULL,NULL,1,NULL,NULL),(17,'0000-00-00 00:00:00','2017-10-05 10:33:07',NULL,125,23,12,14,427,'銘泉金鑽旺來禮盒(B款)',1,630,0,1,'39.9.194.75',NULL,NULL,NULL,NULL,NULL,1,NULL,NULL),(18,'0000-00-00 00:00:00','2017-10-05 11:32:35',NULL,122,24,13,17,445,'台東咖啡豆',3,0,0,1,'210.240.156.71',NULL,NULL,NULL,NULL,NULL,1,NULL,NULL),(19,'0000-00-00 00:00:00','2017-10-05 22:40:47',NULL,104,26,14,8,373,'明月松間照',1,0,0,1,'210.240.156.155',NULL,NULL,NULL,NULL,NULL,1,NULL,NULL),(20,'0000-00-00 00:00:00','2017-10-06 01:09:44',NULL,125,27,16,7,382,'有機鳳梨鮮果',10,8000,0,1,'36.236.164.60',NULL,NULL,NULL,NULL,NULL,1,NULL,NULL),(21,'0000-00-00 00:00:00','2017-10-08 10:49:54',NULL,45,28,17,4,354,'酋長之杯',1,0,0,1,'1.175.11.51',NULL,NULL,NULL,NULL,NULL,1,NULL,NULL),(22,'0000-00-00 00:00:00','2017-10-13 10:58:08',NULL,125,23,18,14,556,'金鑽旺來禮盒(A款)',2,770,0,1,'39.9.34.99',NULL,NULL,NULL,NULL,NULL,1,NULL,NULL),(23,'0000-00-00 00:00:00','2017-10-13 10:58:08',NULL,125,24,18,14,554,'金鑽旺來禮盒(B款)',1,630,0,1,'39.9.34.99',NULL,NULL,NULL,NULL,NULL,1,NULL,NULL),(24,'0000-00-00 00:00:00','2017-10-13 10:58:08',NULL,125,25,18,14,572,'鳳梨黑豆薄鹽醬油禮盒',3,550,0,1,'39.9.34.99',NULL,NULL,NULL,NULL,NULL,1,NULL,NULL),(25,'0000-00-00 00:00:00','2017-10-13 11:26:06',NULL,125,29,19,14,548,'有機紅藜米',5,200,0,1,'39.9.34.99',NULL,NULL,NULL,NULL,NULL,1,NULL,NULL),(26,'0000-00-00 00:00:00','2017-10-13 11:31:20',NULL,125,33,20,14,550,'有機鳳梨鮮果',1,600,0,1,'39.9.34.99',NULL,NULL,NULL,NULL,NULL,1,NULL,NULL),(27,'0000-00-00 00:00:00','2017-10-13 11:31:38',NULL,125,22,21,16,550,'有機鳳梨鮮果',2,600,0,1,'114.27.118.95',NULL,NULL,NULL,NULL,NULL,1,NULL,NULL),(28,'0000-00-00 00:00:00','2017-10-13 11:31:38',NULL,125,32,21,16,549,'G.農事體驗',40,0,0,1,'114.27.118.95',NULL,NULL,NULL,NULL,NULL,1,NULL,NULL),(29,'0000-00-00 00:00:00','2017-10-13 11:32:22',NULL,125,34,22,16,564,'有機鳳梨果乾(竹簍)(圓片)',2,250,0,1,'114.27.118.95',NULL,NULL,NULL,NULL,NULL,1,NULL,NULL),(30,'0000-00-00 00:00:00','2017-10-13 11:34:58',NULL,125,35,23,14,565,'有機鳳梨活醋',9,399,0,1,'39.9.34.99',NULL,NULL,NULL,NULL,NULL,1,NULL,NULL),(31,'0000-00-00 00:00:00','2017-10-13 11:42:46',NULL,125,36,24,14,554,'金鑽旺來禮盒(B款)',2,630,0,1,'39.9.34.99',NULL,NULL,NULL,NULL,NULL,1,NULL,NULL),(32,'0000-00-00 00:00:00','2017-10-13 12:40:50',NULL,125,38,25,7,531,'A.採收有機鳳梨體驗',1,0,0,1,'210.240.156.87',NULL,NULL,NULL,NULL,NULL,1,NULL,NULL),(33,'0000-00-00 00:00:00','2017-10-13 13:10:17',NULL,125,39,26,7,565,'有機鳳梨活醋',101,399,0,1,'210.240.156.87',NULL,NULL,NULL,NULL,NULL,1,NULL,NULL),(34,'0000-00-00 00:00:00','2017-10-13 20:23:06',NULL,125,49,27,7,548,'有機紅藜米',400,200,0,1,'210.240.156.90',NULL,NULL,NULL,NULL,NULL,1,NULL,NULL),(35,'0000-00-00 00:00:00','2017-10-13 20:23:06',NULL,125,51,27,7,550,'有機鳳梨鮮果',100,600,0,1,'210.240.156.90',NULL,NULL,NULL,NULL,NULL,1,NULL,NULL),(36,'0000-00-00 00:00:00','2017-10-13 23:38:58',NULL,125,55,28,14,556,'金鑽旺來禮盒(A款)',1,770,0,1,'110.28.160.122',NULL,NULL,NULL,NULL,NULL,1,NULL,NULL),(37,'0000-00-00 00:00:00','2017-10-14 20:45:39',NULL,3,56,29,1,36,'MATE',10,250,0,1,'192.168.1.1',NULL,NULL,NULL,NULL,NULL,1,NULL,NULL),(38,'0000-00-00 00:00:00','2017-10-14 20:45:39',NULL,3,57,29,1,37,'Xfce',15,160,0,1,'192.168.1.1',NULL,NULL,NULL,NULL,NULL,1,NULL,NULL),(39,'0000-00-00 00:00:00','2017-10-14 20:47:17',NULL,3,58,30,1,36,'MATE',10,250,0,1,'192.168.1.1',NULL,NULL,NULL,NULL,NULL,1,NULL,NULL),(40,'0000-00-00 00:00:00','2017-10-14 20:50:46',NULL,3,59,31,1,36,'MATE',8,250,0,1,'192.168.1.1',NULL,NULL,NULL,NULL,NULL,1,NULL,NULL),(41,'0000-00-00 00:00:00','2017-10-14 20:53:41',NULL,3,60,32,1,36,'MATE',6,250,0,1,'192.168.1.1',NULL,NULL,NULL,NULL,NULL,1,NULL,NULL),(42,'0000-00-00 00:00:00','2017-10-15 14:24:14',NULL,104,61,33,8,373,'明月松間照',1,6800,0,1,'210.240.156.88',NULL,NULL,NULL,NULL,NULL,1,NULL,NULL),(43,'0000-00-00 00:00:00','2017-10-17 12:36:04',NULL,125,63,34,5,550,'有機鳳梨鮮果',6,600,0,1,'140.117.77.34',NULL,NULL,NULL,NULL,NULL,1,NULL,NULL),(44,'0000-00-00 00:00:00','2017-10-18 14:02:21',NULL,125,66,35,5,669,'有機紅藜(已脫殼)',1,200,0,1,'140.117.77.34',NULL,NULL,NULL,NULL,NULL,1,NULL,NULL),(45,'0000-00-00 00:00:00','2017-10-18 14:03:42',NULL,125,67,36,5,669,'有機紅藜(已脫殼)',1,200,0,1,'140.117.77.34',NULL,NULL,NULL,NULL,NULL,1,NULL,NULL),(46,'0000-00-00 00:00:00','2017-10-20 00:24:11',NULL,125,68,37,14,554,'金鑽旺來禮盒(B款)',1,630,0,1,'27.247.14.15',NULL,NULL,NULL,NULL,NULL,1,NULL,NULL),(47,'0000-00-00 00:00:00','2017-10-20 22:52:10',NULL,45,69,38,4,354,'酋長之杯',1,0,0,1,'1.175.21.148',NULL,NULL,NULL,NULL,NULL,1,NULL,NULL),(48,'0000-00-00 00:00:00','2017-10-24 09:08:21',NULL,125,71,39,15,672,'有機鳳梨鮮果禮盒(8支)',1,1000,0,1,'39.9.68.164',NULL,NULL,NULL,NULL,NULL,1,NULL,NULL),(49,'0000-00-00 00:00:00','2017-10-24 09:10:10',NULL,125,72,40,15,556,'金鑽旺來禮盒(A款)',3,770,0,1,'39.9.68.164',NULL,NULL,NULL,NULL,NULL,1,NULL,NULL),(50,'0000-00-00 00:00:00','2017-10-24 09:14:38',NULL,125,73,41,15,565,'有機鳳梨活醋',3,399,0,1,'39.9.68.164',NULL,NULL,NULL,NULL,NULL,1,NULL,NULL),(51,'0000-00-00 00:00:00','2017-10-24 09:14:38',NULL,125,74,41,15,561,'綜合鳳梨酥(12入)',3,510,0,1,'39.9.68.164',NULL,NULL,NULL,NULL,NULL,1,NULL,NULL),(52,'0000-00-00 00:00:00','2017-10-24 09:14:38',NULL,125,75,41,15,672,'有機鳳梨鮮果禮盒(8支)',1,1000,0,1,'39.9.68.164',NULL,NULL,NULL,NULL,NULL,1,NULL,NULL),(53,'0000-00-00 00:00:00','2017-10-24 17:17:59',NULL,125,77,42,15,671,'有機鳳梨鮮果禮盒(3-4支)',5,500,0,1,'1.174.91.153',NULL,NULL,NULL,NULL,NULL,1,NULL,NULL),(54,'0000-00-00 00:00:00','2017-10-24 17:19:21',NULL,125,78,43,15,556,'金鑽旺來禮盒(A款)',5,770,0,1,'1.174.91.153',NULL,NULL,NULL,NULL,NULL,1,NULL,NULL),(55,'0000-00-00 00:00:00','2017-10-24 19:21:34',NULL,125,87,44,10,565,'有機鳳梨活醋',20,399,0,1,'210.240.156.90',NULL,NULL,NULL,NULL,NULL,1,NULL,NULL),(56,'0000-00-00 00:00:00','2017-10-25 09:40:50',NULL,125,91,45,16,671,'有機鳳梨鮮果禮盒(3-4支)',1,500,0,1,'114.39.14.108',NULL,NULL,NULL,NULL,NULL,1,NULL,NULL),(57,'0000-00-00 00:00:00','2017-10-25 09:40:50',NULL,125,92,45,16,573,'有機鳳梨活醋禮盒',4,750,0,1,'114.39.14.108',NULL,NULL,NULL,NULL,NULL,1,NULL,NULL),(58,'0000-00-00 00:00:00','2017-10-25 10:35:45',NULL,125,94,47,14,554,'金鑽旺來禮盒(B款)',10,630,0,1,'114.39.14.108',NULL,NULL,NULL,NULL,NULL,1,NULL,NULL),(59,'0000-00-00 00:00:00','2017-10-25 10:35:45',NULL,125,95,47,14,572,'鳳梨黑豆薄鹽醬油禮盒',2,550,0,1,'114.39.14.108',NULL,NULL,NULL,NULL,NULL,1,NULL,NULL),(60,'0000-00-00 00:00:00','2017-10-25 10:35:45',NULL,125,96,47,14,574,'鳳梨百香果果醬',2,130,0,1,'114.39.14.108',NULL,NULL,NULL,NULL,NULL,1,NULL,NULL),(61,'0000-00-00 00:00:00','2017-10-25 10:40:19',NULL,125,99,50,14,556,'金鑽旺來禮盒(A款)',1,770,0,1,'114.39.14.108',NULL,NULL,NULL,NULL,NULL,1,NULL,NULL),(62,'0000-00-00 00:00:00','2017-10-25 10:40:19',NULL,125,100,50,14,562,'有機鳳梨果乾',10,200,0,1,'114.39.14.108',NULL,NULL,NULL,NULL,NULL,1,NULL,NULL),(63,'0000-00-00 00:00:00','2017-10-25 10:47:25',NULL,125,102,51,14,556,'金鑽旺來禮盒(A款)',10,770,0,1,'114.39.14.108',NULL,NULL,NULL,NULL,NULL,1,NULL,NULL),(64,'0000-00-00 00:00:00','2017-10-25 12:48:16',NULL,125,104,52,10,669,'有機紅藜(已脫殼)',20,200,0,1,'210.240.156.87',NULL,NULL,NULL,NULL,NULL,1,NULL,NULL),(65,'0000-00-00 00:00:00','2017-10-25 13:22:17',NULL,125,103,53,13,670,'有機紅藜(未脫殼)',21,80,0,1,'140.117.247.196',NULL,NULL,NULL,NULL,NULL,1,NULL,NULL),(66,'0000-00-00 00:00:00','2017-10-25 22:21:05',NULL,45,106,54,4,708,'土地杯 (財富與勢力)',5,0,0,1,'1.175.23.179',NULL,NULL,NULL,NULL,NULL,1,NULL,NULL);

--
-- Table structure for table `nttucloud2017_orderflow`
--

CREATE TABLE `nttucloud2017_orderflow` (
  `prikey` int(10) unsigned NOT NULL AUTO_INCREMENT,
  `datechg` timestamp NOT NULL DEFAULT '0000-00-00 00:00:00' ON UPDATE CURRENT_TIMESTAMP COMMENT '最後修改的日期時間',
  `dateadd` datetime DEFAULT NULL COMMENT '新增的日期時間',
  `datedel` datetime DEFAULT NULL COMMENT '刪除的日期時間',
  `parentprikey` int(10) unsigned DEFAULT NULL COMMENT '關聯店家',
  `pkey` int(11) DEFAULT NULL COMMENT '關聯 prikey',
  `fkey` int(11) DEFAULT NULL COMMENT '關聯 fkey',
  `memprikey` int(11) DEFAULT NULL COMMENT '會員關聯',
  `status` int(11) DEFAULT NULL COMMENT '收件、退貨...狀態	15	, 1 收件， 2 撿貨， 4 出貨， 8 配送中， 16 XX， 32， XX， 64 己送達',
  `srcip` char(40) DEFAULT NULL COMMENT '來源IP',
  `sessionID` char(255) DEFAULT NULL COMMENT 'SessionID',
  `content` text COMMENT '內容',
  `content2` text COMMENT '內容2',
  `comment` text COMMENT '詳細說明',
  `textsimple` text COMMENT '簡單說明',
  `ub1` int(11) DEFAULT NULL,
  `ub2` int(11) DEFAULT NULL,
  `ub3` int(11) DEFAULT NULL,
  PRIMARY KEY (`prikey`)
) ENGINE=InnoDB DEFAULT CHARSET=utf8;

--
-- Dumping data for table `nttucloud2017_orderflow`
--


--
-- Table structure for table `nttucloud2017_photogallery`
--

CREATE TABLE `nttucloud2017_photogallery` (
  `prikey` int(10) unsigned NOT NULL AUTO_INCREMENT,
  `datechg` timestamp NOT NULL DEFAULT '0000-00-00 00:00:00' ON UPDATE CURRENT_TIMESTAMP COMMENT '最後修改的日期時間',
  `dateadd` datetime DEFAULT NULL COMMENT '新增的日期時間',
  `datedel` datetime DEFAULT NULL COMMENT '刪除的日期時間',
  `parentprikey` int(10) unsigned DEFAULT NULL COMMENT '關聯prikey, 0為主層，其餘為關聯主層的prikey',
  `fkey` int(10) unsigned DEFAULT NULL COMMENT '主要事件關聯',
  `admprikey` int(11) DEFAULT NULL COMMENT '管理員編號',
  `empprikey` int(11) DEFAULT NULL COMMENT '人員編號',
  `stoprikey` int(11) DEFAULT NULL COMMENT '店家編號',
  `memprikey` int(11) DEFAULT NULL COMMENT '會員關聯',
  `phoc10` char(255) DEFAULT NULL COMMENT '相簿名稱',
  `phot11` text COMMENT 'text',
  `phoi12` int(11) DEFAULT NULL COMMENT 'image size',
  `phoi13` int(11) DEFAULT NULL COMMENT 'hit count',
  `phoc14` char(255) DEFAULT NULL COMMENT '相片名稱',
  `phoc15` char(255) DEFAULT NULL COMMENT '資料夾名稱（日期）',
  `phoc16` char(255) DEFAULT NULL,
  `phoc17` int(11) DEFAULT NULL,
  `phoc18` int(11) DEFAULT NULL,
  `phoc19` int(11) DEFAULT NULL,
  `phoc20` text COMMENT '詳細說明',
  `phoc21` text,
  `phoip` char(255) DEFAULT NULL,
  `phoipv6` char(255) DEFAULT NULL,
  `phocomment` text,
  `phoub1` int(11) DEFAULT NULL,
  `phoub2` int(11) DEFAULT NULL,
  `phoub3` int(11) DEFAULT NULL,
  PRIMARY KEY (`prikey`)
) ENGINE=InnoDB DEFAULT CHARSET=utf8;

--
-- Dumping data for table `nttucloud2017_photogallery`
--


--
-- Table structure for table `nttucloud2017_store`
--

CREATE TABLE `nttucloud2017_store` (
  `prikey` int(10) unsigned NOT NULL AUTO_INCREMENT,
  `datechg` timestamp NOT NULL DEFAULT '0000-00-00 00:00:00' ON UPDATE CURRENT_TIMESTAMP COMMENT '最後修改的日期時間',
  `dateadd` datetime DEFAULT NULL COMMENT '新增的日期時間',
  `datedel` datetime DEFAULT NULL COMMENT '刪除的日期時間',
  `parentprikey` int(10) unsigned DEFAULT NULL COMMENT '帳號類別 selUserType',
  `fkey` int(11) DEFAULT NULL COMMENT '主要事件關聯',
  `admprikey` int(11) DEFAULT NULL COMMENT '管理員編號',
  `empprikey` int(11) DEFAULT NULL COMMENT '關聯管理員',
  `id` char(255) DEFAULT NULL COMMENT '帳號＝電子郵件',
  `pw` char(255) DEFAULT NULL COMMENT 'md5加密',
  `name` char(255) DEFAULT NULL COMMENT '姓名',
  `socialID` char(255) DEFAULT NULL COMMENT '身份證字號',
  `officeName` char(255) DEFAULT NULL COMMENT '單位名稱',
  `officeRank` char(255) DEFAULT NULL COMMENT '職級',
  `phone` char(255) DEFAULT NULL COMMENT '電話',
  `phonem` char(255) DEFAULT NULL COMMENT '行動電話',
  `address` char(255) DEFAULT NULL COMMENT '地址',
  `line` char(255) DEFAULT NULL COMMENT 'Line ID',
  `fb` char(255) DEFAULT NULL COMMENT 'facebook ID',
  `twitter` char(255) DEFAULT NULL,
  `comment` text COMMENT '個人介紹',
  `latitude` int(11) DEFAULT NULL COMMENT '緯度',
  `longitude` int(11) DEFAULT NULL COMMENT '經度',
  `accuracy` int(11) DEFAULT NULL COMMENT '精確度',
  `sort` int(11) DEFAULT NULL COMMENT '排序',
  `enabled` int(11) DEFAULT NULL COMMENT '啟用，1為啟用，0為禁用',
  `open` int(11) DEFAULT NULL COMMENT '1為開放或使用中，0為不開放或刪除',
  `status` int(11) DEFAULT NULL COMMENT '狀態',
  `ip` char(255) DEFAULT NULL,
  `ipv6` char(255) DEFAULT NULL,
  `css` int(11) DEFAULT NULL,
  `backup` text COMMENT '修改資料備份欄位',
  `ub1` char(255) DEFAULT NULL COMMENT '做為認證8碼的記錄',
  `ub2` int(11) DEFAULT NULL,
  PRIMARY KEY (`prikey`)
) ENGINE=InnoDB AUTO_INCREMENT=18 DEFAULT CHARSET=utf8;

--
-- Dumping data for table `nttucloud2017_store`
--

INSERT INTO `nttucloud2017_store` VALUES (1,'2017-09-06 05:53:39','2017-07-26 15:02:42',NULL,3,NULL,NULL,NULL,'wangjenmin@gmail.com','e10adc3949ba59abbe56e057f20f883e','王振民','36860263','翼王資訊社','','0933589847','0933589847','',NULL,NULL,NULL,'',NULL,NULL,NULL,NULL,1,1,NULL,NULL,NULL,NULL,NULL,NULL,NULL),(2,'2017-07-27 04:31:05','2017-07-27 12:30:00',NULL,13,NULL,NULL,NULL,'wjm8888@gmail.com','e10adc3949ba59abbe56e057f20f883e','王大','','墨家','','','','',NULL,NULL,NULL,'',NULL,NULL,NULL,NULL,1,1,NULL,NULL,NULL,NULL,NULL,NULL,NULL),(3,'2017-07-30 08:47:56','2017-07-30 16:46:28',NULL,2,NULL,NULL,NULL,'jmwang@cc2k.nttu.edu.tw','e10adc3949ba59abbe56e057f20f883e','wangjenmin','','資訊室','','','','',NULL,NULL,NULL,'',NULL,NULL,NULL,NULL,1,1,NULL,NULL,NULL,NULL,NULL,NULL,NULL),(5,'2017-10-25 14:13:48','2017-08-07 10:50:08',NULL,45,NULL,NULL,NULL,'posua93@yahoo.com.vn','55c10c7cde7821bb318273c1f61d3e7f','廖光亮','','九鳥陶燒','','(089)570550','0932582058','',NULL,NULL,NULL,'',NULL,NULL,NULL,NULL,1,1,NULL,NULL,NULL,NULL,NULL,NULL,NULL),(6,'2017-08-07 14:15:55','2017-08-07 15:17:27',NULL,63,NULL,NULL,NULL,'sheng','e10adc3949ba59abbe56e057f20f883e','sheng','','墨仙堂','','0905363554','0905363554','',NULL,NULL,NULL,'',NULL,NULL,NULL,NULL,1,1,NULL,NULL,NULL,NULL,NULL,NULL,NULL),(7,'2017-10-15 06:30:07','2017-08-19 23:26:40',NULL,104,NULL,NULL,NULL,'sheng961002@hotmail.com','e10adc3949ba59abbe56e057f20f883e','admin','','墨仙堂','','','0905363554','',NULL,NULL,NULL,'',NULL,NULL,NULL,NULL,1,1,NULL,NULL,NULL,NULL,NULL,NULL,NULL),(9,'2017-09-24 08:27:01','2017-09-14 22:27:06',NULL,119,NULL,NULL,NULL,'molly012286@gmail.com','18717d0cbd88d611fa194d0051525084','蔡淑真','','庭翊民宿','','','','',NULL,NULL,NULL,'',NULL,NULL,NULL,NULL,0,0,NULL,NULL,NULL,NULL,NULL,NULL,NULL),(10,'2017-10-22 07:40:44','2017-09-17 14:25:27',NULL,120,NULL,NULL,NULL,'asarak913@gmail.com','8bbfad0fbdb46321d74267bc63589f95','林春兆','','','','','0976113954','',NULL,NULL,NULL,'',NULL,NULL,NULL,NULL,1,1,NULL,NULL,NULL,NULL,NULL,NULL,NULL),(11,'2017-09-24 08:27:07','2017-09-17 14:27:40',NULL,121,NULL,NULL,NULL,'molly012286@gmail.com','18717d0cbd88d611fa194d0051525084','蔡淑真','','庭翊民宿','','','0927311639','',NULL,NULL,NULL,'',NULL,NULL,NULL,NULL,0,0,NULL,NULL,NULL,NULL,NULL,NULL,NULL),(12,'2017-10-03 06:41:00','2017-09-17 14:28:42',NULL,122,NULL,NULL,NULL,'lovetily86817@gmail.com','a75d974460a0f39ff43cc61888f603c3','陳庭','','艾蘭哥爾','','','0954016751','',NULL,NULL,NULL,'',NULL,NULL,NULL,NULL,1,1,NULL,NULL,NULL,NULL,NULL,NULL,NULL),(13,'2017-09-17 06:30:46','2017-09-17 14:30:12',NULL,123,NULL,NULL,NULL,'anne.ngt1093@gmail.com','f378c08bc62bc16137935767a29114fc','阮簪纓','','巒巒山有機農場','','','0905635500','',NULL,NULL,NULL,'',NULL,NULL,NULL,NULL,1,1,NULL,NULL,NULL,NULL,NULL,NULL,NULL),(14,'2017-09-17 06:31:56','2017-09-17 14:31:23',NULL,124,NULL,NULL,NULL,'koneku250@gmail.com','cceb6e29adaf34997fad4416ad53e676','劉承翰','','潔拭拖','','','0922853385','',NULL,NULL,NULL,'',NULL,NULL,NULL,NULL,1,1,NULL,NULL,NULL,NULL,NULL,NULL,NULL),(15,'2017-09-28 13:53:16','2017-09-17 14:32:53',NULL,125,NULL,NULL,NULL,'handsome11730@gmail.com','37b6b2dff2f324ac8ddf636dfb42acfb','陳伯瑋','','銘泉生態休閒農業','','','0939162293','',NULL,NULL,NULL,'',NULL,NULL,NULL,NULL,1,1,NULL,NULL,NULL,NULL,NULL,NULL,NULL),(16,'2017-10-07 12:42:59','2017-09-20 22:56:10',NULL,185,NULL,NULL,NULL,'molly012286@gmail.com','18717d0cbd88d611fa194d0051525084','蔡淑貞','','庭翊民宿','','','','',NULL,NULL,NULL,'',NULL,NULL,NULL,NULL,1,1,NULL,NULL,NULL,NULL,NULL,NULL,NULL),(17,'2017-09-26 00:50:51','2017-09-26 08:50:14',NULL,254,NULL,NULL,NULL,'a7220109@gmail.com','754c7742d7fc182c900e1bad92cc4e84','林欣怡','','灶咖','','','','',NULL,NULL,NULL,'',NULL,NULL,NULL,NULL,1,1,NULL,NULL,NULL,NULL,NULL,NULL,NULL);

--
-- Table structure for table `nttucloud2017_webdownload`
--

CREATE TABLE `nttucloud2017_webdownload` (
  `prikey` int(10) unsigned NOT NULL AUTO_INCREMENT,
  `datechg` timestamp NOT NULL DEFAULT '0000-00-00 00:00:00' ON UPDATE CURRENT_TIMESTAMP COMMENT '最後修改的日期時間',
  `dateadd` datetime DEFAULT NULL COMMENT '新增的日期時間',
  `datedel` datetime DEFAULT NULL COMMENT '刪除的日期時間',
  `parentprikey` int(10) unsigned DEFAULT NULL COMMENT '關聯prikey, 0為主層，其餘為關聯主層的prikey',
  `fkey` int(10) unsigned DEFAULT NULL COMMENT '主要事件關聯',
  `admprikey` int(11) DEFAULT NULL COMMENT '管理員編號',
  `empprikey` int(11) DEFAULT NULL COMMENT '人員編號',
  `stoprikey` int(11) DEFAULT NULL COMMENT '店家編號',
  `memprikey` int(11) DEFAULT NULL COMMENT '會員關聯',
  `act` int(11) DEFAULT NULL COMMENT '主要事件關聯',
  `pk` int(11) DEFAULT NULL COMMENT '次要事件關聯',
  `mk` int(11) DEFAULT NULL COMMENT '次要事件關聯',
  `sk` int(11) DEFAULT NULL COMMENT '次要事件關聯',
  `tk` int(11) DEFAULT NULL COMMENT '次要事件關聯',
  `lk` int(11) DEFAULT NULL COMMENT '次要事件關聯',
  `ip` char(255) DEFAULT NULL,
  `ipv6` char(255) DEFAULT NULL,
  `comment` text,
  `ub1` int(11) DEFAULT NULL,
  `ub2` int(11) DEFAULT NULL,
  `ub3` int(11) DEFAULT NULL,
  PRIMARY KEY (`prikey`)
) ENGINE=InnoDB AUTO_INCREMENT=17 DEFAULT CHARSET=utf8;

--
-- Dumping data for table `nttucloud2017_webdownload`
--

INSERT INTO `nttucloud2017_webdownload` VALUES (1,'0000-00-00 00:00:00','2017-09-29 15:26:12',NULL,NULL,NULL,NULL,0,NULL,NULL,45,59,49,354,0,NULL,'223.141.220.61',NULL,NULL,NULL,NULL,NULL),(2,'0000-00-00 00:00:00','2017-09-29 15:27:44',NULL,NULL,NULL,NULL,0,NULL,NULL,45,59,49,354,0,NULL,'223.141.220.61',NULL,NULL,NULL,NULL,NULL),(3,'0000-00-00 00:00:00','2017-09-29 15:28:32',NULL,NULL,NULL,NULL,0,NULL,NULL,45,59,49,354,0,NULL,'223.141.220.61',NULL,NULL,NULL,NULL,NULL),(4,'0000-00-00 00:00:00','2017-09-29 16:31:27',NULL,NULL,NULL,NULL,0,NULL,NULL,104,115,0,0,0,NULL,'210.240.156.72',NULL,NULL,NULL,NULL,NULL),(5,'0000-00-00 00:00:00','2017-09-29 19:35:32',NULL,NULL,NULL,NULL,0,NULL,NULL,120,335,0,0,0,NULL,'210.240.156.155',NULL,NULL,NULL,NULL,NULL),(6,'0000-00-00 00:00:00','2017-09-30 07:52:52',NULL,NULL,NULL,NULL,0,NULL,NULL,125,155,0,0,0,NULL,'123.125.71.90',NULL,NULL,NULL,NULL,NULL),(7,'0000-00-00 00:00:00','2017-10-01 16:01:10',NULL,NULL,NULL,NULL,0,NULL,NULL,122,391,0,0,0,NULL,'39.12.160.180',NULL,NULL,NULL,NULL,NULL),(8,'0000-00-00 00:00:00','2017-10-01 17:08:35',NULL,NULL,NULL,NULL,0,NULL,NULL,125,299,135,382,0,NULL,'210.240.180.68',NULL,NULL,NULL,NULL,NULL),(9,'0000-00-00 00:00:00','2017-10-02 08:33:42',NULL,NULL,NULL,NULL,0,NULL,NULL,125,299,135,382,0,NULL,'140.117.78.13',NULL,NULL,NULL,NULL,NULL),(10,'0000-00-00 00:00:00','2017-10-02 20:04:53',NULL,NULL,NULL,NULL,0,NULL,NULL,125,299,135,352,0,NULL,'1.172.244.123',NULL,NULL,NULL,NULL,NULL),(11,'0000-00-00 00:00:00','2017-10-03 17:34:03',NULL,NULL,NULL,NULL,0,NULL,NULL,125,301,135,436,0,NULL,'218.164.59.217',NULL,NULL,NULL,NULL,NULL),(12,'0000-00-00 00:00:00','2017-10-03 23:20:47',NULL,NULL,NULL,NULL,0,NULL,NULL,122,287,122,445,0,NULL,'36.237.141.220',NULL,NULL,NULL,NULL,NULL),(13,'0000-00-00 00:00:00','2017-10-11 22:15:04',NULL,NULL,NULL,NULL,0,NULL,NULL,122,522,0,0,0,NULL,'111.242.171.152',NULL,NULL,NULL,NULL,NULL),(14,'0000-00-00 00:00:00','2017-10-13 20:24:40',NULL,NULL,NULL,NULL,0,NULL,NULL,45,59,49,161,0,NULL,'114.35.152.134',NULL,NULL,NULL,NULL,NULL),(15,'0000-00-00 00:00:00','2017-10-13 22:48:59',NULL,NULL,NULL,NULL,0,NULL,NULL,120,335,0,0,0,NULL,'111.242.175.118',NULL,NULL,NULL,NULL,NULL),(16,'0000-00-00 00:00:00','2017-10-24 19:28:56',NULL,NULL,NULL,NULL,4,NULL,NULL,45,59,49,161,0,NULL,'111.242.172.244',NULL,NULL,NULL,NULL,NULL);

--
-- Table structure for table `nttucloud2017_weblog`
--

CREATE TABLE `nttucloud2017_weblog` (
  `prikey` int(10) unsigned NOT NULL AUTO_INCREMENT,
  `datechg` timestamp NOT NULL DEFAULT '0000-00-00 00:00:00' ON UPDATE CURRENT_TIMESTAMP COMMENT '最後修改的日期時間',
  `dateadd` datetime DEFAULT NULL COMMENT '新增的日期時間',
  `datedel` datetime DEFAULT NULL COMMENT '刪除的日期時間',
  `parentprikey` int(10) unsigned DEFAULT NULL COMMENT '關聯id',
  `fkey` int(11) DEFAULT NULL COMMENT '主要事件關聯',
  `empprikey` int(11) DEFAULT NULL COMMENT '會員關聯',
  `act` int(11) DEFAULT NULL,
  `pk` int(11) DEFAULT NULL,
  `mk` int(11) DEFAULT NULL,
  `sk` int(11) DEFAULT NULL,
  `tk` int(11) DEFAULT NULL,
  `ip` char(255) DEFAULT NULL,
  `ipv6` char(255) DEFAULT NULL,
  `comment` text,
  `ub1` int(11) DEFAULT NULL,
  `ub2` int(11) DEFAULT NULL,
  `ub3` int(11) DEFAULT NULL,
  PRIMARY KEY (`prikey`)
) ENGINE=InnoDB DEFAULT CHARSET=utf8;

--
-- Dumping data for table `nttucloud2017_weblog`
--



